flight 141394 linux-4.4 real [real] http://logs.test-lab.xenproject.org/osstest/logs/141394/
Regressions :-( Tests which did not succeed and are blocking, including tests which could not be run: test-amd64-amd64-xl-pvshim 20 guest-start/debian.repeat fail REGR. vs. 139698 Tests which did not succeed, but are not blocking: test-amd64-amd64-xl-qemuu-dmrestrict-amd64-dmrestrict 10 debian-hvm-install fail never pass test-amd64-i386-xl-pvshim 12 guest-start fail never pass test-amd64-i386-xl-qemuu-dmrestrict-amd64-dmrestrict 10 debian-hvm-install fail never pass test-amd64-amd64-xl-pvhv2-amd 12 guest-start fail never pass test-arm64-arm64-xl 7 xen-boot fail never pass test-arm64-arm64-xl-xsm 7 xen-boot fail never pass test-amd64-amd64-libvirt-xsm 13 migrate-support-check fail never pass test-arm64-arm64-libvirt-xsm 7 xen-boot fail never pass test-amd64-amd64-libvirt 13 migrate-support-check fail never pass test-arm64-arm64-xl-credit1 7 xen-boot fail never pass test-arm64-arm64-examine 8 reboot fail never pass test-arm64-arm64-xl-seattle 7 xen-boot fail never pass test-amd64-i386-libvirt 13 migrate-support-check fail never pass test-amd64-amd64-xl-pvhv2-intel 12 guest-start fail never pass test-amd64-i386-libvirt-xsm 13 migrate-support-check fail never pass test-amd64-amd64-libvirt-qemuu-debianhvm-amd64-xsm 11 migrate-support-check fail never pass test-arm64-arm64-xl-thunderx 7 xen-boot fail never pass test-amd64-i386-libvirt-qemuu-debianhvm-amd64-xsm 11 migrate-support-check fail never pass test-amd64-amd64-qemuu-nested-amd 17 debian-hvm-install/l1/l2 fail never pass test-amd64-amd64-libvirt-vhd 12 migrate-support-check fail never pass test-armhf-armhf-xl-arndale 13 migrate-support-check fail never pass test-armhf-armhf-xl-arndale 14 saverestore-support-check fail never pass test-amd64-amd64-xl-qemuu-win7-amd64 17 guest-stop fail never pass test-amd64-i386-xl-qemuu-win7-amd64 17 guest-stop fail never pass test-amd64-amd64-xl-qemut-win7-amd64 17 guest-stop fail never pass test-armhf-armhf-xl-credit2 13 migrate-support-check fail never pass test-armhf-armhf-xl-credit2 14 saverestore-support-check fail never pass test-armhf-armhf-xl 13 migrate-support-check fail never pass test-armhf-armhf-xl 14 saverestore-support-check fail never pass test-armhf-armhf-xl-multivcpu 13 migrate-support-check fail never pass test-armhf-armhf-xl-multivcpu 14 saverestore-support-check fail never pass test-armhf-armhf-libvirt 13 migrate-support-check fail never pass test-armhf-armhf-libvirt 14 saverestore-support-check fail never pass test-amd64-i386-xl-qemut-win7-amd64 17 guest-stop fail never pass test-armhf-armhf-xl-cubietruck 13 migrate-support-check fail never pass test-armhf-armhf-xl-cubietruck 14 saverestore-support-check fail never pass test-armhf-armhf-xl-rtds 13 migrate-support-check fail never pass test-armhf-armhf-xl-rtds 14 saverestore-support-check fail never pass test-arm64-arm64-xl-credit2 7 xen-boot fail never pass test-armhf-armhf-xl-vhd 12 migrate-support-check fail never pass test-armhf-armhf-xl-vhd 13 saverestore-support-check fail never pass test-armhf-armhf-libvirt-raw 12 migrate-support-check fail never pass test-armhf-armhf-libvirt-raw 13 saverestore-support-check fail never pass test-amd64-amd64-xl-qemut-ws16-amd64 17 guest-stop fail never pass test-armhf-armhf-xl-credit1 13 migrate-support-check fail never pass test-armhf-armhf-xl-credit1 14 saverestore-support-check fail never pass test-amd64-amd64-xl-qemuu-ws16-amd64 17 guest-stop fail never pass test-amd64-i386-xl-qemuu-ws16-amd64 17 guest-stop fail never pass test-amd64-i386-xl-qemut-ws16-amd64 17 guest-stop fail never pass test-amd64-amd64-xl-qemut-win10-i386 10 windows-install fail never pass test-amd64-i386-xl-qemuu-win10-i386 10 windows-install fail never pass test-amd64-i386-xl-qemut-win10-i386 10 windows-install fail never pass test-amd64-amd64-xl-qemuu-win10-i386 10 windows-install fail never pass version targeted for testing: linux e19c5132f78a70cc53745558c0e728fecc74030a baseline version: linux dc16a7e5f36d65b25a1b66ade14356773ed52875 Last test of basis 139698 2019-08-04 07:48:30 Z 45 days Failing since 139773 2019-08-06 16:40:26 Z 43 days 51 attempts Testing same since 141361 2019-09-16 08:42:19 Z 2 days 2 attempts ------------------------------------------------------------ People who touched revisions under test: "Eric W. Biederman" <ebied...@xmission.com> Aaron Armstrong Skomra <aaron.sko...@wacom.com> Aaron Armstrong Skomra <sko...@gmail.com> Adrian Hunter <adrian.hun...@intel.com> Adrian Vladu <avl...@cloudbasesolutions.com> Al Viro <v...@zeniv.linux.org.uk> Alan Stern <st...@rowland.harvard.edu> Alessio Balsini <bals...@android.com> Alexander Kochetkov <al.koc...@gmail.com> Alexander Shishkin <alexander.shish...@linux.intel.com> Andrea Parri <andrea.pa...@amarulasolutions.com> Andrew Jones <drjo...@redhat.com> Andrew Morton <a...@linux-foundation.org> Andrew Prout <apr...@ll.mit.edu> Andy Lutomirski <l...@kernel.org> Angus Ainslie (Purism) <an...@akkea.ca> Arnaldo Carvalho de Melo <a...@redhat.com> Arnd Bergmann <a...@arndb.de> Bandan Das <b...@redhat.com> Barret Rhoden <b...@google.com> Ben Hutchings <ben.hutchi...@codethink.co.uk> Ben Hutchings <b...@decadent.org.uk> Benjamin Block <bbl...@linux.ibm.com> Benjamin Herrenschmidt <b...@kernel.crashing.org> Benjamin Poirier <bpoir...@suse.com> Bjoern Gerhart <gerh...@posteo.de> Björn Gerhart <gerh...@posteo.de> Bob Ham <bob....@puri.sm> Bob Peterson <rpete...@redhat.com> Borislav Petkov <b...@alien8.de> Borislav Petkov <b...@suse.de> Brian Norris <briannor...@chromium.org> Catalin Marinas <catalin.mari...@arm.com> Charles Keepax <ckee...@opensource.cirrus.com> Chen Yu <yu.c.c...@intel.com> Chen-Yu Tsai <w...@csie.org> Christoph Paasch <cpaa...@apple.com> Christophe JAILLET <christophe.jail...@wanadoo.fr> Cong Wang <xiyou.wangc...@gmail.com> Daniel Borkmann <dan...@iogearbox.net> Daniel Bristot de Oliveira <bris...@redhat.com> Daniel Drake <dr...@endlessm.com> Dave Jones <da...@codemonkey.org.uk> David S. Miller <da...@davemloft.net> David Sterba <dste...@suse.com> Denis Kirjanov <k...@linux-powerpc.org> Ding Xiang <dingxi...@cmss.chinamobile.com> Dirk Morris <dmor...@metaloft.com> Dmitry Torokhov <dmitry.torok...@gmail.com> Don Brace <don.br...@microsemi.com> Doug Berger <open...@gmail.com> Doug Ledford <dledf...@redhat.com> Douglas Anderson <diand...@chromium.org> Eric Dumazet <eduma...@google.com> Eugen Hristev <eugen.hris...@microchip.com> Felipe Balbi <ba...@ti.com> Felipe Balbi <felipe.ba...@linux.intel.com> Felipe F. Tonello <e...@felipetonello.com> Feng Sun <loyo...@gmail.com> Florian Westphal <f...@strlen.de> Fuqian Huang <huangfq.dax...@gmail.com> Geert Uytterhoeven <geert+rene...@glider.be> Greg Kroah-Hartman <gre...@linuxfoundation.org> Guenter Roeck <li...@roeck-us.net> Guillaume Nault <g.na...@alphalink.fr> Gustavo A. R. Silva <gust...@embeddedor.com> Haibin Zhang <haibinzh...@tencent.com> haibinzhang(张海斌) <haibinzh...@tencent.com> Hannes Reinecke <h...@suse.de> Hans Ulli Kroll <ulli.kr...@googlemail.com> Heiko Carstens <heiko.carst...@de.ibm.com> Heiko Stuebner <he...@sntech.de> Henk van der Laan <opensou...@henkvdlaan.com> Herbert Xu <herb...@gondor.apana.org.au> Hillf Danton <hdan...@sina.com> Hiroyuki Yamamoto <hyam...@allied-telesis.co.jp> Hodaszi, Robert <robert.hoda...@digi.com> Hui Peng <benqu...@gmail.com> Huy Nguyen <h...@mellanox.com> Ian Abbott <abbo...@mev.co.uk> Ilya Dryomov <idryo...@gmail.com> Ilya Trukhanov <lahv...@gmail.com> Ingo Molnar <mi...@kernel.org> Jakub Kicinski <jakub.kicin...@netronome.com> Jan Harkes <jahar...@cs.cmu.edu> Jason A. Donenfeld <ja...@zx2c4.com> Jason Baron <jba...@akamai.com> Jason Gunthorpe <j...@mellanox.com> Jason Wang <jasow...@redhat.com> Jay Vosburgh <jay.vosbu...@canonical.com> Jeffrin Jose T <jeff...@rajagiritech.edu.in> Jens Axboe <ax...@kernel.dk> Jessica Yu <j...@kernel.org> Jia-Ju Bai <baijiaju1...@gmail.com> Jiangfeng Xiao <xiaojiangf...@huawei.com> Jiri Kosina <jkos...@suse.cz> Jiri Olsa <jo...@kernel.org> Jiri Pirko <j...@mellanox.com> Joerg Roedel <jroe...@suse.de> Johan Hovold <jo...@kernel.org> Johannes Berg <johannes.b...@intel.com> John Hubbard <jhubb...@nvidia.com> Jonathan Lemon <jonathan.le...@gmail.com> Joseph Qi <joseph...@linux.alibaba.com> Josh Poimboeuf <jpoim...@redhat.com> Juergen Gross <jgr...@suse.com> Julian Wiedmann <j...@linux.ibm.com> Juliana Rodrigueiro <juliana.rodrigue...@intra2net.com> Junxiao Bi <junxiao...@oracle.com> Kai-Heng Feng <kai.heng.f...@canonical.com> Kalle Valo <kv...@codeaurora.org> Kazuya Mizuguchi <kazuya.mizuguchi...@renesas.com> Kees Cook <keesc...@chromium.org> Kefeng Wang <wangkefeng.w...@huawei.com> Konrad Rzeszutek Wilk <konrad.w...@oracle.com> Leon Romanovsky <leo...@mellanox.com> Leonard Crestez <leonard.cres...@nxp.com> Lidong Chen <lidongc...@tencent.com> Linus Torvalds <torva...@linux-foundation.org> Linus Walleij <linus.wall...@linaro.org> Lucas Stach <l.st...@pengutronix.de> Luck, Tony <tony.l...@intel.com> Ludovic Desroches <ludovic.desroc...@microchip.com> Luis Henriques <lhenriq...@suse.com> Lukas Wunner <lu...@wunner.de> Manish Chopra <mani...@marvell.com> Manuel Presnitz <m...@mpy.de> Marc Kleine-Budde <m...@pengutronix.de> Marc Zyngier <m...@kernel.org> Marcel Holtmann <mar...@holtmann.org> Marcelo Ricardo Leitner <marcelo.leit...@gmail.com> Mark Brown <broo...@kernel.org> Mark Rutland <mark.rutl...@arm.com> Mark Zhang <ma...@mellanox.com> Martin K. Petersen <martin.peter...@oracle.com> Martin Sperl <ker...@martin.sperl.org> Masahiro Yamada <yamada.masah...@socionext.com> Matthias Kaehlcke <m...@chromium.org> Matthieu Baerts <matthieu.bae...@tessares.net> Michael S. Tsirkin <m...@redhat.com> Michal Hocko <mho...@suse.com> Michal Kubecek <mkube...@suse.cz> Michal Nazarewicz <min...@mina86.com> Miguel Ojeda <miguel.ojeda.sando...@gmail.com> Mike Snitzer <snit...@redhat.com> Mikko Rapeli <mikko.rap...@iki.fi> Mikulas Patocka <mpato...@redhat.com> Miles Chen <miles.c...@mediatek.com> Miquel Raynal <miquel.ray...@bootlin.com> Nadav Amit <na...@vmware.com> Naresh Kamboju <naresh.kamboju () linaro ! org> Naresh Kamboju <naresh.kamb...@linaro.org> Nathan Chancellor <natechancel...@gmail.com> Navid Emamdoost <navid.emamdo...@gmail.com> Neal Cardwell <ncardw...@google.com> Neil MacLeod <n...@nmacleod.com> Nicolas Boichat <drink...@chromium.org> Nikolay Aleksandrov <niko...@cumulusnetworks.com> Numfor Mbiziwo-Tiapo <n...@google.com> Oleg Nesterov <o...@redhat.com> Oliver Neukum <oneu...@suse.com> Olof Johansson <o...@lixom.net> Ondrej Mosnacek <omosn...@redhat.com> Pablo Neira Ayuso <pa...@netfilter.org> Paolo Abeni <pab...@redhat.com> Paolo Bonzini <pbonz...@redhat.com> Paul Burton <paul.bur...@mips.com> Paul Moore <p...@paul-moore.com> Pavel Machek <pa...@ucw.cz> Pavel Shilovsky <pshi...@microsoft.com> Peter Ujfalusi <peter.ujfal...@ti.com> Peter Zijlstra (Intel) <pet...@infradead.org> Peter Zijlstra <pet...@infradead.org> Petr Cvek <petrcve...@gmail.com> Phil Turnbull <phil.turnb...@oracle.com> Philip Langdale <phil...@overt.org> Prarit Bhargava <pra...@redhat.com> Qian Cai <c...@lca.pw> Radim Krčmář <rkrc...@redhat.com> Rafael J. Wysocki <rafael.j.wyso...@intel.com> Rasmus Villemoes <rasmus.villem...@prevas.dk> Ricardo Neri <ricardo.neri-calde...@linux.intel.com> Rob Herring <r...@kernel.org> Robert Hodaszi <robert.hoda...@digi.com> Rogan Dawes <ro...@dawes.za.net> Ross Lagerwall <ross.lagerw...@citrix.com> ruippan <ruip...@tencent.com> Russell King <rmk+ker...@armlinux.org.uk> Saeed Mahameed <sae...@mellanox.com> Sam Protsenko <semen.protse...@linaro.org> Sasha Levin <sas...@kernel.org> Sean Christopherson <sean.j.christopher...@intel.com> Sebastian Mayr <m...@sam.st> Sebastian Parschauer <s.parscha...@gmx.de> Sekhar Nori <nsek...@ti.com> Simon Horman <horms+rene...@verge.net.au> Soheil Hassas Yeganeh <soh...@google.com> Stefan Haberland <s...@linux.ibm.com> Stefan Wahren <stefan.wah...@i2se.com> Stefan Wahren <wahre...@gmx.net> Steffen Klassert <steffen.klass...@secunet.com> Stephane Grosjean <s.grosj...@peak-system.com> Stephen Boyd <sb...@kernel.org> Steve French <stfre...@microsoft.com> Sudarsana Reddy Kalluru <skall...@marvell.com> Suganath Prabu <suganath-prabu.subram...@broadcom.com> Sumit Saxena <sumit.sax...@broadcom.com> Suzuki K Poulose <suzuki.poul...@arm.com> Takashi Iwai <ti...@suse.de> Taras Kondratiuk <takon...@cisco.com> Tejun Heo <t...@kernel.org> Tho Vu <tho.vu...@rvc.renesas.com> Thomas Bogendoerfer <tbogendoer...@suse.de> Thomas Falcon <tlfal...@linux.ibm.com> Thomas Gleixner <t...@linutronix.de> Thomas Tai <thomas....@oracle.com> Tim Froidcoeur <tim.froidco...@tessares.net> Tiwei Bie <tiwei....@intel.com> Tom Lendacky <thomas.lenda...@amd.com> Tomas Bortoli <tomasbort...@gmail.com> Tony Lindgren <t...@atomide.com> Tony Luck <tony.l...@intel.com> Trond Myklebust <trond.mykleb...@hammerspace.com> Tuba Yavuz <t...@ece.ufl.edu> Tyrel Datwyler <tyr...@linux.vnet.ibm.com> Ulf Hansson <ulf.hans...@linaro.org> Vince Weaver <vincent.wea...@maine.edu> Vinod Koul <vk...@kernel.org> Viresh Kumar <viresh.ku...@linaro.org> Vitaly Kuznetsov <vkuzn...@redhat.com> Wang Xiayang <xywang.s...@sjtu.edu.cn> Wanpeng Li <wanpeng...@hotmail.com> Wen Yang <wen.yan...@zte.com.cn> Wenwen Wang <wen...@cs.uga.edu> Will Deacon <will.dea...@arm.com> Will Deacon <w...@kernel.org> Willem de Bruijn <will...@google.com> Wim Van Sebroeck <w...@linux-watchdog.org> xiao jin <jin.x...@intel.com> Xiaojun Zhao <xiaojunzhao...@gmail.com> Xin Long <lucien....@gmail.com> Yavuz, Tuba <t...@ece.ufl.edu> Ying Xue <ying....@windriver.com> yongduan <yongd...@tencent.com> Yoshiaki Okamoto <yokam...@allied-telesis.co.jp> Yoshihiro Shimoda <yoshihiro.shimoda...@renesas.com> Yuchung Cheng <ych...@google.com> YueHaibing <yuehaib...@huawei.com> Yunfang Tai <yunfang...@tencent.com> Zefan Li <lize...@huawei.com> ZhangXiaoxu <zhangxiao...@huawei.com> Zhenzhong Duan <zhenzhong.d...@oracle.com> Zhouyang Jia <jiazhouyan...@gmail.com> Zubin Mithra <z...@chromium.org> jobs: build-amd64-xsm pass build-arm64-xsm pass build-i386-xsm pass build-amd64 pass build-arm64 pass build-armhf pass build-i386 pass build-amd64-libvirt pass build-arm64-libvirt pass build-armhf-libvirt pass build-i386-libvirt pass build-amd64-pvops pass build-arm64-pvops pass build-armhf-pvops pass build-i386-pvops pass test-amd64-amd64-xl pass test-arm64-arm64-xl fail test-armhf-armhf-xl pass test-amd64-i386-xl pass test-amd64-amd64-libvirt-qemuu-debianhvm-amd64-xsm pass test-amd64-i386-libvirt-qemuu-debianhvm-amd64-xsm pass test-amd64-amd64-xl-qemut-stubdom-debianhvm-amd64-xsm pass test-amd64-i386-xl-qemut-stubdom-debianhvm-amd64-xsm pass test-amd64-amd64-xl-qemut-debianhvm-i386-xsm pass test-amd64-i386-xl-qemut-debianhvm-i386-xsm pass test-amd64-amd64-xl-qemuu-debianhvm-i386-xsm pass test-amd64-i386-xl-qemuu-debianhvm-i386-xsm pass test-amd64-amd64-libvirt-xsm pass test-arm64-arm64-libvirt-xsm fail test-amd64-i386-libvirt-xsm pass test-amd64-amd64-xl-xsm pass test-arm64-arm64-xl-xsm fail test-amd64-i386-xl-xsm pass test-amd64-amd64-qemuu-nested-amd fail test-amd64-amd64-xl-pvhv2-amd fail test-amd64-i386-qemut-rhel6hvm-amd pass test-amd64-i386-qemuu-rhel6hvm-amd pass test-amd64-amd64-xl-qemut-debianhvm-amd64 pass test-amd64-i386-xl-qemut-debianhvm-amd64 pass test-amd64-amd64-xl-qemuu-debianhvm-amd64 pass test-amd64-i386-xl-qemuu-debianhvm-amd64 pass test-amd64-i386-freebsd10-amd64 pass test-amd64-amd64-xl-qemuu-ovmf-amd64 pass test-amd64-i386-xl-qemuu-ovmf-amd64 pass test-amd64-amd64-xl-qemut-win7-amd64 fail test-amd64-i386-xl-qemut-win7-amd64 fail test-amd64-amd64-xl-qemuu-win7-amd64 fail test-amd64-i386-xl-qemuu-win7-amd64 fail test-amd64-amd64-xl-qemut-ws16-amd64 fail test-amd64-i386-xl-qemut-ws16-amd64 fail test-amd64-amd64-xl-qemuu-ws16-amd64 fail test-amd64-i386-xl-qemuu-ws16-amd64 fail test-armhf-armhf-xl-arndale pass test-amd64-amd64-xl-credit1 pass test-arm64-arm64-xl-credit1 fail test-armhf-armhf-xl-credit1 pass test-amd64-amd64-xl-credit2 pass test-arm64-arm64-xl-credit2 fail test-armhf-armhf-xl-credit2 pass test-armhf-armhf-xl-cubietruck pass test-amd64-amd64-xl-qemuu-dmrestrict-amd64-dmrestrict fail test-amd64-i386-xl-qemuu-dmrestrict-amd64-dmrestrict fail test-amd64-amd64-examine pass test-arm64-arm64-examine fail test-armhf-armhf-examine pass test-amd64-i386-examine pass test-amd64-i386-freebsd10-i386 pass test-amd64-amd64-xl-qemut-win10-i386 fail test-amd64-i386-xl-qemut-win10-i386 fail test-amd64-amd64-xl-qemuu-win10-i386 fail test-amd64-i386-xl-qemuu-win10-i386 fail test-amd64-amd64-qemuu-nested-intel pass test-amd64-amd64-xl-pvhv2-intel fail test-amd64-i386-qemut-rhel6hvm-intel pass test-amd64-i386-qemuu-rhel6hvm-intel pass test-amd64-amd64-libvirt pass test-armhf-armhf-libvirt pass test-amd64-i386-libvirt pass test-amd64-amd64-xl-multivcpu pass test-armhf-armhf-xl-multivcpu pass test-amd64-amd64-pair pass test-amd64-i386-pair pass test-amd64-amd64-libvirt-pair pass test-amd64-i386-libvirt-pair pass test-amd64-amd64-amd64-pvgrub pass test-amd64-amd64-i386-pvgrub pass test-amd64-amd64-xl-pvshim fail test-amd64-i386-xl-pvshim fail test-amd64-amd64-pygrub pass test-amd64-amd64-xl-qcow2 pass test-armhf-armhf-libvirt-raw pass test-amd64-i386-xl-raw pass test-amd64-amd64-xl-rtds pass test-armhf-armhf-xl-rtds pass test-arm64-arm64-xl-seattle fail test-amd64-amd64-xl-qemuu-debianhvm-amd64-shadow pass test-amd64-i386-xl-qemuu-debianhvm-amd64-shadow pass test-amd64-amd64-xl-shadow pass test-amd64-i386-xl-shadow pass test-arm64-arm64-xl-thunderx fail test-amd64-amd64-libvirt-vhd pass test-armhf-armhf-xl-vhd pass ------------------------------------------------------------ sg-report-flight on osstest.test-lab.xenproject.org logs: /home/logs/logs images: /home/logs/images Logs, config files, etc. are available at http://logs.test-lab.xenproject.org/osstest/logs Explanation of these reports, and of osstest in general, is at http://xenbits.xen.org/gitweb/?p=osstest.git;a=blob;f=README.email;hb=master http://xenbits.xen.org/gitweb/?p=osstest.git;a=blob;f=README;hb=master Test harness code can be found at http://xenbits.xen.org/gitweb?p=osstest.git;a=summary Not pushing. (No revision log; it would be 7730 lines long.) _______________________________________________ Xen-devel mailing list Xen-devel@lists.xenproject.org https://lists.xenproject.org/mailman/listinfo/xen-devel