flight 141405 xen-unstable-smoke real [real]
http://logs.test-lab.xenproject.org/osstest/logs/141405/

Regressions :-(

Tests which did not succeed and are blocking,
including tests which could not be run:
 test-armhf-armhf-xl           7 xen-boot                 fail REGR. vs. 141253

Tests which did not succeed, but are not blocking:
 test-amd64-amd64-libvirt     13 migrate-support-check        fail   never pass
 test-arm64-arm64-xl-xsm      13 migrate-support-check        fail   never pass
 test-arm64-arm64-xl-xsm      14 saverestore-support-check    fail   never pass

version targeted for testing:
 xen                  20fdbb1b076d2ca79771dd7ec98ddd593bdece1d
baseline version:
 xen                  1014f47c7a808e025b8920ab80bfe73a2888b3e5

Last test of basis   141253  2019-09-12 17:00:43 Z    5 days
Failing since        141255  2019-09-12 21:01:22 Z    5 days   34 attempts
Testing same since   141405  2019-09-17 20:01:20 Z    0 days    1 attempts

------------------------------------------------------------
People who touched revisions under test:
  Andrew Cooper <andrew.coop...@citrix.com>
  Chao Gao <chao....@intel.com>
  Christian Lindig <christian.lin...@citrix.com>
  Daniel De Graaf <dgde...@tycho.nsa.gov>
  Ian Jackson <ian.jack...@eu.citrix.com>
  Jan Beulich <jbeul...@suse.com>
  Juergen Gross <jgr...@suse.com>
  Julien Grall <julien.gr...@arm.com>
  Paul Durrant <paul.durr...@citrix.com>
  Pawel Wieczorkiewicz <wipa...@amazon.de>
  Roger Pau Monné <roger....@citrix.com>
  Stefano Stabellini <sstabell...@kernel.org>
  Wei Liu <w...@xen.org>

jobs:
 build-arm64-xsm                                              pass    
 build-amd64                                                  pass    
 build-armhf                                                  pass    
 build-amd64-libvirt                                          pass    
 test-armhf-armhf-xl                                          fail    
 test-arm64-arm64-xl-xsm                                      pass    
 test-amd64-amd64-xl-qemuu-debianhvm-amd64                    pass    
 test-amd64-amd64-libvirt                                     pass    


------------------------------------------------------------
sg-report-flight on osstest.test-lab.xenproject.org
logs: /home/logs/logs
images: /home/logs/images

Logs, config files, etc. are available at
    http://logs.test-lab.xenproject.org/osstest/logs

Explanation of these reports, and of osstest in general, is at
    http://xenbits.xen.org/gitweb/?p=osstest.git;a=blob;f=README.email;hb=master
    http://xenbits.xen.org/gitweb/?p=osstest.git;a=blob;f=README;hb=master

Test harness code can be found at
    http://xenbits.xen.org/gitweb?p=osstest.git;a=summary


Not pushing.

(No revision log; it would be 653 lines long.)

_______________________________________________
Xen-devel mailing list
Xen-devel@lists.xenproject.org
https://lists.xenproject.org/mailman/listinfo/xen-devel

Reply via email to