flight 141339 linux-4.14 real [real] http://logs.test-lab.xenproject.org/osstest/logs/141339/
Regressions :-( Tests which did not succeed and are blocking, including tests which could not be run: test-amd64-amd64-xl-qemut-debianhvm-amd64 <job status> broken test-amd64-i386-xl-qemut-stubdom-debianhvm-amd64-xsm <job status> broken test-amd64-i386-qemuu-rhel6hvm-intel <job status> broken test-amd64-i386-freebsd10-amd64 <job status> broken test-amd64-i386-xl-qemut-win7-amd64 <job status> broken test-arm64-arm64-xl-seattle <job status> broken test-amd64-amd64-i386-pvgrub <job status> broken test-amd64-amd64-xl-pvshim 20 guest-start/debian.repeat fail REGR. vs. 139910 Tests which are failing intermittently (not blocking): test-amd64-amd64-xl-qemut-debianhvm-amd64 4 host-install(4) broken pass in 141302 test-arm64-arm64-xl-seattle 4 host-install(4) broken pass in 141302 test-amd64-i386-xl-qemut-win7-amd64 4 host-install(4) broken pass in 141302 test-amd64-i386-freebsd10-amd64 4 host-install(4) broken pass in 141302 test-amd64-i386-xl-qemut-stubdom-debianhvm-amd64-xsm 4 host-install(4) broken pass in 141302 test-amd64-amd64-i386-pvgrub 4 host-install(4) broken pass in 141302 test-amd64-i386-qemuu-rhel6hvm-intel 4 host-install(4) broken pass in 141302 test-amd64-amd64-xl-pvshim 17 guest-saverestore.2 fail in 141302 pass in 141339 test-armhf-armhf-libvirt 19 leak-check/check fail in 141302 pass in 141339 Tests which did not succeed, but are not blocking: test-arm64-arm64-xl-seattle 13 migrate-support-check fail in 141302 never pass test-arm64-arm64-xl-seattle 14 saverestore-support-check fail in 141302 never pass test-amd64-i386-xl-qemut-win7-amd64 17 guest-stop fail in 141302 never pass test-arm64-arm64-examine 11 examine-serial/bootloader fail like 139871 test-amd64-i386-xl-pvshim 12 guest-start fail never pass test-amd64-amd64-libvirt 13 migrate-support-check fail never pass test-amd64-i386-libvirt-xsm 13 migrate-support-check fail never pass test-amd64-i386-libvirt 13 migrate-support-check fail never pass test-amd64-amd64-libvirt-xsm 13 migrate-support-check fail never pass test-amd64-i386-libvirt-qemuu-debianhvm-amd64-xsm 11 migrate-support-check fail never pass test-amd64-amd64-libvirt-qemuu-debianhvm-amd64-xsm 11 migrate-support-check fail never pass test-amd64-amd64-qemuu-nested-amd 17 debian-hvm-install/l1/l2 fail never pass test-arm64-arm64-xl-credit2 13 migrate-support-check fail never pass test-arm64-arm64-xl-credit2 14 saverestore-support-check fail never pass test-arm64-arm64-xl-credit1 13 migrate-support-check fail never pass test-arm64-arm64-xl-credit1 14 saverestore-support-check fail never pass test-arm64-arm64-xl 13 migrate-support-check fail never pass test-arm64-arm64-xl 14 saverestore-support-check fail never pass test-arm64-arm64-libvirt-xsm 13 migrate-support-check fail never pass test-arm64-arm64-libvirt-xsm 14 saverestore-support-check fail never pass test-arm64-arm64-xl-thunderx 13 migrate-support-check fail never pass test-arm64-arm64-xl-thunderx 14 saverestore-support-check fail never pass test-amd64-amd64-libvirt-vhd 12 migrate-support-check fail never pass test-armhf-armhf-xl-arndale 13 migrate-support-check fail never pass test-armhf-armhf-xl-arndale 14 saverestore-support-check fail never pass test-amd64-amd64-xl-qemuu-ws16-amd64 17 guest-stop fail never pass test-armhf-armhf-xl-rtds 13 migrate-support-check fail never pass test-armhf-armhf-xl-rtds 14 saverestore-support-check fail never pass test-amd64-i386-xl-qemuu-win7-amd64 17 guest-stop fail never pass test-amd64-amd64-xl-qemuu-win7-amd64 17 guest-stop fail never pass test-armhf-armhf-xl 13 migrate-support-check fail never pass test-armhf-armhf-xl 14 saverestore-support-check fail never pass test-armhf-armhf-xl-credit1 13 migrate-support-check fail never pass test-armhf-armhf-xl-credit1 14 saverestore-support-check fail never pass test-armhf-armhf-xl-cubietruck 13 migrate-support-check fail never pass test-armhf-armhf-xl-cubietruck 14 saverestore-support-check fail never pass test-armhf-armhf-libvirt 13 migrate-support-check fail never pass test-armhf-armhf-libvirt 14 saverestore-support-check fail never pass test-amd64-i386-xl-qemut-ws16-amd64 17 guest-stop fail never pass test-arm64-arm64-xl-xsm 13 migrate-support-check fail never pass test-arm64-arm64-xl-xsm 14 saverestore-support-check fail never pass test-amd64-amd64-xl-qemut-ws16-amd64 17 guest-stop fail never pass test-armhf-armhf-libvirt-raw 12 migrate-support-check fail never pass test-armhf-armhf-libvirt-raw 13 saverestore-support-check fail never pass test-armhf-armhf-xl-vhd 12 migrate-support-check fail never pass test-armhf-armhf-xl-vhd 13 saverestore-support-check fail never pass test-armhf-armhf-xl-multivcpu 13 migrate-support-check fail never pass test-armhf-armhf-xl-multivcpu 14 saverestore-support-check fail never pass test-amd64-amd64-xl-qemut-win7-amd64 17 guest-stop fail never pass test-armhf-armhf-xl-credit2 13 migrate-support-check fail never pass test-armhf-armhf-xl-credit2 14 saverestore-support-check fail never pass test-amd64-i386-xl-qemuu-ws16-amd64 17 guest-stop fail never pass test-amd64-amd64-xl-qemuu-win10-i386 10 windows-install fail never pass test-amd64-amd64-xl-qemut-win10-i386 10 windows-install fail never pass test-amd64-i386-xl-qemuu-win10-i386 10 windows-install fail never pass test-amd64-i386-xl-qemut-win10-i386 10 windows-install fail never pass version targeted for testing: linux e2cd24b629389b52a31d96d226ed150dacab9cdd baseline version: linux 3ffe1e79c174b2093f7ee3df589a7705572c9620 Last test of basis 139910 2019-08-10 16:24:17 Z 36 days Failing since 140193 2019-08-16 08:38:51 Z 31 days 37 attempts Testing same since 141186 2019-09-10 16:47:08 Z 5 days 7 attempts ------------------------------------------------------------ People who touched revisions under test: Aaron Armstrong Skomra <aaron.sko...@wacom.com> Aaron Armstrong Skomra <sko...@gmail.com> Adrian Hunter <adrian.hun...@intel.com> Adrian Vladu <avl...@cloudbasesolutions.com> Alan Stern <st...@rowland.harvard.edu> Alastair D'Silva <alast...@d-silva.org> Alexander Shishkin <alexander.shish...@linux.intel.com> Alexandre Courbot <acour...@chromium.org> Alexei Starovoitov <a...@kernel.org> Alexey Kardashevskiy <a...@ozlabs.ru> Andrea Righi <andrea.ri...@canonical.com> Andrew Cooks <andrew.co...@opengear.com> Andrew Jones <drjo...@redhat.com> Andrew Morton <a...@linux-foundation.org> Andrzej Hajda <a.ha...@samsung.com> Angus Ainslie (Purism) <an...@akkea.ca> Arnaldo Carvalho de Melo <a...@redhat.com> Arnd Bergmann <a...@arndb.de> Bandan Das <b...@redhat.com> Bartosz Golaszewski <bgolaszew...@baylibre.com> Ben Hutchings <ben.hutchi...@codethink.co.uk> Ben Hutchings <b...@decadent.org.uk> Ben Skeggs <bske...@redhat.com> Benjamin Herrenschmidt <b...@kernel.crashing.org> Benjamin Tissoires <benjamin.tissoi...@redhat.com> Bjoern Gerhart <gerh...@posteo.de> Björn Gerhart <gerh...@posteo.de> Bob Ham <bob....@puri.sm> Borislav Petkov <b...@suse.de> Brian Norris <briannor...@chromium.org> Catalin Marinas <catalin.mari...@arm.com> Charles Keepax <ckee...@opensource.cirrus.com> Chen-Yu Tsai <w...@csie.org> Chris Wilson <ch...@chris-wilson.co.uk> Christophe JAILLET <christophe.jail...@wanadoo.fr> CK Hu <ck...@mediatek.com> Codrin Ciubotariu <codrin.ciubota...@microchip.com> Colin Ian King <colin.k...@canonical.com> Cong Wang <xiyou.wangc...@gmail.com> Cornelia Huck <coh...@redhat.com> Dan Carpenter <dan.carpen...@oracle.com> Daniel Borkmann <dan...@iogearbox.net> Daniel Drake <dr...@endlessm.com> Darrick J. Wong <darrick.w...@oracle.com> Dave Airlie <airl...@redhat.com> David S. Miller <da...@davemloft.net> Deepak Rawat <dra...@vmware.com> Denis Kirjanov <k...@linux-powerpc.org> Dexuan Cui <de...@microsoft.com> Ding Xiang <dingxi...@cmss.chinamobile.com> Dirk Morris <dmor...@metaloft.com> Dmitry Fomichev <dmitry.fomic...@wdc.com> Dmitry Torokhov <dmitry.torok...@gmail.com> Don Brace <don.br...@microsemi.com> Doug Ledford <dledf...@redhat.com> Emmanuel Grumbach <emmanuel.grumb...@intel.com> Eric Dumazet <eduma...@google.com> Eugen Hristev <eugen.hris...@microchip.com> Farhan Ali <al...@linux.ibm.com> Felipe Balbi <felipe.ba...@linux.intel.com> Feng Sun <loyo...@gmail.com> Florian Westphal <f...@strlen.de> Fuqian Huang <huangfq.dax...@gmail.com> Gary R Hook <gary.h...@amd.com> Gavin Li <g...@thegavinli.com> Geert Uytterhoeven <geert+rene...@glider.be> Greg Kroah-Hartman <gre...@linuxfoundation.org> Guenter Roeck <li...@roeck-us.net> Gustavo A. R. Silva <gust...@embeddedor.com> Hannes Reinecke <h...@suse.com> Hannes Reinecke <h...@suse.de> Hans Ulli Kroll <ulli.kr...@googlemail.com> He Zhe <zhe...@windriver.com> Heiko Carstens <heiko.carst...@de.ibm.com> Henk van der Laan <opensou...@henkvdlaan.com> Henry Burns <henrybu...@google.com> Herbert Xu <herb...@gondor.apana.org.au> Heyi Guo <guoh...@huawei.com> Hillf Danton <hdan...@sina.com> Himanshu Madhani <hmadh...@marvell.com> Hiroyuki Yamamoto <hyam...@allied-telesis.co.jp> Hodaszi, Robert <robert.hoda...@digi.com> Hui Peng <benqu...@gmail.com> Hui Wang <hui.w...@canonical.com> Huy Nguyen <h...@mellanox.com> Ian Abbott <abbo...@mev.co.uk> Ilya Dryomov <idryo...@gmail.com> Ilya Trukhanov <lahv...@gmail.com> Ingo Molnar <mi...@kernel.org> Isaac J. Manjarres <isa...@codeaurora.org> Jack Morgenstein <ja...@dev.mellanox.co.il> Jacopo Mondi <jacopo+rene...@jmondi.org> Jakub Kicinski <jakub.kicin...@netronome.com> Jani Nikula <jani.nik...@intel.com> Jason Baron <jba...@akamai.com> Jason Gerecke <jason.gere...@wacom.com> Jay Vosburgh <jay.vosbu...@canonical.com> Jean Delvare <jdelv...@suse.de> Jeff Layton <jlay...@kernel.org> Jeffrey Hugo <jeffrey.l.h...@gmail.com> Jeffrin Jose T <jeff...@rajagiritech.edu.in> Jens Axboe <ax...@kernel.dk> Jerry Lee <leisurelys...@gmail.com> Jia-Ju Bai <baijiaju1...@gmail.com> Jiangfeng Xiao <xiaojiangf...@huawei.com> Jin Yao <yao....@linux.intel.com> Jiri Kosina <jkos...@suse.cz> Jiri Olsa <jo...@kernel.org> Joe Perches <j...@perches.com> Joerg Roedel <jroe...@suse.de> Johan Hovold <jo...@kernel.org> Johannes Berg <johannes.b...@intel.com> John Hubbard <jhubb...@nvidia.com> John S. Gruber <johnsgru...@gmail.com> Jonathan Cameron <jonathan.came...@huawei.com> Joseph Qi <joseph...@linux.alibaba.com> Jozsef Kadlecsik <kad...@netfilter.org> Juergen Gross <jgr...@suse.com> Julian Wiedmann <j...@linux.ibm.com> Juliana Rodrigueiro <juliana.rodrigue...@intra2net.com> Junxiao Bi <junxiao...@oracle.com> Jyri Sarha <jsa...@ti.com> Kai-Heng Feng <kai.heng.f...@canonical.com> Kalle Valo <kv...@codeaurora.org> Kazuya Mizuguchi <kazuya.mizuguchi...@renesas.com> Kees Cook <keesc...@chromium.org> Kefeng Wang <wangkefeng.w...@huawei.com> Kevin Hao <haoke...@gmail.com> Konrad Rzeszutek Wilk <konrad.w...@oracle.com> Laura Garcia Liebana <nev...@gmail.com> Leon Romanovsky <leo...@mellanox.com> Leonard Crestez <leonard.cres...@nxp.com> Linh Phung <linh.phung...@renesas.com> Linus Torvalds <torva...@linux-foundation.org> Linus Walleij <linus.wall...@linaro.org> Lorenzo Pieralisi <lorenzo.pieral...@arm.com> Luca Coelho <luciano.coe...@intel.com> Lucas Stach <l.st...@pengutronix.de> Luck, Tony <tony.l...@intel.com> Ludovic Desroches <ludovic.desroc...@microchip.com> Luis Henriques <lhenriq...@suse.com> Lyude Paul <ly...@redhat.com> Manish Chopra <mani...@marvell.com> Manuel Presnitz <m...@mpy.de> Marc Kleine-Budde <m...@pengutronix.de> Marc Zyngier <m...@kernel.org> Marcel Holtmann <mar...@holtmann.org> Marcelo Ricardo Leitner <marcelo.leit...@gmail.com> Mark Brown <broo...@kernel.org> Mark Rutland <mark.rutl...@arm.com> Martin K. Petersen <martin.peter...@oracle.com> Martin Sperl <ker...@martin.sperl.org> Masahiro Yamada <yamada.masah...@socionext.com> Masami Hiramatsu <mhira...@kernel.org> Matthias Kaehlcke <m...@chromium.org> Matthieu Baerts <matthieu.bae...@tessares.net> Mauro Carvalho Chehab <mchehab+sams...@kernel.org> Max Filippov <jcmvb...@gmail.com> Maxim Mikityanskiy <maxi...@mellanox.com> Miaohe Lin <linmia...@huawei.com> Michael Ellerman <m...@ellerman.id.au> Michael Kelley <mikel...@microsoft.com> Michael Roth <mdr...@linux.vnet.ibm.com> Michal Hocko <mho...@suse.com> Michal Kalderon <michal.kalde...@marvell.com> Michal Simek <michal.si...@xilinx.com> Miguel Ojeda <miguel.ojeda.sando...@gmail.com> Mike Snitzer <snit...@redhat.com> Mikulas Patocka <mpato...@redhat.com> Miles Chen <miles.c...@mediatek.com> Miquel Raynal <miquel.ray...@bootlin.com> Nadav Amit <na...@vmware.com> Naresh Kamboju <naresh.kamboju () linaro ! org> Naresh Kamboju <naresh.kamb...@linaro.org> Nathan Chancellor <natechancel...@gmail.com> Naveen N. Rao <naveen.n....@linux.vnet.ibm.com> Navid Emamdoost <navid.emamdo...@gmail.com> Neal Cardwell <ncardw...@google.com> Neil Armstrong <narmstr...@baylibre.com> Neil MacLeod <n...@nmacleod.com> Nianyao Tang <tangnian...@huawei.com> Nick Desaulniers <ndesaulni...@google.com> Nicolas Ferre <nicolas.fe...@microchip.com> Nicolas Saenz Julienne <nsaenzjulie...@suse.de> Nicolin Chen <nicoleots...@gmail.com> Nikita Yushchenko <nikita.yo...@cogentembedded.com> Numfor Mbiziwo-Tiapo <n...@google.com> Oleg Nesterov <o...@redhat.com> Oliver Neukum <oneu...@suse.com> Olof Johansson <o...@lixom.net> Pablo Neira Ayuso <pa...@netfilter.org> Paolo Bonzini <pbonz...@redhat.com> Paul Burton <paul.bur...@mips.com> Paul Mackerras <pau...@ozlabs.org> Pavel Machek <pa...@ucw.cz> Pavel Shilovsky <pshi...@microsoft.com> Pedro Sousa <so...@synopsys.com> Peter Chen <peter.c...@nxp.com> Peter Ujfalusi <peter.ujfal...@ti.com> Peter Zijlstra (Intel) <pet...@infradead.org> Peter Zijlstra <pet...@infradead.org> Philip Langdale <phil...@overt.org> Prasad Sodagudi <psoda...@codeaurora.org> Qian Cai <c...@lca.pw> Radim Krcmar <rkrc...@redhat.com> Radim Krčmář <rkrc...@redhat.com> Rafael J. Wysocki <rafael.j.wyso...@intel.com> Rasmus Villemoes <rasmus.villem...@prevas.dk> Ricard Wanderlof <ricard.wander...@axis.com> Ricard Wanderlof <rica...@axis.com> Robert Hodaszi <robert.hoda...@digi.com> Robin Murphy <robin.mur...@arm.com> Roderick Colenbrander <roderick.colenbran...@sony.com> Roderick Colenbrander <roder...@gaikai.com> Rogan Dawes <ro...@dawes.za.net> Roger Pau Monné <roger....@citrix.com> Ross Lagerwall <ross.lagerw...@citrix.com> Saeed Mahameed <sae...@mellanox.com> Salvatore Bonaccorso <car...@debian.org> Sasha Levin <sas...@kernel.org> Sean Christopherson <sean.j.christopher...@intel.com> Sean Paul <seanp...@chromium.org> Sebastian Mayr <m...@sam.st> Sebastien Tisserant <stisser...@wallix.com> Sekhar Nori <nsek...@ti.com> Shahed Shaikh <shsha...@marvell.com> Shaokun Zhang <zhangshao...@hisilicon.com> Simon Horman <horms+rene...@verge.net.au> Soheil Hassas Yeganeh <soh...@google.com> Stanislav Lisovskiy <stanislav.lisovs...@intel.com> Stefan Wahren <stefan.wah...@i2se.com> Stefan Wahren <wahre...@gmx.net> Steffen Klassert <steffen.klass...@secunet.com> Stephane Grosjean <s.grosj...@peak-system.com> Stephen Boyd <sb...@kernel.org> Steve French <stfre...@microsoft.com> Steven Rostedt (VMware) <rost...@goodmis.org> Sudarsana Kalluru <skall...@marvell.com> Suganath Prabu <suganath-prabu.subram...@broadcom.com> Sumit Saxena <sumit.sax...@broadcom.com> Suzuki K Poulose <suzuki.poul...@arm.com> Takashi Iwai <ti...@suse.de> Tho Vu <tho.vu...@rvc.renesas.com> Thomas Bogendoerfer <tbogendoer...@suse.de> Thomas Falcon <tlfal...@linux.ibm.com> Thomas Gleixner <t...@linutronix.de> Thomas Hellstrom <thellst...@vmware.com> Thomas Richter <tmri...@linux.ibm.com> Thomas Tai <thomas....@oracle.com> Tim Froidcoeur <tim.froidco...@tessares.net> Tom Lendacky <thomas.lenda...@amd.com> Tomas Bortoli <tomasbort...@gmail.com> Tomi Valkeinen <tomi.valkei...@ti.com> Tony Lindgren <t...@atomide.com> Tony Luck <tony.l...@intel.com> Trond Myklebust <trond.mykleb...@hammerspace.com> Trond Myklebust <trond.mykleb...@primarydata.com> Tyrel Datwyler <tyr...@linux.vnet.ibm.com> Ulf Hansson <ulf.hans...@linaro.org> Valdis Kletnieks <valdis.kletni...@vt.edu> Valdis Klētnieks <valdis.kletni...@vt.edu> Vince Weaver <vincent.wea...@maine.edu> Vinod Koul <vk...@kernel.org> Viresh Kumar <viresh.ku...@linaro.org> Vitaly Kuznetsov <vkuzn...@redhat.com> Vlad Buslov <vla...@mellanox.com> Vladimir Kondratiev <vladimir.kondrat...@linux.intel.com> Vlastimil Babka <vba...@suse.cz> Wang Xiayang <xywang.s...@sjtu.edu.cn> Wanpeng Li <wanpen...@tencent.com> Wen Yang <wen.yan...@zte.com.cn> Wenwen Wang <wen...@cs.uga.edu> Will Deacon <w...@kernel.org> Willem de Bruijn <will...@google.com> Wim Van Sebroeck <w...@linux-watchdog.org> Wolfram Sang <wsa+rene...@sang-engineering.com> Wolfram Sang <w...@the-dreams.de> Xiaojun Zhao <xiaojunzhao...@gmail.com> Xin Long <lucien....@gmail.com> Xiong Zhang <xiong.y.zh...@intel.com> Y.C. Chen <yc_c...@aspeedtech.com> Yoshiaki Okamoto <yokam...@allied-telesis.co.jp> Yoshihiro Shimoda <yoshihiro.shimoda...@renesas.com> YueHaibing <yuehaib...@huawei.com> Zenghui Yu <yuzeng...@huawei.com> Zhangguanghui <zhang.guang...@h3c.com> ZhangXiaoxu <zhangxiao...@huawei.com> zhengbin <zhengbi...@huawei.com> Zhenyu Wang <zhen...@linux.intel.com> jobs: build-amd64-xsm pass build-arm64-xsm pass build-i386-xsm pass build-amd64 pass build-arm64 pass build-armhf pass build-i386 pass build-amd64-libvirt pass build-arm64-libvirt pass build-armhf-libvirt pass build-i386-libvirt pass build-amd64-pvops pass build-arm64-pvops pass build-armhf-pvops pass build-i386-pvops pass test-amd64-amd64-xl pass test-arm64-arm64-xl pass test-armhf-armhf-xl pass test-amd64-i386-xl pass test-amd64-amd64-libvirt-qemuu-debianhvm-amd64-xsm pass test-amd64-i386-libvirt-qemuu-debianhvm-amd64-xsm pass test-amd64-amd64-xl-qemut-stubdom-debianhvm-amd64-xsm pass test-amd64-i386-xl-qemut-stubdom-debianhvm-amd64-xsm broken test-amd64-amd64-xl-qemut-debianhvm-i386-xsm pass test-amd64-i386-xl-qemut-debianhvm-i386-xsm pass test-amd64-amd64-xl-qemuu-debianhvm-i386-xsm pass test-amd64-i386-xl-qemuu-debianhvm-i386-xsm pass test-amd64-amd64-libvirt-xsm pass test-arm64-arm64-libvirt-xsm pass test-amd64-i386-libvirt-xsm pass test-amd64-amd64-xl-xsm pass test-arm64-arm64-xl-xsm pass test-amd64-i386-xl-xsm pass test-amd64-amd64-qemuu-nested-amd fail test-amd64-amd64-xl-pvhv2-amd pass test-amd64-i386-qemut-rhel6hvm-amd pass test-amd64-i386-qemuu-rhel6hvm-amd pass test-amd64-amd64-xl-qemut-debianhvm-amd64 broken test-amd64-i386-xl-qemut-debianhvm-amd64 pass test-amd64-amd64-xl-qemuu-debianhvm-amd64 pass test-amd64-i386-xl-qemuu-debianhvm-amd64 pass test-amd64-i386-freebsd10-amd64 broken test-amd64-amd64-xl-qemuu-ovmf-amd64 pass test-amd64-i386-xl-qemuu-ovmf-amd64 pass test-amd64-amd64-xl-qemut-win7-amd64 fail test-amd64-i386-xl-qemut-win7-amd64 broken test-amd64-amd64-xl-qemuu-win7-amd64 fail test-amd64-i386-xl-qemuu-win7-amd64 fail test-amd64-amd64-xl-qemut-ws16-amd64 fail test-amd64-i386-xl-qemut-ws16-amd64 fail test-amd64-amd64-xl-qemuu-ws16-amd64 fail test-amd64-i386-xl-qemuu-ws16-amd64 fail test-armhf-armhf-xl-arndale pass test-amd64-amd64-xl-credit1 pass test-arm64-arm64-xl-credit1 pass test-armhf-armhf-xl-credit1 pass test-amd64-amd64-xl-credit2 pass test-arm64-arm64-xl-credit2 pass test-armhf-armhf-xl-credit2 pass test-armhf-armhf-xl-cubietruck pass test-amd64-amd64-xl-qemuu-dmrestrict-amd64-dmrestrict pass test-amd64-i386-xl-qemuu-dmrestrict-amd64-dmrestrict pass test-amd64-amd64-examine pass test-arm64-arm64-examine pass test-armhf-armhf-examine pass test-amd64-i386-examine pass test-amd64-i386-freebsd10-i386 pass test-amd64-amd64-xl-qemut-win10-i386 fail test-amd64-i386-xl-qemut-win10-i386 fail test-amd64-amd64-xl-qemuu-win10-i386 fail test-amd64-i386-xl-qemuu-win10-i386 fail test-amd64-amd64-qemuu-nested-intel pass test-amd64-amd64-xl-pvhv2-intel pass test-amd64-i386-qemut-rhel6hvm-intel pass test-amd64-i386-qemuu-rhel6hvm-intel broken test-amd64-amd64-libvirt pass test-armhf-armhf-libvirt pass test-amd64-i386-libvirt pass test-amd64-amd64-xl-multivcpu pass test-armhf-armhf-xl-multivcpu pass test-amd64-amd64-pair pass test-amd64-i386-pair pass test-amd64-amd64-libvirt-pair pass test-amd64-i386-libvirt-pair pass test-amd64-amd64-amd64-pvgrub pass test-amd64-amd64-i386-pvgrub broken test-amd64-amd64-xl-pvshim fail test-amd64-i386-xl-pvshim fail test-amd64-amd64-pygrub pass test-amd64-amd64-xl-qcow2 pass test-armhf-armhf-libvirt-raw pass test-amd64-i386-xl-raw pass test-amd64-amd64-xl-rtds pass test-armhf-armhf-xl-rtds pass test-arm64-arm64-xl-seattle broken test-amd64-amd64-xl-qemuu-debianhvm-amd64-shadow pass test-amd64-i386-xl-qemuu-debianhvm-amd64-shadow pass test-amd64-amd64-xl-shadow pass test-amd64-i386-xl-shadow pass test-arm64-arm64-xl-thunderx pass test-amd64-amd64-libvirt-vhd pass test-armhf-armhf-xl-vhd pass ------------------------------------------------------------ sg-report-flight on osstest.test-lab.xenproject.org logs: /home/logs/logs images: /home/logs/images Logs, config files, etc. are available at http://logs.test-lab.xenproject.org/osstest/logs Explanation of these reports, and of osstest in general, is at http://xenbits.xen.org/gitweb/?p=osstest.git;a=blob;f=README.email;hb=master http://xenbits.xen.org/gitweb/?p=osstest.git;a=blob;f=README;hb=master Test harness code can be found at http://xenbits.xen.org/gitweb?p=osstest.git;a=summary broken-job test-amd64-amd64-xl-qemut-debianhvm-amd64 broken broken-job test-amd64-i386-xl-qemut-stubdom-debianhvm-amd64-xsm broken broken-job test-amd64-i386-qemuu-rhel6hvm-intel broken broken-job test-amd64-i386-freebsd10-amd64 broken broken-job test-amd64-i386-xl-qemut-win7-amd64 broken broken-job test-arm64-arm64-xl-seattle broken broken-job test-amd64-amd64-i386-pvgrub broken broken-step test-amd64-amd64-xl-qemut-debianhvm-amd64 host-install(4) broken-step test-arm64-arm64-xl-seattle host-install(4) broken-step test-amd64-i386-xl-qemut-win7-amd64 host-install(4) broken-step test-amd64-i386-freebsd10-amd64 host-install(4) broken-step test-amd64-i386-xl-qemut-stubdom-debianhvm-amd64-xsm host-install(4) broken-step test-amd64-amd64-i386-pvgrub host-install(4) broken-step test-amd64-i386-qemuu-rhel6hvm-intel host-install(4) Not pushing. (No revision log; it would be 9047 lines long.) _______________________________________________ Xen-devel mailing list Xen-devel@lists.xenproject.org https://lists.xenproject.org/mailman/listinfo/xen-devel