flight 141045 linux-4.14 real [real] http://logs.test-lab.xenproject.org/osstest/logs/141045/
Regressions :-( Tests which did not succeed and are blocking, including tests which could not be run: build-amd64-xsm 6 xen-build fail REGR. vs. 139910 build-amd64 6 xen-build fail REGR. vs. 139910 Tests which did not succeed, but are not blocking: test-amd64-amd64-xl-pvhv2-intel 1 build-check(1) blocked n/a test-amd64-amd64-xl-multivcpu 1 build-check(1) blocked n/a test-amd64-i386-xl-qemut-ws16-amd64 1 build-check(1) blocked n/a test-amd64-i386-freebsd10-amd64 1 build-check(1) blocked n/a test-amd64-amd64-xl-pvhv2-amd 1 build-check(1) blocked n/a test-amd64-i386-xl-qemuu-ovmf-amd64 1 build-check(1) blocked n/a test-amd64-i386-libvirt-qemuu-debianhvm-amd64-xsm 1 build-check(1) blocked n/a test-amd64-amd64-i386-pvgrub 1 build-check(1) blocked n/a test-amd64-amd64-xl-pvshim 1 build-check(1) blocked n/a test-amd64-i386-xl 1 build-check(1) blocked n/a test-amd64-i386-xl-qemut-debianhvm-amd64 1 build-check(1) blocked n/a test-amd64-amd64-xl-qemuu-ovmf-amd64 1 build-check(1) blocked n/a build-amd64-libvirt 1 build-check(1) blocked n/a test-amd64-i386-xl-qemuu-win7-amd64 1 build-check(1) blocked n/a test-amd64-i386-xl-qemut-win7-amd64 1 build-check(1) blocked n/a test-amd64-amd64-libvirt-xsm 1 build-check(1) blocked n/a test-amd64-i386-qemut-rhel6hvm-intel 1 build-check(1) blocked n/a test-amd64-i386-freebsd10-i386 1 build-check(1) blocked n/a test-amd64-i386-qemut-rhel6hvm-amd 1 build-check(1) blocked n/a test-amd64-amd64-amd64-pvgrub 1 build-check(1) blocked n/a test-amd64-i386-libvirt-xsm 1 build-check(1) blocked n/a test-amd64-amd64-xl-qemut-debianhvm-amd64 1 build-check(1) blocked n/a test-amd64-amd64-xl-qemut-debianhvm-i386-xsm 1 build-check(1) blocked n/a test-amd64-i386-xl-qemuu-ws16-amd64 1 build-check(1) blocked n/a test-amd64-amd64-qemuu-nested-amd 1 build-check(1) blocked n/a test-amd64-amd64-libvirt-pair 1 build-check(1) blocked n/a test-amd64-i386-xl-shadow 1 build-check(1) blocked n/a test-amd64-amd64-libvirt-qemuu-debianhvm-amd64-xsm 1 build-check(1) blocked n/a test-amd64-amd64-xl-qemuu-debianhvm-amd64 1 build-check(1) blocked n/a test-amd64-i386-qemuu-rhel6hvm-intel 1 build-check(1) blocked n/a test-amd64-i386-libvirt-pair 1 build-check(1) blocked n/a test-amd64-amd64-xl-qemuu-debianhvm-i386-xsm 1 build-check(1) blocked n/a test-amd64-amd64-xl-qemuu-debianhvm-amd64-shadow 1 build-check(1) blocked n/a test-amd64-amd64-xl-qemuu-win10-i386 1 build-check(1) blocked n/a test-amd64-i386-pair 1 build-check(1) blocked n/a test-amd64-amd64-libvirt-vhd 1 build-check(1) blocked n/a test-amd64-i386-xl-qemut-debianhvm-i386-xsm 1 build-check(1) blocked n/a test-amd64-i386-xl-qemut-win10-i386 1 build-check(1) blocked n/a test-amd64-amd64-xl 1 build-check(1) blocked n/a test-amd64-i386-xl-qemuu-win10-i386 1 build-check(1) blocked n/a test-amd64-amd64-xl-qcow2 1 build-check(1) blocked n/a test-amd64-amd64-examine 1 build-check(1) blocked n/a test-amd64-i386-xl-pvshim 1 build-check(1) blocked n/a test-amd64-amd64-xl-qemut-ws16-amd64 1 build-check(1) blocked n/a test-amd64-i386-examine 1 build-check(1) blocked n/a test-amd64-i386-libvirt 1 build-check(1) blocked n/a test-amd64-amd64-xl-qemut-win7-amd64 1 build-check(1) blocked n/a test-amd64-amd64-xl-qemut-win10-i386 1 build-check(1) blocked n/a test-amd64-amd64-xl-qemuu-win7-amd64 1 build-check(1) blocked n/a test-amd64-amd64-xl-qemut-stubdom-debianhvm-amd64-xsm 1 build-check(1) blocked n/a test-amd64-amd64-libvirt 1 build-check(1) blocked n/a test-amd64-amd64-xl-qemuu-dmrestrict-amd64-dmrestrict 1 build-check(1) blocked n/a test-amd64-amd64-qemuu-nested-intel 1 build-check(1) blocked n/a test-amd64-amd64-pair 1 build-check(1) blocked n/a test-amd64-amd64-xl-xsm 1 build-check(1) blocked n/a test-amd64-i386-xl-qemuu-debianhvm-amd64-shadow 1 build-check(1) blocked n/a test-amd64-i386-xl-raw 1 build-check(1) blocked n/a test-amd64-amd64-xl-qemuu-ws16-amd64 1 build-check(1) blocked n/a test-amd64-amd64-xl-credit2 1 build-check(1) blocked n/a test-amd64-i386-xl-qemut-stubdom-debianhvm-amd64-xsm 1 build-check(1) blocked n/a test-amd64-i386-xl-qemuu-debianhvm-i386-xsm 1 build-check(1) blocked n/a test-amd64-i386-xl-xsm 1 build-check(1) blocked n/a test-amd64-amd64-pygrub 1 build-check(1) blocked n/a test-amd64-amd64-xl-rtds 1 build-check(1) blocked n/a test-amd64-i386-xl-qemuu-dmrestrict-amd64-dmrestrict 1 build-check(1) blocked n/a test-amd64-amd64-xl-credit1 1 build-check(1) blocked n/a test-amd64-i386-xl-qemuu-debianhvm-amd64 1 build-check(1) blocked n/a test-amd64-i386-qemuu-rhel6hvm-amd 1 build-check(1) blocked n/a test-amd64-amd64-xl-shadow 1 build-check(1) blocked n/a test-arm64-arm64-examine 11 examine-serial/bootloader fail like 139871 test-arm64-arm64-xl-seattle 13 migrate-support-check fail never pass test-arm64-arm64-xl-seattle 14 saverestore-support-check fail never pass test-arm64-arm64-xl 13 migrate-support-check fail never pass test-arm64-arm64-xl 14 saverestore-support-check fail never pass test-arm64-arm64-xl-credit2 13 migrate-support-check fail never pass test-arm64-arm64-xl-credit2 14 saverestore-support-check fail never pass test-arm64-arm64-xl-credit1 13 migrate-support-check fail never pass test-arm64-arm64-xl-credit1 14 saverestore-support-check fail never pass test-arm64-arm64-xl-xsm 13 migrate-support-check fail never pass test-arm64-arm64-xl-xsm 14 saverestore-support-check fail never pass test-arm64-arm64-xl-thunderx 13 migrate-support-check fail never pass test-arm64-arm64-xl-thunderx 14 saverestore-support-check fail never pass test-armhf-armhf-xl-credit2 13 migrate-support-check fail never pass test-armhf-armhf-xl-credit2 14 saverestore-support-check fail never pass test-armhf-armhf-xl 13 migrate-support-check fail never pass test-armhf-armhf-xl 14 saverestore-support-check fail never pass test-armhf-armhf-xl-multivcpu 13 migrate-support-check fail never pass test-armhf-armhf-xl-multivcpu 14 saverestore-support-check fail never pass test-armhf-armhf-xl-credit1 13 migrate-support-check fail never pass test-armhf-armhf-xl-credit1 14 saverestore-support-check fail never pass test-armhf-armhf-libvirt 13 migrate-support-check fail never pass test-armhf-armhf-libvirt 14 saverestore-support-check fail never pass test-armhf-armhf-xl-rtds 13 migrate-support-check fail never pass test-armhf-armhf-xl-cubietruck 13 migrate-support-check fail never pass test-armhf-armhf-xl-rtds 14 saverestore-support-check fail never pass test-armhf-armhf-xl-cubietruck 14 saverestore-support-check fail never pass test-arm64-arm64-libvirt-xsm 13 migrate-support-check fail never pass test-arm64-arm64-libvirt-xsm 14 saverestore-support-check fail never pass test-armhf-armhf-libvirt-raw 12 migrate-support-check fail never pass test-armhf-armhf-libvirt-raw 13 saverestore-support-check fail never pass test-armhf-armhf-xl-vhd 12 migrate-support-check fail never pass test-armhf-armhf-xl-vhd 13 saverestore-support-check fail never pass test-armhf-armhf-xl-arndale 13 migrate-support-check fail never pass test-armhf-armhf-xl-arndale 14 saverestore-support-check fail never pass version targeted for testing: linux 01fd1694b93c92ad54fa684dac9c8068ecda8288 baseline version: linux 3ffe1e79c174b2093f7ee3df589a7705572c9620 Last test of basis 139910 2019-08-10 16:24:17 Z 26 days Failing since 140193 2019-08-16 08:38:51 Z 20 days 24 attempts Testing same since 140804 2019-08-29 19:04:38 Z 7 days 9 attempts ------------------------------------------------------------ People who touched revisions under test: Aaron Armstrong Skomra <aaron.sko...@wacom.com> Aaron Armstrong Skomra <sko...@gmail.com> Adrian Hunter <adrian.hun...@intel.com> Alan Stern <st...@rowland.harvard.edu> Alastair D'Silva <alast...@d-silva.org> Alexei Starovoitov <a...@kernel.org> Andrew Morton <a...@linux-foundation.org> Angus Ainslie (Purism) <an...@akkea.ca> Arnaldo Carvalho de Melo <a...@redhat.com> Arnd Bergmann <a...@arndb.de> Bartosz Golaszewski <bgolaszew...@baylibre.com> Ben Hutchings <ben.hutchi...@codethink.co.uk> Ben Hutchings <b...@decadent.org.uk> Ben Skeggs <bske...@redhat.com> Bjoern Gerhart <gerh...@posteo.de> Björn Gerhart <gerh...@posteo.de> Bob Ham <bob....@puri.sm> Borislav Petkov <b...@suse.de> Brian Norris <briannor...@chromium.org> Catalin Marinas <catalin.mari...@arm.com> Charles Keepax <ckee...@opensource.cirrus.com> Christophe JAILLET <christophe.jail...@wanadoo.fr> Codrin Ciubotariu <codrin.ciubota...@microchip.com> Colin Ian King <colin.k...@canonical.com> Cornelia Huck <coh...@redhat.com> Dan Carpenter <dan.carpen...@oracle.com> Daniel Borkmann <dan...@iogearbox.net> Daniel Drake <dr...@endlessm.com> Darrick J. Wong <darrick.w...@oracle.com> David S. Miller <da...@davemloft.net> Deepak Rawat <dra...@vmware.com> Denis Kirjanov <k...@linux-powerpc.org> Dirk Morris <dmor...@metaloft.com> Dmitry Fomichev <dmitry.fomic...@wdc.com> Dmitry Torokhov <dmitry.torok...@gmail.com> Don Brace <don.br...@microsemi.com> Doug Ledford <dledf...@redhat.com> Emmanuel Grumbach <emmanuel.grumb...@intel.com> Eric Dumazet <eduma...@google.com> Farhan Ali <al...@linux.ibm.com> Felipe Balbi <felipe.ba...@linux.intel.com> Florian Westphal <f...@strlen.de> Gary R Hook <gary.h...@amd.com> Gavin Li <g...@thegavinli.com> Geert Uytterhoeven <geert+rene...@glider.be> Greg Kroah-Hartman <gre...@linuxfoundation.org> Guenter Roeck <li...@roeck-us.net> Gustavo A. R. Silva <gust...@embeddedor.com> Hannes Reinecke <h...@suse.com> Hannes Reinecke <h...@suse.de> He Zhe <zhe...@windriver.com> Heiko Carstens <heiko.carst...@de.ibm.com> Henry Burns <henrybu...@google.com> Herbert Xu <herb...@gondor.apana.org.au> Hillf Danton <hdan...@sina.com> Himanshu Madhani <hmadh...@marvell.com> Hiroyuki Yamamoto <hyam...@allied-telesis.co.jp> Hui Wang <hui.w...@canonical.com> Huy Nguyen <h...@mellanox.com> Ian Abbott <abbo...@mev.co.uk> Ilya Dryomov <idryo...@gmail.com> Ilya Trukhanov <lahv...@gmail.com> Ingo Molnar <mi...@kernel.org> Isaac J. Manjarres <isa...@codeaurora.org> Jack Morgenstein <ja...@dev.mellanox.co.il> Jacopo Mondi <jacopo+rene...@jmondi.org> Jakub Kicinski <jakub.kicin...@netronome.com> Jani Nikula <jani.nik...@intel.com> Jason Gerecke <jason.gere...@wacom.com> Jay Vosburgh <jay.vosbu...@canonical.com> Jeff Layton <jlay...@kernel.org> Jeffrey Hugo <jeffrey.l.h...@gmail.com> Jeffrin Jose T <jeff...@rajagiritech.edu.in> Jens Axboe <ax...@kernel.dk> Jerry Lee <leisurelys...@gmail.com> Jia-Ju Bai <baijiaju1...@gmail.com> Jiangfeng Xiao <xiaojiangf...@huawei.com> Jin Yao <yao....@linux.intel.com> Jiri Kosina <jkos...@suse.cz> Jiri Olsa <jo...@kernel.org> Joe Perches <j...@perches.com> Joerg Roedel <jroe...@suse.de> Johan Hovold <jo...@kernel.org> Johannes Berg <johannes.b...@intel.com> John Hubbard <jhubb...@nvidia.com> Jonathan Cameron <jonathan.came...@huawei.com> Joseph Qi <joseph...@linux.alibaba.com> Jozsef Kadlecsik <kad...@netfilter.org> Juergen Gross <jgr...@suse.com> Julian Wiedmann <j...@linux.ibm.com> Juliana Rodrigueiro <juliana.rodrigue...@intra2net.com> Junxiao Bi <junxiao...@oracle.com> Kalle Valo <kv...@codeaurora.org> Kees Cook <keesc...@chromium.org> Kefeng Wang <wangkefeng.w...@huawei.com> Kevin Hao <haoke...@gmail.com> Konrad Rzeszutek Wilk <konrad.w...@oracle.com> Laura Garcia Liebana <nev...@gmail.com> Leon Romanovsky <leo...@mellanox.com> Leonard Crestez <leonard.cres...@nxp.com> Linh Phung <linh.phung...@renesas.com> Linus Torvalds <torva...@linux-foundation.org> Linus Walleij <linus.wall...@linaro.org> Lorenzo Pieralisi <lorenzo.pieral...@arm.com> Luca Coelho <luciano.coe...@intel.com> Lucas Stach <l.st...@pengutronix.de> Luck, Tony <tony.l...@intel.com> Ludovic Desroches <ludovic.desroc...@microchip.com> Lyude Paul <ly...@redhat.com> Manish Chopra <mani...@marvell.com> Marc Kleine-Budde <m...@pengutronix.de> Marc Zyngier <m...@kernel.org> Marcelo Ricardo Leitner <marcelo.leit...@gmail.com> Mark Brown <broo...@kernel.org> Martin K. Petersen <martin.peter...@oracle.com> Masahiro Yamada <yamada.masah...@socionext.com> Masami Hiramatsu <mhira...@kernel.org> Mauro Carvalho Chehab <mchehab+sams...@kernel.org> Max Filippov <jcmvb...@gmail.com> Maxim Mikityanskiy <maxi...@mellanox.com> Miaohe Lin <linmia...@huawei.com> Michael Ellerman <m...@ellerman.id.au> Michael Kelley <mikel...@microsoft.com> Michael Roth <mdr...@linux.vnet.ibm.com> Michal Hocko <mho...@suse.com> Michal Kalderon <michal.kalde...@marvell.com> Michal Simek <michal.si...@xilinx.com> Mike Snitzer <snit...@redhat.com> Mikulas Patocka <mpato...@redhat.com> Miles Chen <miles.c...@mediatek.com> Miquel Raynal <miquel.ray...@bootlin.com> Nadav Amit <na...@vmware.com> Naresh Kamboju <naresh.kamboju () linaro ! org> Naresh Kamboju <naresh.kamb...@linaro.org> Navid Emamdoost <navid.emamdo...@gmail.com> Neil Armstrong <narmstr...@baylibre.com> Neil MacLeod <n...@nmacleod.com> Nianyao Tang <tangnian...@huawei.com> Nick Desaulniers <ndesaulni...@google.com> Nicolas Ferre <nicolas.fe...@microchip.com> Nicolas Saenz Julienne <nsaenzjulie...@suse.de> Nikita Yushchenko <nikita.yo...@cogentembedded.com> Numfor Mbiziwo-Tiapo <n...@google.com> Oleg Nesterov <o...@redhat.com> Oliver Neukum <oneu...@suse.com> Olof Johansson <o...@lixom.net> Pablo Neira Ayuso <pa...@netfilter.org> Paolo Bonzini <pbonz...@redhat.com> Paul Burton <paul.bur...@mips.com> Pavel Machek <pa...@ucw.cz> Pavel Shilovsky <pshi...@microsoft.com> Peter Ujfalusi <peter.ujfal...@ti.com> Peter Zijlstra (Intel) <pet...@infradead.org> Peter Zijlstra <pet...@infradead.org> Prasad Sodagudi <psoda...@codeaurora.org> Qian Cai <c...@lca.pw> Rafael J. Wysocki <rafael.j.wyso...@intel.com> Rasmus Villemoes <rasmus.villem...@prevas.dk> Ricard Wanderlof <ricard.wander...@axis.com> Ricard Wanderlof <rica...@axis.com> Roderick Colenbrander <roderick.colenbran...@sony.com> Roderick Colenbrander <roder...@gaikai.com> Rogan Dawes <ro...@dawes.za.net> Ross Lagerwall <ross.lagerw...@citrix.com> Saeed Mahameed <sae...@mellanox.com> Salvatore Bonaccorso <car...@debian.org> Sasha Levin <sas...@kernel.org> Sean Christopherson <sean.j.christopher...@intel.com> Sean Paul <seanp...@chromium.org> Sebastien Tisserant <stisser...@wallix.com> Sekhar Nori <nsek...@ti.com> Shahed Shaikh <shsha...@marvell.com> Shaokun Zhang <zhangshao...@hisilicon.com> Stanislav Lisovskiy <stanislav.lisovs...@intel.com> Steffen Klassert <steffen.klass...@secunet.com> Stephane Grosjean <s.grosj...@peak-system.com> Stephen Boyd <sb...@kernel.org> Steve French <stfre...@microsoft.com> Sudarsana Kalluru <skall...@marvell.com> Suganath Prabu <suganath-prabu.subram...@broadcom.com> Sumit Saxena <sumit.sax...@broadcom.com> Suzuki K Poulose <suzuki.poul...@arm.com> Takashi Iwai <ti...@suse.de> Thomas Bogendoerfer <tbogendoer...@suse.de> Thomas Falcon <tlfal...@linux.ibm.com> Thomas Gleixner <t...@linutronix.de> Thomas Hellstrom <thellst...@vmware.com> Thomas Richter <tmri...@linux.ibm.com> Thomas Tai <thomas....@oracle.com> Tom Lendacky <thomas.lenda...@amd.com> Tomas Bortoli <tomasbort...@gmail.com> Tony Lindgren <t...@atomide.com> Tony Luck <tony.l...@intel.com> Trond Myklebust <trond.mykleb...@hammerspace.com> Trond Myklebust <trond.mykleb...@primarydata.com> Tyrel Datwyler <tyr...@linux.vnet.ibm.com> Ulf Hansson <ulf.hans...@linaro.org> Valdis Kletnieks <valdis.kletni...@vt.edu> Valdis Klētnieks <valdis.kletni...@vt.edu> Vince Weaver <vincent.wea...@maine.edu> Vinod Koul <vk...@kernel.org> Viresh Kumar <viresh.ku...@linaro.org> Vladimir Kondratiev <vladimir.kondrat...@linux.intel.com> Vlastimil Babka <vba...@suse.cz> Wang Xiayang <xywang.s...@sjtu.edu.cn> Wanpeng Li <wanpen...@tencent.com> Wen Yang <wen.yan...@zte.com.cn> Wenwen Wang <wen...@cs.uga.edu> Will Deacon <w...@kernel.org> Willem de Bruijn <will...@google.com> Xin Long <lucien....@gmail.com> Yoshiaki Okamoto <yokam...@allied-telesis.co.jp> Yoshihiro Shimoda <yoshihiro.shimoda...@renesas.com> YueHaibing <yuehaib...@huawei.com> Zhangguanghui <zhang.guang...@h3c.com> ZhangXiaoxu <zhangxiao...@huawei.com> jobs: build-amd64-xsm fail build-arm64-xsm pass build-i386-xsm pass build-amd64 fail build-arm64 pass build-armhf pass build-i386 pass build-amd64-libvirt blocked build-arm64-libvirt pass build-armhf-libvirt pass build-i386-libvirt pass build-amd64-pvops pass build-arm64-pvops pass build-armhf-pvops pass build-i386-pvops pass test-amd64-amd64-xl blocked test-arm64-arm64-xl pass test-armhf-armhf-xl pass test-amd64-i386-xl blocked test-amd64-amd64-libvirt-qemuu-debianhvm-amd64-xsm blocked test-amd64-i386-libvirt-qemuu-debianhvm-amd64-xsm blocked test-amd64-amd64-xl-qemut-stubdom-debianhvm-amd64-xsm blocked test-amd64-i386-xl-qemut-stubdom-debianhvm-amd64-xsm blocked test-amd64-amd64-xl-qemut-debianhvm-i386-xsm blocked test-amd64-i386-xl-qemut-debianhvm-i386-xsm blocked test-amd64-amd64-xl-qemuu-debianhvm-i386-xsm blocked test-amd64-i386-xl-qemuu-debianhvm-i386-xsm blocked test-amd64-amd64-libvirt-xsm blocked test-arm64-arm64-libvirt-xsm pass test-amd64-i386-libvirt-xsm blocked test-amd64-amd64-xl-xsm blocked test-arm64-arm64-xl-xsm pass test-amd64-i386-xl-xsm blocked test-amd64-amd64-qemuu-nested-amd blocked test-amd64-amd64-xl-pvhv2-amd blocked test-amd64-i386-qemut-rhel6hvm-amd blocked test-amd64-i386-qemuu-rhel6hvm-amd blocked test-amd64-amd64-xl-qemut-debianhvm-amd64 blocked test-amd64-i386-xl-qemut-debianhvm-amd64 blocked test-amd64-amd64-xl-qemuu-debianhvm-amd64 blocked test-amd64-i386-xl-qemuu-debianhvm-amd64 blocked test-amd64-i386-freebsd10-amd64 blocked test-amd64-amd64-xl-qemuu-ovmf-amd64 blocked test-amd64-i386-xl-qemuu-ovmf-amd64 blocked test-amd64-amd64-xl-qemut-win7-amd64 blocked test-amd64-i386-xl-qemut-win7-amd64 blocked test-amd64-amd64-xl-qemuu-win7-amd64 blocked test-amd64-i386-xl-qemuu-win7-amd64 blocked test-amd64-amd64-xl-qemut-ws16-amd64 blocked test-amd64-i386-xl-qemut-ws16-amd64 blocked test-amd64-amd64-xl-qemuu-ws16-amd64 blocked test-amd64-i386-xl-qemuu-ws16-amd64 blocked test-armhf-armhf-xl-arndale pass test-amd64-amd64-xl-credit1 blocked test-arm64-arm64-xl-credit1 pass test-armhf-armhf-xl-credit1 pass test-amd64-amd64-xl-credit2 blocked test-arm64-arm64-xl-credit2 pass test-armhf-armhf-xl-credit2 pass test-armhf-armhf-xl-cubietruck pass test-amd64-amd64-xl-qemuu-dmrestrict-amd64-dmrestrict blocked test-amd64-i386-xl-qemuu-dmrestrict-amd64-dmrestrict blocked test-amd64-amd64-examine blocked test-arm64-arm64-examine pass test-armhf-armhf-examine pass test-amd64-i386-examine blocked test-amd64-i386-freebsd10-i386 blocked test-amd64-amd64-xl-qemut-win10-i386 blocked test-amd64-i386-xl-qemut-win10-i386 blocked test-amd64-amd64-xl-qemuu-win10-i386 blocked test-amd64-i386-xl-qemuu-win10-i386 blocked test-amd64-amd64-qemuu-nested-intel blocked test-amd64-amd64-xl-pvhv2-intel blocked test-amd64-i386-qemut-rhel6hvm-intel blocked test-amd64-i386-qemuu-rhel6hvm-intel blocked test-amd64-amd64-libvirt blocked test-armhf-armhf-libvirt pass test-amd64-i386-libvirt blocked test-amd64-amd64-xl-multivcpu blocked test-armhf-armhf-xl-multivcpu pass test-amd64-amd64-pair blocked test-amd64-i386-pair blocked test-amd64-amd64-libvirt-pair blocked test-amd64-i386-libvirt-pair blocked test-amd64-amd64-amd64-pvgrub blocked test-amd64-amd64-i386-pvgrub blocked test-amd64-amd64-xl-pvshim blocked test-amd64-i386-xl-pvshim blocked test-amd64-amd64-pygrub blocked test-amd64-amd64-xl-qcow2 blocked test-armhf-armhf-libvirt-raw pass test-amd64-i386-xl-raw blocked test-amd64-amd64-xl-rtds blocked test-armhf-armhf-xl-rtds pass test-arm64-arm64-xl-seattle pass test-amd64-amd64-xl-qemuu-debianhvm-amd64-shadow blocked test-amd64-i386-xl-qemuu-debianhvm-amd64-shadow blocked test-amd64-amd64-xl-shadow blocked test-amd64-i386-xl-shadow blocked test-arm64-arm64-xl-thunderx pass test-amd64-amd64-libvirt-vhd blocked test-armhf-armhf-xl-vhd pass ------------------------------------------------------------ sg-report-flight on osstest.test-lab.xenproject.org logs: /home/logs/logs images: /home/logs/images Logs, config files, etc. are available at http://logs.test-lab.xenproject.org/osstest/logs Explanation of these reports, and of osstest in general, is at http://xenbits.xen.org/gitweb/?p=osstest.git;a=blob;f=README.email;hb=master http://xenbits.xen.org/gitweb/?p=osstest.git;a=blob;f=README;hb=master Test harness code can be found at http://xenbits.xen.org/gitweb?p=osstest.git;a=summary Not pushing. (No revision log; it would be 6338 lines long.) _______________________________________________ Xen-devel mailing list Xen-devel@lists.xenproject.org https://lists.xenproject.org/mailman/listinfo/xen-devel