flight 139805 linux-4.9 real [real] http://logs.test-lab.xenproject.org/osstest/logs/139805/
Failures :-/ but no regressions. Tests which are failing intermittently (not blocking): test-amd64-i386-qemuu-rhel6hvm-intel 7 xen-boot fail in 139772 pass in 139805 test-arm64-arm64-examine 11 examine-serial/bootloader fail in 139772 pass in 139805 test-amd64-amd64-xl-qcow2 19 guest-start/debian.repeat fail in 139772 pass in 139805 test-armhf-armhf-xl-vhd 7 xen-boot fail pass in 139772 Tests which did not succeed, but are not blocking: test-armhf-armhf-xl-vhd 12 migrate-support-check fail in 139772 never pass test-armhf-armhf-xl-vhd 13 saverestore-support-check fail in 139772 never pass test-amd64-amd64-xl-qemut-win7-amd64 17 guest-stop fail like 139692 test-amd64-amd64-xl-qemuu-win7-amd64 17 guest-stop fail like 139692 test-amd64-i386-xl-qemut-win7-amd64 17 guest-stop fail like 139692 test-amd64-i386-xl-qemuu-win7-amd64 17 guest-stop fail like 139692 test-amd64-amd64-xl-qemuu-ws16-amd64 17 guest-stop fail like 139692 test-amd64-amd64-xl-qemuu-dmrestrict-amd64-dmrestrict 10 debian-hvm-install fail never pass test-amd64-i386-xl-qemuu-dmrestrict-amd64-dmrestrict 10 debian-hvm-install fail never pass test-amd64-amd64-xl-pvhv2-intel 12 guest-start fail never pass test-amd64-i386-libvirt-xsm 13 migrate-support-check fail never pass test-amd64-amd64-libvirt-xsm 13 migrate-support-check fail never pass test-amd64-amd64-xl-pvhv2-amd 12 guest-start fail never pass test-amd64-i386-libvirt 13 migrate-support-check fail never pass test-amd64-amd64-libvirt 13 migrate-support-check fail never pass test-amd64-amd64-libvirt-qemuu-debianhvm-amd64-xsm 11 migrate-support-check fail never pass test-amd64-i386-xl-pvshim 12 guest-start fail never pass test-arm64-arm64-xl-seattle 13 migrate-support-check fail never pass test-arm64-arm64-xl-seattle 14 saverestore-support-check fail never pass test-amd64-i386-libvirt-qemuu-debianhvm-amd64-xsm 11 migrate-support-check fail never pass test-arm64-arm64-libvirt-xsm 13 migrate-support-check fail never pass test-arm64-arm64-libvirt-xsm 14 saverestore-support-check fail never pass test-amd64-amd64-qemuu-nested-amd 17 debian-hvm-install/l1/l2 fail never pass test-arm64-arm64-xl-thunderx 13 migrate-support-check fail never pass test-arm64-arm64-xl-thunderx 14 saverestore-support-check fail never pass test-arm64-arm64-xl-credit2 13 migrate-support-check fail never pass test-arm64-arm64-xl-credit2 14 saverestore-support-check fail never pass test-arm64-arm64-xl 13 migrate-support-check fail never pass test-arm64-arm64-xl 14 saverestore-support-check fail never pass test-arm64-arm64-xl-credit1 13 migrate-support-check fail never pass test-arm64-arm64-xl-credit1 14 saverestore-support-check fail never pass test-arm64-arm64-xl-xsm 13 migrate-support-check fail never pass test-arm64-arm64-xl-xsm 14 saverestore-support-check fail never pass test-armhf-armhf-xl-arndale 13 migrate-support-check fail never pass test-armhf-armhf-xl-arndale 14 saverestore-support-check fail never pass test-amd64-amd64-libvirt-vhd 12 migrate-support-check fail never pass test-armhf-armhf-xl-credit2 13 migrate-support-check fail never pass test-armhf-armhf-xl-credit2 14 saverestore-support-check fail never pass test-armhf-armhf-xl 13 migrate-support-check fail never pass test-armhf-armhf-xl 14 saverestore-support-check fail never pass test-armhf-armhf-xl-rtds 13 migrate-support-check fail never pass test-armhf-armhf-xl-rtds 14 saverestore-support-check fail never pass test-armhf-armhf-xl-multivcpu 13 migrate-support-check fail never pass test-armhf-armhf-xl-multivcpu 14 saverestore-support-check fail never pass test-armhf-armhf-xl-credit1 13 migrate-support-check fail never pass test-armhf-armhf-xl-credit1 14 saverestore-support-check fail never pass test-amd64-amd64-xl-qemut-ws16-amd64 17 guest-stop fail never pass test-armhf-armhf-libvirt 13 migrate-support-check fail never pass test-armhf-armhf-libvirt 14 saverestore-support-check fail never pass test-armhf-armhf-xl-cubietruck 13 migrate-support-check fail never pass test-armhf-armhf-xl-cubietruck 14 saverestore-support-check fail never pass test-amd64-i386-xl-qemut-ws16-amd64 17 guest-stop fail never pass test-armhf-armhf-libvirt-raw 12 migrate-support-check fail never pass test-armhf-armhf-libvirt-raw 13 saverestore-support-check fail never pass test-amd64-i386-xl-qemuu-ws16-amd64 17 guest-stop fail never pass test-amd64-amd64-xl-qemut-win10-i386 10 windows-install fail never pass test-amd64-amd64-xl-qemuu-win10-i386 10 windows-install fail never pass test-amd64-i386-xl-qemuu-win10-i386 10 windows-install fail never pass test-amd64-i386-xl-qemut-win10-i386 10 windows-install fail never pass version targeted for testing: linux fa897d17313ce94d8d368d29900455e2ce941106 baseline version: linux 97d7530b83e3f515d5a3242019fdc2b5848d5a7f Last test of basis 139692 2019-08-04 07:48:29 Z 4 days Testing same since 139772 2019-08-06 16:39:53 Z 2 days 2 attempts ------------------------------------------------------------ People who touched revisions under test: "Eric W. Biederman" <ebied...@xmission.com> Ajay Kaher <aka...@vmware.com> Al Viro <v...@zeniv.linux.org.uk> Alexandre Bounine <alex.b...@gmail.com> Andrea Arcangeli <aarca...@redhat.com> Andrea Parri <andrea.pa...@amarulasolutions.com> Andrew Morton <a...@linux-foundation.org> Arnd Bergmann <a...@arndb.de> Barret Rhoden <b...@google.com> Bartosz Golaszewski <bgolaszew...@baylibre.com> Benjamin Block <bbl...@linux.ibm.com> Benjamin Poirier <bpoir...@suse.com> Cheng Jian <cj.chengj...@huawei.com> Dan Carpenter <dan.carpen...@oracle.com> David S. Miller <da...@davemloft.net> David Sterba <dste...@suse.com> Doug Berger <open...@gmail.com> Douglas Anderson <diand...@chromium.org> Filipe Manana <fdman...@suse.com> Geert Uytterhoeven <geert+rene...@glider.be> Greg Kroah-Hartman <gre...@linuxfoundation.org> Heiko Stuebner <he...@sntech.de> Ilya Dryomov <idryo...@gmail.com> Jan Harkes <jahar...@cs.cmu.edu> Jason Gunthorpe <j...@mellanox.com> Jean Delvare <jdelv...@suse.de> Jeff Layton <jlay...@kernel.org> Jens Axboe <ax...@kernel.dk> Jessica Yu <j...@kernel.org> Josh Poimboeuf <jpoim...@redhat.com> Juergen Gross <jgr...@suse.com> Kees Cook <keesc...@chromium.org> Kirill A. Shutemov <kirill.shute...@linux.intel.com> Konrad Rzeszutek Wilk <konrad.w...@oracle.com> Leon Romanovsky <leo...@mellanox.com> Linus Torvalds <torva...@linux-foundation.org> Lorenzo Pieralisi <lorenzo.pieral...@arm.com> Martin K. Petersen <martin.peter...@oracle.com> Masahiro Yamada <yamada.masah...@socionext.com> Michael Wu <michael...@vatics.com> Michal Hocko <mho...@suse.com> Michal Nazarewicz <min...@mina86.com> Miguel Ojeda <miguel.ojeda.sando...@gmail.com> Mikko Rapeli <mikko.rap...@iki.fi> Nick Desaulniers <ndesaulni...@google.com> Ondrej Mosnacek <omosn...@redhat.com> Paolo Bonzini <pbonz...@redhat.com> Paul Burton <paul.bur...@mips.com> Paul Moore <p...@paul-moore.com> Peter Xu <pet...@redhat.com> Peter Zijlstra (Intel) <pet...@infradead.org> Petr Cvek <petrcve...@gmail.com> Prarit Bhargava <pra...@redhat.com> Qian Cai <c...@lca.pw> Rafael J. Wysocki <rafael.j.wyso...@intel.com> Russell King <rmk+ker...@armlinux.org.uk> Sam Protsenko <semen.protse...@linaro.org> Sasha Levin <sas...@kernel.org> Stefan Haberland <s...@linux.ibm.com> Steven Rostedt (VMware) <rost...@goodmis.org> Thomas Gleixner <t...@linutronix.de> Ulf Hansson <ulf.hans...@linaro.org> Vinod Koul <vk...@kernel.org> Vlastimil Babka <vba...@suse.cz> Will Deacon <w...@kernel.org> Yishai Hadas <yish...@mellanox.com> Zhenzhong Duan <zhenzhong.d...@oracle.com> Zhouyang Jia <jiazhouyan...@gmail.com> jobs: build-amd64-xsm pass build-arm64-xsm pass build-i386-xsm pass build-amd64 pass build-arm64 pass build-armhf pass build-i386 pass build-amd64-libvirt pass build-arm64-libvirt pass build-armhf-libvirt pass build-i386-libvirt pass build-amd64-pvops pass build-arm64-pvops pass build-armhf-pvops pass build-i386-pvops pass test-amd64-amd64-xl pass test-arm64-arm64-xl pass test-armhf-armhf-xl pass test-amd64-i386-xl pass test-amd64-amd64-libvirt-qemuu-debianhvm-amd64-xsm pass test-amd64-i386-libvirt-qemuu-debianhvm-amd64-xsm pass test-amd64-amd64-xl-qemut-stubdom-debianhvm-amd64-xsm pass test-amd64-i386-xl-qemut-stubdom-debianhvm-amd64-xsm pass test-amd64-amd64-xl-qemut-debianhvm-i386-xsm pass test-amd64-i386-xl-qemut-debianhvm-i386-xsm pass test-amd64-amd64-xl-qemuu-debianhvm-i386-xsm pass test-amd64-i386-xl-qemuu-debianhvm-i386-xsm pass test-amd64-amd64-libvirt-xsm pass test-arm64-arm64-libvirt-xsm pass test-amd64-i386-libvirt-xsm pass test-amd64-amd64-xl-xsm pass test-arm64-arm64-xl-xsm pass test-amd64-i386-xl-xsm pass test-amd64-amd64-qemuu-nested-amd fail test-amd64-amd64-xl-pvhv2-amd fail test-amd64-i386-qemut-rhel6hvm-amd pass test-amd64-i386-qemuu-rhel6hvm-amd pass test-amd64-amd64-xl-qemut-debianhvm-amd64 pass test-amd64-i386-xl-qemut-debianhvm-amd64 pass test-amd64-amd64-xl-qemuu-debianhvm-amd64 pass test-amd64-i386-xl-qemuu-debianhvm-amd64 pass test-amd64-i386-freebsd10-amd64 pass test-amd64-amd64-xl-qemuu-ovmf-amd64 pass test-amd64-i386-xl-qemuu-ovmf-amd64 pass test-amd64-amd64-xl-qemut-win7-amd64 fail test-amd64-i386-xl-qemut-win7-amd64 fail test-amd64-amd64-xl-qemuu-win7-amd64 fail test-amd64-i386-xl-qemuu-win7-amd64 fail test-amd64-amd64-xl-qemut-ws16-amd64 fail test-amd64-i386-xl-qemut-ws16-amd64 fail test-amd64-amd64-xl-qemuu-ws16-amd64 fail test-amd64-i386-xl-qemuu-ws16-amd64 fail test-armhf-armhf-xl-arndale pass test-amd64-amd64-xl-credit1 pass test-arm64-arm64-xl-credit1 pass test-armhf-armhf-xl-credit1 pass test-amd64-amd64-xl-credit2 pass test-arm64-arm64-xl-credit2 pass test-armhf-armhf-xl-credit2 pass test-armhf-armhf-xl-cubietruck pass test-amd64-amd64-xl-qemuu-dmrestrict-amd64-dmrestrict fail test-amd64-i386-xl-qemuu-dmrestrict-amd64-dmrestrict fail test-amd64-amd64-examine pass test-arm64-arm64-examine pass test-armhf-armhf-examine pass test-amd64-i386-examine pass test-amd64-i386-freebsd10-i386 pass test-amd64-amd64-xl-qemut-win10-i386 fail test-amd64-i386-xl-qemut-win10-i386 fail test-amd64-amd64-xl-qemuu-win10-i386 fail test-amd64-i386-xl-qemuu-win10-i386 fail test-amd64-amd64-qemuu-nested-intel pass test-amd64-amd64-xl-pvhv2-intel fail test-amd64-i386-qemut-rhel6hvm-intel pass test-amd64-i386-qemuu-rhel6hvm-intel pass test-amd64-amd64-libvirt pass test-armhf-armhf-libvirt pass test-amd64-i386-libvirt pass test-amd64-amd64-xl-multivcpu pass test-armhf-armhf-xl-multivcpu pass test-amd64-amd64-pair pass test-amd64-i386-pair pass test-amd64-amd64-libvirt-pair pass test-amd64-i386-libvirt-pair pass test-amd64-amd64-amd64-pvgrub pass test-amd64-amd64-i386-pvgrub pass test-amd64-amd64-xl-pvshim pass test-amd64-i386-xl-pvshim fail test-amd64-amd64-pygrub pass test-amd64-amd64-xl-qcow2 pass test-armhf-armhf-libvirt-raw pass test-amd64-i386-xl-raw pass test-amd64-amd64-xl-rtds pass test-armhf-armhf-xl-rtds pass test-arm64-arm64-xl-seattle pass test-amd64-amd64-xl-qemuu-debianhvm-amd64-shadow pass test-amd64-i386-xl-qemuu-debianhvm-amd64-shadow pass test-amd64-amd64-xl-shadow pass test-amd64-i386-xl-shadow pass test-arm64-arm64-xl-thunderx pass test-amd64-amd64-libvirt-vhd pass test-armhf-armhf-xl-vhd fail ------------------------------------------------------------ sg-report-flight on osstest.test-lab.xenproject.org logs: /home/logs/logs images: /home/logs/images Logs, config files, etc. are available at http://logs.test-lab.xenproject.org/osstest/logs Explanation of these reports, and of osstest in general, is at http://xenbits.xen.org/gitweb/?p=osstest.git;a=blob;f=README.email;hb=master http://xenbits.xen.org/gitweb/?p=osstest.git;a=blob;f=README;hb=master Test harness code can be found at http://xenbits.xen.org/gitweb?p=osstest.git;a=summary Pushing revision : To xenbits.xen.org:/home/xen/git/linux-pvops.git 97d7530b83e3..fa897d17313c fa897d17313ce94d8d368d29900455e2ce941106 -> tested/linux-4.9 _______________________________________________ Xen-devel mailing list Xen-devel@lists.xenproject.org https://lists.xenproject.org/mailman/listinfo/xen-devel