flight 137662 xen-unstable-smoke real [real] http://logs.test-lab.xenproject.org/osstest/logs/137662/
Failures :-/ but no regressions. Tests which did not succeed, but are not blocking: test-amd64-amd64-libvirt 13 migrate-support-check fail never pass test-arm64-arm64-xl-xsm 13 migrate-support-check fail never pass test-arm64-arm64-xl-xsm 14 saverestore-support-check fail never pass test-armhf-armhf-xl 13 migrate-support-check fail never pass test-armhf-armhf-xl 14 saverestore-support-check fail never pass version targeted for testing: xen decfc03f54b821877f64f28beba15124940470b5 baseline version: xen 7f03e7e05f4f80a41d28706c7567154dce257ce3 Last test of basis 137658 2019-06-11 15:00:36 Z 0 days Testing same since 137662 2019-06-11 18:01:03 Z 0 days 1 attempts ------------------------------------------------------------ People who touched revisions under test: Andrew Cooper <andrew.coop...@citrix.com> Andrii Anisov <andrii_ani...@epam.com> Doug Goldstein <car...@cardoe.com> Jan Beulich <jbeul...@suse.com> Juergen Gross <jgr...@suse.com> Julien Grall <julien.gr...@arm.com> Oleksandr Tyshchenko <oleksandr_tyshche...@epam.com> Roger Pau Monné <roger....@citrix.com> jobs: build-arm64-xsm pass build-amd64 pass build-armhf pass build-amd64-libvirt pass test-armhf-armhf-xl pass test-arm64-arm64-xl-xsm pass test-amd64-amd64-xl-qemuu-debianhvm-amd64 pass test-amd64-amd64-libvirt pass ------------------------------------------------------------ sg-report-flight on osstest.test-lab.xenproject.org logs: /home/logs/logs images: /home/logs/images Logs, config files, etc. are available at http://logs.test-lab.xenproject.org/osstest/logs Explanation of these reports, and of osstest in general, is at http://xenbits.xen.org/gitweb/?p=osstest.git;a=blob;f=README.email;hb=master http://xenbits.xen.org/gitweb/?p=osstest.git;a=blob;f=README;hb=master Test harness code can be found at http://xenbits.xen.org/gitweb?p=osstest.git;a=summary Pushing revision : To xenbits.xen.org:/home/xen/git/xen.git 7f03e7e05f..decfc03f54 decfc03f54b821877f64f28beba15124940470b5 -> smoke _______________________________________________ Xen-devel mailing list Xen-devel@lists.xenproject.org https://lists.xenproject.org/mailman/listinfo/xen-devel