flight 137513 linux-4.14 real [real]
http://logs.test-lab.xenproject.org/osstest/logs/137513/

Regressions :-(

Tests which did not succeed and are blocking,
including tests which could not be run:
 test-amd64-i386-libvirt-qemuu-debianhvm-amd64-xsm 16 
guest-start/debianhvm.repeat fail REGR. vs. 137171
 test-armhf-armhf-xl-vhd      10 debian-di-install        fail REGR. vs. 137171

Tests which did not succeed, but are not blocking:
 test-amd64-amd64-libvirt-xsm 13 migrate-support-check        fail   never pass
 test-amd64-i386-xl-pvshim    12 guest-start                  fail   never pass
 test-amd64-i386-libvirt-xsm  13 migrate-support-check        fail   never pass
 test-amd64-i386-libvirt      13 migrate-support-check        fail   never pass
 test-amd64-i386-libvirt-qemuu-debianhvm-amd64-xsm 11 migrate-support-check 
fail never pass
 test-amd64-amd64-libvirt     13 migrate-support-check        fail   never pass
 test-amd64-amd64-libvirt-qemuu-debianhvm-amd64-xsm 11 migrate-support-check 
fail never pass
 test-amd64-amd64-libvirt-vhd 12 migrate-support-check        fail   never pass
 test-amd64-amd64-qemuu-nested-amd 17 debian-hvm-install/l1/l2  fail never pass
 test-arm64-arm64-libvirt-xsm 13 migrate-support-check        fail   never pass
 test-arm64-arm64-libvirt-xsm 14 saverestore-support-check    fail   never pass
 test-arm64-arm64-xl          13 migrate-support-check        fail   never pass
 test-arm64-arm64-xl          14 saverestore-support-check    fail   never pass
 test-arm64-arm64-xl-xsm      13 migrate-support-check        fail   never pass
 test-arm64-arm64-xl-xsm      14 saverestore-support-check    fail   never pass
 test-arm64-arm64-xl-credit1  13 migrate-support-check        fail   never pass
 test-arm64-arm64-xl-credit1  14 saverestore-support-check    fail   never pass
 test-armhf-armhf-xl-credit2  13 migrate-support-check        fail   never pass
 test-armhf-armhf-xl-credit2  14 saverestore-support-check    fail   never pass
 test-arm64-arm64-xl-credit2  13 migrate-support-check        fail   never pass
 test-arm64-arm64-xl-credit2  14 saverestore-support-check    fail   never pass
 test-armhf-armhf-xl-arndale  13 migrate-support-check        fail   never pass
 test-armhf-armhf-xl-arndale  14 saverestore-support-check    fail   never pass
 test-armhf-armhf-xl-rtds     13 migrate-support-check        fail   never pass
 test-armhf-armhf-xl-rtds     14 saverestore-support-check    fail   never pass
 test-amd64-i386-xl-qemut-win7-amd64 17 guest-stop              fail never pass
 test-armhf-armhf-xl-credit1  13 migrate-support-check        fail   never pass
 test-armhf-armhf-xl-credit1  14 saverestore-support-check    fail   never pass
 test-armhf-armhf-xl-cubietruck 13 migrate-support-check        fail never pass
 test-armhf-armhf-xl-cubietruck 14 saverestore-support-check    fail never pass
 test-armhf-armhf-xl          13 migrate-support-check        fail   never pass
 test-armhf-armhf-xl          14 saverestore-support-check    fail   never pass
 test-armhf-armhf-xl-multivcpu 13 migrate-support-check        fail  never pass
 test-armhf-armhf-xl-multivcpu 14 saverestore-support-check    fail  never pass
 test-amd64-i386-xl-qemuu-win7-amd64 17 guest-stop              fail never pass
 test-amd64-amd64-xl-qemuu-win7-amd64 17 guest-stop             fail never pass
 test-armhf-armhf-libvirt     13 migrate-support-check        fail   never pass
 test-armhf-armhf-libvirt     14 saverestore-support-check    fail   never pass
 test-amd64-amd64-xl-qemuu-ws16-amd64 17 guest-stop             fail never pass
 test-amd64-i386-xl-qemut-ws16-amd64 17 guest-stop              fail never pass
 test-amd64-amd64-xl-qemut-ws16-amd64 17 guest-stop             fail never pass
 test-armhf-armhf-libvirt-raw 12 migrate-support-check        fail   never pass
 test-armhf-armhf-libvirt-raw 13 saverestore-support-check    fail   never pass
 test-amd64-amd64-xl-qemut-win7-amd64 17 guest-stop             fail never pass
 test-amd64-i386-xl-qemuu-ws16-amd64 17 guest-stop              fail never pass
 test-amd64-amd64-xl-qemuu-win10-i386 10 windows-install        fail never pass
 test-amd64-i386-xl-qemuu-win10-i386 10 windows-install         fail never pass
 test-amd64-amd64-xl-qemut-win10-i386 10 windows-install        fail never pass
 test-amd64-i386-xl-qemut-win10-i386 10 windows-install         fail never pass

version targeted for testing:
 linux                e6a95d8851f1e993269b2172595107061f9371ae
baseline version:
 linux                8cb1239889087368a792c655de99529eec219bfc

Last test of basis   137171  2019-06-02 10:19:15 Z    8 days
Testing same since   137513  2019-06-09 07:41:24 Z    1 days    1 attempts

------------------------------------------------------------
People who touched revisions under test:
  Alan Stern <st...@rowland.harvard.edu>
  Andrew Morton <a...@linux-foundation.org>
  Andrey Smirnov <andrew.smir...@gmail.com>
  Andy Duan <fugang.d...@nxp.com>
  Antoine Tenart <antoine.ten...@bootlin.com>
  Ard Biesheuvel <ard.biesheu...@linaro.org>
  Baruch Siach <bar...@tkos.co.il>
  Ben Skeggs <bske...@redhat.com>
  Benjamin Coddington <bcodd...@redhat.com>
  Brian Norris <briannor...@chromium.org>
  Carsten Schmid <carsten_sch...@mentor.com>
  Chris Packham <chris.pack...@alliedtelesis.co.nz>
  Christian Borntraeger <borntrae...@de.ibm.com>
  Cédric Le Goater <c...@kaod.org>
  Dan Carpenter <dan.carpen...@oracle.com>
  Daniel Axtens <d...@axtens.net>
  David Ahern <dsah...@gmail.com>
  David S. Miller <da...@davemloft.net>
  David Sterba <dste...@suse.com>
  Douglas Anderson <diand...@chromium.org>
  Eric Dumazet <eduma...@google.com>
  Eugeniu Rosca <ero...@de.adit-jv.com>
  Fabio Estevam <feste...@gmail.com>
  Filipe Manana <fdman...@suse.com>
  Fugang Duan <fugang.d...@nxp.com>
  George G. Davis <george_da...@mentor.com>
  Greg Kroah-Hartman <gre...@linuxfoundation.org>
  Greg Kurz <gr...@kaod.org>
  Heiko Stuebner <he...@sntech.de>
  Henry Lin <hen...@nvidia.com>
  Herbert Xu <herb...@gondor.apana.org.au>
  Ido Schimmel <ido...@mellanox.com>
  J. Bruce Fields <bfie...@redhat.com>
  James Clarke <jrt...@jrtc27.com>
  Jan Klötzke <jan.kloet...@preh.de>
  Jessica Yu <j...@kernel.org>
  Jiri Slaby <jsl...@suse.cz>
  Jisheng Zhang <jisheng.zh...@synaptics.com>
  Joe Burmeister <joe.burmeis...@devtank.co.uk>
  Jonathan Corbet <cor...@lwn.net>
  Jorge Ramirez-Ortiz <jorge.ramirez-or...@linaro.org>
  Juergen Gross <jgr...@suse.com>
  Junwei Hu <hujunw...@huawei.com>
  Kailang Yang <kail...@realtek.com>
  Kees Cook <keesc...@chromium.org>
  Kloetzke Jan <jan.kloet...@preh.de>
  Konrad Rzeszutek Wilk <konrad.w...@oracle.com>
  Laurent Pinchart <laurent.pinch...@ideasonboard.com>
  Linus Torvalds <torva...@linux-foundation.org>
  Lyude Paul <ly...@redhat.com>
  Marc Zyngier <marc.zyng...@arm.com>
  Martin K. Petersen <martin.peter...@oracle.com>
  Mathias Nyman <mathias.ny...@linux.intel.com>
  Matthias Kaehlcke <m...@chromium.org>
  Mauro Carvalho Chehab <mchehab+sams...@kernel.org>
  Maxime Chevallier <maxime.chevall...@bootlin.com>
  Maximilian Luz <luzmaximil...@gmail.com>
  Meelis Roos <mr...@linux.ee>
  Michael Chan <michael.c...@broadcom.com>
  Michael Ellerman <m...@ellerman.id.au>
  Michal Hocko <mho...@suse.com>
  Miguel Ojeda <miguel.ojeda.sando...@gmail.com>
  Mike Manning <mmann...@vyatta.att-mail.com>
  Mimi Zohar <zo...@linux.ibm.com>
  Nadav Amit <na...@vmware.com>
  oliver Neukum <oneu...@suse.com>
  Parav Pandit <pa...@mellanox.com>
  Paul Mackerras <pau...@ozlabs.org>
  Pavel Shilovsky <pshi...@microsoft.com>
  Rasmus Villemoes <li...@rasmusvillemoes.dk>
  Rasmus Villemoes <rasmus.villem...@prevas.dk>
  Raul E Rangel <rran...@chromium.org>
  Ravi Bangoria <ravi.bango...@linux.ibm.com>
  Roberto Bergantinos Corpas <rberg...@redhat.com>
  Roberto Sassu <roberto.sa...@huawei.com>
  Russell King <rmk+ker...@armlinux.org.uk>
  Saeed Mahameed <sae...@mellanox.com>
  Shuah Khan <sk...@linuxfoundation.org>
  Stefan Agner <ste...@agner.ch>
  Steffen Maier <ma...@linux.ibm.com>
  Steve French <stfre...@microsoft.com>
  Takashi Iwai <ti...@suse.de>
  Thomas Hellstrom <thellst...@vmware.com>
  Thomas Huth <th...@redhat.com>
  Tim Collier <osde...@gmail.com>
  Todd Kjos <tk...@android.com>
  Todd Kjos <tk...@google.com>
  Vicente Bergas <vice...@gmail.com>
  Vladimir Davydov <vdavydov....@gmail.com>
  Zhenliang Wei <weizhenli...@huawei.com>

jobs:
 build-amd64-xsm                                              pass    
 build-arm64-xsm                                              pass    
 build-i386-xsm                                               pass    
 build-amd64                                                  pass    
 build-arm64                                                  pass    
 build-armhf                                                  pass    
 build-i386                                                   pass    
 build-amd64-libvirt                                          pass    
 build-arm64-libvirt                                          pass    
 build-armhf-libvirt                                          pass    
 build-i386-libvirt                                           pass    
 build-amd64-pvops                                            pass    
 build-arm64-pvops                                            pass    
 build-armhf-pvops                                            pass    
 build-i386-pvops                                             pass    
 test-amd64-amd64-xl                                          pass    
 test-arm64-arm64-xl                                          pass    
 test-armhf-armhf-xl                                          pass    
 test-amd64-i386-xl                                           pass    
 test-amd64-amd64-libvirt-qemuu-debianhvm-amd64-xsm           pass    
 test-amd64-i386-libvirt-qemuu-debianhvm-amd64-xsm            fail    
 test-amd64-amd64-xl-qemut-stubdom-debianhvm-amd64-xsm        pass    
 test-amd64-i386-xl-qemut-stubdom-debianhvm-amd64-xsm         pass    
 test-amd64-amd64-xl-qemut-debianhvm-i386-xsm                 pass    
 test-amd64-i386-xl-qemut-debianhvm-i386-xsm                  pass    
 test-amd64-amd64-xl-qemuu-debianhvm-i386-xsm                 pass    
 test-amd64-i386-xl-qemuu-debianhvm-i386-xsm                  pass    
 test-amd64-amd64-libvirt-xsm                                 pass    
 test-arm64-arm64-libvirt-xsm                                 pass    
 test-amd64-i386-libvirt-xsm                                  pass    
 test-amd64-amd64-xl-xsm                                      pass    
 test-arm64-arm64-xl-xsm                                      pass    
 test-amd64-i386-xl-xsm                                       pass    
 test-amd64-amd64-qemuu-nested-amd                            fail    
 test-amd64-amd64-xl-pvhv2-amd                                pass    
 test-amd64-i386-qemut-rhel6hvm-amd                           pass    
 test-amd64-i386-qemuu-rhel6hvm-amd                           pass    
 test-amd64-amd64-xl-qemut-debianhvm-amd64                    pass    
 test-amd64-i386-xl-qemut-debianhvm-amd64                     pass    
 test-amd64-amd64-xl-qemuu-debianhvm-amd64                    pass    
 test-amd64-i386-xl-qemuu-debianhvm-amd64                     pass    
 test-amd64-i386-freebsd10-amd64                              pass    
 test-amd64-amd64-xl-qemuu-ovmf-amd64                         pass    
 test-amd64-i386-xl-qemuu-ovmf-amd64                          pass    
 test-amd64-amd64-xl-qemut-win7-amd64                         fail    
 test-amd64-i386-xl-qemut-win7-amd64                          fail    
 test-amd64-amd64-xl-qemuu-win7-amd64                         fail    
 test-amd64-i386-xl-qemuu-win7-amd64                          fail    
 test-amd64-amd64-xl-qemut-ws16-amd64                         fail    
 test-amd64-i386-xl-qemut-ws16-amd64                          fail    
 test-amd64-amd64-xl-qemuu-ws16-amd64                         fail    
 test-amd64-i386-xl-qemuu-ws16-amd64                          fail    
 test-armhf-armhf-xl-arndale                                  pass    
 test-amd64-amd64-xl-credit1                                  pass    
 test-arm64-arm64-xl-credit1                                  pass    
 test-armhf-armhf-xl-credit1                                  pass    
 test-amd64-amd64-xl-credit2                                  pass    
 test-arm64-arm64-xl-credit2                                  pass    
 test-armhf-armhf-xl-credit2                                  pass    
 test-armhf-armhf-xl-cubietruck                               pass    
 test-amd64-amd64-xl-qemuu-dmrestrict-amd64-dmrestrict        pass    
 test-amd64-i386-xl-qemuu-dmrestrict-amd64-dmrestrict         pass    
 test-amd64-amd64-examine                                     pass    
 test-arm64-arm64-examine                                     pass    
 test-armhf-armhf-examine                                     pass    
 test-amd64-i386-examine                                      pass    
 test-amd64-i386-freebsd10-i386                               pass    
 test-amd64-amd64-xl-qemut-win10-i386                         fail    
 test-amd64-i386-xl-qemut-win10-i386                          fail    
 test-amd64-amd64-xl-qemuu-win10-i386                         fail    
 test-amd64-i386-xl-qemuu-win10-i386                          fail    
 test-amd64-amd64-qemuu-nested-intel                          pass    
 test-amd64-amd64-xl-pvhv2-intel                              pass    
 test-amd64-i386-qemut-rhel6hvm-intel                         pass    
 test-amd64-i386-qemuu-rhel6hvm-intel                         pass    
 test-amd64-amd64-libvirt                                     pass    
 test-armhf-armhf-libvirt                                     pass    
 test-amd64-i386-libvirt                                      pass    
 test-amd64-amd64-xl-multivcpu                                pass    
 test-armhf-armhf-xl-multivcpu                                pass    
 test-amd64-amd64-pair                                        pass    
 test-amd64-i386-pair                                         pass    
 test-amd64-amd64-libvirt-pair                                pass    
 test-amd64-i386-libvirt-pair                                 pass    
 test-amd64-amd64-amd64-pvgrub                                pass    
 test-amd64-amd64-i386-pvgrub                                 pass    
 test-amd64-amd64-xl-pvshim                                   pass    
 test-amd64-i386-xl-pvshim                                    fail    
 test-amd64-amd64-pygrub                                      pass    
 test-amd64-amd64-xl-qcow2                                    pass    
 test-armhf-armhf-libvirt-raw                                 pass    
 test-amd64-i386-xl-raw                                       pass    
 test-amd64-amd64-xl-rtds                                     pass    
 test-armhf-armhf-xl-rtds                                     pass    
 test-amd64-amd64-xl-qemuu-debianhvm-amd64-shadow             pass    
 test-amd64-i386-xl-qemuu-debianhvm-amd64-shadow              pass    
 test-amd64-amd64-xl-shadow                                   pass    
 test-amd64-i386-xl-shadow                                    pass    
 test-amd64-amd64-libvirt-vhd                                 pass    
 test-armhf-armhf-xl-vhd                                      fail    


------------------------------------------------------------
sg-report-flight on osstest.test-lab.xenproject.org
logs: /home/logs/logs
images: /home/logs/images

Logs, config files, etc. are available at
    http://logs.test-lab.xenproject.org/osstest/logs

Explanation of these reports, and of osstest in general, is at
    http://xenbits.xen.org/gitweb/?p=osstest.git;a=blob;f=README.email;hb=master
    http://xenbits.xen.org/gitweb/?p=osstest.git;a=blob;f=README;hb=master

Test harness code can be found at
    http://xenbits.xen.org/gitweb?p=osstest.git;a=summary


Not pushing.

(No revision log; it would be 2330 lines long.)

_______________________________________________
Xen-devel mailing list
Xen-devel@lists.xenproject.org
https://lists.xenproject.org/mailman/listinfo/xen-devel

Reply via email to