flight 137113 linux-4.9 real [real] http://logs.test-lab.xenproject.org/osstest/logs/137113/
Regressions :-( Tests which did not succeed and are blocking, including tests which could not be run: test-arm64-arm64-examine 11 examine-serial/bootloader fail REGR. vs. 136967 Tests which did not succeed, but are not blocking: test-amd64-amd64-xl-qemut-win7-amd64 17 guest-stop fail like 136967 test-amd64-amd64-xl-qemuu-win7-amd64 17 guest-stop fail like 136967 test-amd64-i386-xl-qemut-win7-amd64 17 guest-stop fail like 136967 test-amd64-i386-xl-qemuu-win7-amd64 17 guest-stop fail like 136967 test-amd64-amd64-xl-qemuu-ws16-amd64 17 guest-stop fail like 136967 test-amd64-amd64-xl-qemuu-dmrestrict-amd64-dmrestrict 10 debian-hvm-install fail never pass test-amd64-i386-xl-qemuu-dmrestrict-amd64-dmrestrict 10 debian-hvm-install fail never pass test-amd64-amd64-xl-pvhv2-intel 12 guest-start fail never pass test-amd64-amd64-xl-pvhv2-amd 12 guest-start fail never pass test-amd64-amd64-libvirt-xsm 13 migrate-support-check fail never pass test-amd64-i386-xl-pvshim 12 guest-start fail never pass test-amd64-i386-libvirt 13 migrate-support-check fail never pass test-amd64-amd64-libvirt 13 migrate-support-check fail never pass test-amd64-i386-libvirt-xsm 13 migrate-support-check fail never pass test-amd64-i386-libvirt-qemuu-debianhvm-amd64-xsm 11 migrate-support-check fail never pass test-amd64-amd64-libvirt-qemuu-debianhvm-amd64-xsm 11 migrate-support-check fail never pass test-amd64-amd64-qemuu-nested-amd 17 debian-hvm-install/l1/l2 fail never pass test-arm64-arm64-xl-xsm 13 migrate-support-check fail never pass test-arm64-arm64-xl-xsm 14 saverestore-support-check fail never pass test-arm64-arm64-xl-credit2 13 migrate-support-check fail never pass test-arm64-arm64-xl-credit2 14 saverestore-support-check fail never pass test-arm64-arm64-xl-credit1 13 migrate-support-check fail never pass test-arm64-arm64-xl 13 migrate-support-check fail never pass test-arm64-arm64-xl-credit1 14 saverestore-support-check fail never pass test-arm64-arm64-xl 14 saverestore-support-check fail never pass test-arm64-arm64-libvirt-xsm 13 migrate-support-check fail never pass test-arm64-arm64-libvirt-xsm 14 saverestore-support-check fail never pass test-amd64-amd64-libvirt-vhd 12 migrate-support-check fail never pass test-armhf-armhf-xl-arndale 13 migrate-support-check fail never pass test-armhf-armhf-xl-arndale 14 saverestore-support-check fail never pass test-armhf-armhf-xl-multivcpu 13 migrate-support-check fail never pass test-armhf-armhf-xl-multivcpu 14 saverestore-support-check fail never pass test-armhf-armhf-xl 13 migrate-support-check fail never pass test-armhf-armhf-xl 14 saverestore-support-check fail never pass test-armhf-armhf-xl-cubietruck 13 migrate-support-check fail never pass test-armhf-armhf-xl-cubietruck 14 saverestore-support-check fail never pass test-armhf-armhf-libvirt 13 migrate-support-check fail never pass test-armhf-armhf-libvirt 14 saverestore-support-check fail never pass test-armhf-armhf-xl-credit2 13 migrate-support-check fail never pass test-armhf-armhf-xl-rtds 13 migrate-support-check fail never pass test-armhf-armhf-xl-rtds 14 saverestore-support-check fail never pass test-armhf-armhf-xl-credit2 14 saverestore-support-check fail never pass test-armhf-armhf-xl-credit1 13 migrate-support-check fail never pass test-armhf-armhf-xl-credit1 14 saverestore-support-check fail never pass test-amd64-amd64-xl-qemut-ws16-amd64 17 guest-stop fail never pass test-amd64-i386-xl-qemut-ws16-amd64 17 guest-stop fail never pass test-armhf-armhf-libvirt-raw 12 migrate-support-check fail never pass test-armhf-armhf-libvirt-raw 13 saverestore-support-check fail never pass test-armhf-armhf-xl-vhd 12 migrate-support-check fail never pass test-armhf-armhf-xl-vhd 13 saverestore-support-check fail never pass test-amd64-i386-xl-qemuu-ws16-amd64 17 guest-stop fail never pass test-amd64-amd64-xl-qemut-win10-i386 10 windows-install fail never pass test-amd64-amd64-xl-qemuu-win10-i386 10 windows-install fail never pass test-amd64-i386-xl-qemuu-win10-i386 10 windows-install fail never pass test-amd64-i386-xl-qemut-win10-i386 10 windows-install fail never pass version targeted for testing: linux b16a5334ed1211bf961c5883eb0f3ce35e90b4df baseline version: linux 2584e66ffbf0fceb85c2d2f9179b6954720ec55d Last test of basis 136967 2019-05-25 22:16:09 Z 7 days Testing same since 137113 2019-05-31 14:10:18 Z 2 days 1 attempts ------------------------------------------------------------ People who touched revisions under test: Aditya Pakki <pakki...@umn.edu> Adrian Hunter <adrian.hun...@intel.com> Akinobu Mita <akinobu.m...@gmail.com> Alan Stern <st...@rowland.harvard.edu> Alexander Potapenko <gli...@google.com> Alexandre Belloni <alexandre.bell...@bootlin.com> Alexandru Ardelean <alexandru.ardel...@analog.com> Alim Akhtar <alim.akh...@samsung.com> Andrea Merello <andrea.mere...@gmail.com> Andrea Parri <andrea.pa...@amarulasolutions.com> Andreas Gruenbacher <agrue...@redhat.com> Andrew Morton <a...@linux-foundation.org> Arend van Spriel <arend.vanspr...@broadcom.com> Arnaldo Carvalho de Melo <a...@redhat.com> Arnd Bergmann <a...@arndb.de> Bart Van Assche <bvanass...@acm.org> Bartlomiej Zolnierkiewicz <b.zolnier...@samsung.com> Ben Hutchings <b...@decadent.org.uk> Benjamin Tissoires <benjamin.tissoi...@redhat.com> Bo YU <tsu.y...@gmail.com> Borislav Petkov <b...@suse.de> Chanwoo Choi <cw00.c...@samsung.com> Charles Keepax <ckee...@opensource.cirrus.com> Chengguang Xu <cgxu...@gmx.com> Chris Lesiak <chris.les...@licor.com> Chris Wilson <ch...@chris-wilson.co.uk> Colin Ian King <colin.k...@canonical.com> Coly Li <col...@suse.de> Corentin Labbe <clabbe.montj...@gmail.com> Dan Carpenter <dan.carpen...@oracle.com> Dan Williams <dan.j.willi...@intel.com> Daniel Axtens <d...@axtens.net> Daniel Baluta <daniel.bal...@nxp.com> David S. Miller <da...@davemloft.net> David Sterba <dste...@suse.com> Dennis Schridde <devuran...@gmx.net> Dick Kennedy <dick.kenn...@broadcom.com> Filipe Manana <fdman...@suse.com> Flavio Suligoi <f.suli...@asem.it> Geert Uytterhoeven <geert+rene...@glider.be> Greg Kroah-Hartman <gre...@linuxfoundation.org> Guenter Roeck <li...@roeck-us.net> Gustavo A. R. Silva <gust...@embeddedor.com> Hans de Goede <hdego...@redhat.com> Hans Verkuil <hverkuil-ci...@xs4all.nl> Hans Verkuil <hverk...@xs4all.nl> Herbert Xu <herb...@gondor.apana.org.au> Himanshu Madhani <hmadh...@marvell.com> Ingo Molnar <mi...@kernel.org> James Hutchinson <jahutchinso...@googlemail.com> James Smart <jsmart2...@gmail.com> Jan Kara <j...@suse.cz> Janusz Krzysztofik <jmkrzy...@gmail.com> Jason Gunthorpe <j...@mellanox.com> Jean-Philippe Brucker <jean-philippe.bruc...@arm.com> Jeff Kirsher <jeffrey.t.kirs...@intel.com> Jens Axboe <ax...@kernel.dk> Jerome Brunet <jbru...@baylibre.com> Jiri Kosina <jkos...@suse.cz> Jiufei Xue <jiufei....@linux.alibaba.com> Johannes Berg <johannes.b...@intel.com> John Garry <john.ga...@huawei.com> Jonathan Cameron <jonathan.came...@huawei.com> Kalle Valo <kv...@codeaurora.org> Kangjie Lu <k...@umn.edu> Kees Cook <keesc...@chromium.org> Kento Kobayashi <kento.a.kobaya...@sony.com> Konstantin Khlebnikov <khlebni...@yandex-team.ru> Lad, Prabhakar <prabhakar.cse...@gmail.com> Larry Finger <larry.fin...@lwfinger.net> Lars-Peter Clausen <l...@metafoo.de> Linus Torvalds <torva...@linux-foundation.org> Linus Walleij <linus.wall...@linaro.org> Luca Coelho <luciano.coe...@intel.com> Ludovic Desroches <ludovic.desroc...@microchip.com> Marc Zyngier <marc.zyng...@arm.com> Mariusz Bialonczyk <ma...@skyboo.net> Mark Brown <broo...@kernel.org> Martin K. Petersen <martin.peter...@oracle.com> Martin Schwidefsky <schwidef...@de.ibm.com> Mauro Carvalho Chehab <mchehab+sams...@kernel.org> Michael Ellerman <m...@ellerman.id.au> Mike Kravetz <mike.krav...@oracle.com> Nathan Chancellor <natechancel...@gmail.com> Nathan Lynch <nath...@linux.ibm.com> Nayna Jain <na...@linux.ibm.com> Nicholas Nunley <nicholas.d.nun...@intel.com> Nicolas Ferre <nicolas.fe...@microchip.com> Nicolas Saenz Julienne <nsaenzjulie...@suse.de> Nicolin Chen <nicoleots...@gmail.com> Pankaj Gupta <pagu...@redhat.com> Paolo Bonzini <pbonz...@redhat.com> Paul E. McKenney <paul...@linux.ibm.com> Paul Moore <p...@paul-moore.com> Peter Ujfalusi <peter.ujfal...@ti.com> Peter Zijlstra (Intel) <pet...@infradead.org> Peter Zijlstra <a.p.zijls...@chello.nl> Peter Zijlstra <pet...@infradead.org> Philipp Zabel <p.za...@pengutronix.de> Piotr Figiel <p.fig...@camlintechnologies.com> Potnuri Bharat Teja <bha...@chelsio.com> Qian Cai <c...@lca.pw> Rafael J. Wysocki <rafael.j.wyso...@intel.com> Randy Dunlap <rdun...@infradead.org> # build-tested Raul E Rangel <rran...@chromium.org> Ross Lagerwall <ross.lagerw...@citrix.com> Sakari Ailus <sakari.ai...@linux.intel.com> Sameeh Jubran <same...@amazon.com> Sameer Pujar <spu...@nvidia.com> Sasha Levin <sas...@kernel.org> Sean Young <s...@mess.org> Sebastian Andrzej Siewior <bige...@linutronix.de> Sebastian Ott <seb...@linux.ibm.com> Sergey Matyukevich <sergey.matyukevich...@quantenna.com> Shile Zhang <shile.zh...@linux.alibaba.com> Shuah Khan <sh...@kernel.org> Sowjanya Komatineni <skomatin...@nvidia.com> Stanley Chu <stanley....@mediatek.com> Sugar Zhang <sugar.zh...@rock-chips.com> Suravee Suthikulpanit <suravee.suthikulpa...@amd.com> Suthikulpanit, Suravee <suravee.suthikulpa...@amd.com> Sven Van Asbroeck <thesve...@gmail.com> Tang Junhui <tang.junhui.li...@gmail.com> Theodore Ts'o <ty...@mit.edu> Thomas Gleixner <t...@linutronix.de> Tobin C. Harding <to...@kernel.org> Tony Lindgren <t...@atomide.com> Tony Luck <tony.l...@intel.com> Ulf Hansson <ulf.hans...@linaro.org> Vincenzo Frascino <vincenzo.frasc...@arm.com> Vinod Koul <vk...@kernel.org> Viresh Kumar <viresh.ku...@linaro.org> Wen Yang <wen.yan...@zte.com.cn> Wenwen Wang <wang6...@umn.edu> Will Deacon <will.dea...@arm.com> Yinbo Zhu <yinbo....@nxp.com> YueHaibing <yuehaib...@huawei.com> jobs: build-amd64-xsm pass build-arm64-xsm pass build-i386-xsm pass build-amd64 pass build-arm64 pass build-armhf pass build-i386 pass build-amd64-libvirt pass build-arm64-libvirt pass build-armhf-libvirt pass build-i386-libvirt pass build-amd64-pvops pass build-arm64-pvops pass build-armhf-pvops pass build-i386-pvops pass test-amd64-amd64-xl pass test-arm64-arm64-xl pass test-armhf-armhf-xl pass test-amd64-i386-xl pass test-amd64-amd64-libvirt-qemuu-debianhvm-amd64-xsm pass test-amd64-i386-libvirt-qemuu-debianhvm-amd64-xsm pass test-amd64-amd64-xl-qemut-stubdom-debianhvm-amd64-xsm pass test-amd64-i386-xl-qemut-stubdom-debianhvm-amd64-xsm pass test-amd64-amd64-xl-qemut-debianhvm-i386-xsm pass test-amd64-i386-xl-qemut-debianhvm-i386-xsm pass test-amd64-amd64-xl-qemuu-debianhvm-i386-xsm pass test-amd64-i386-xl-qemuu-debianhvm-i386-xsm pass test-amd64-amd64-libvirt-xsm pass test-arm64-arm64-libvirt-xsm pass test-amd64-i386-libvirt-xsm pass test-amd64-amd64-xl-xsm pass test-arm64-arm64-xl-xsm pass test-amd64-i386-xl-xsm pass test-amd64-amd64-qemuu-nested-amd fail test-amd64-amd64-xl-pvhv2-amd fail test-amd64-i386-qemut-rhel6hvm-amd pass test-amd64-i386-qemuu-rhel6hvm-amd pass test-amd64-amd64-xl-qemut-debianhvm-amd64 pass test-amd64-i386-xl-qemut-debianhvm-amd64 pass test-amd64-amd64-xl-qemuu-debianhvm-amd64 pass test-amd64-i386-xl-qemuu-debianhvm-amd64 pass test-amd64-i386-freebsd10-amd64 pass test-amd64-amd64-xl-qemuu-ovmf-amd64 pass test-amd64-i386-xl-qemuu-ovmf-amd64 pass test-amd64-amd64-xl-qemut-win7-amd64 fail test-amd64-i386-xl-qemut-win7-amd64 fail test-amd64-amd64-xl-qemuu-win7-amd64 fail test-amd64-i386-xl-qemuu-win7-amd64 fail test-amd64-amd64-xl-qemut-ws16-amd64 fail test-amd64-i386-xl-qemut-ws16-amd64 fail test-amd64-amd64-xl-qemuu-ws16-amd64 fail test-amd64-i386-xl-qemuu-ws16-amd64 fail test-armhf-armhf-xl-arndale pass test-amd64-amd64-xl-credit1 pass test-arm64-arm64-xl-credit1 pass test-armhf-armhf-xl-credit1 pass test-amd64-amd64-xl-credit2 pass test-arm64-arm64-xl-credit2 pass test-armhf-armhf-xl-credit2 pass test-armhf-armhf-xl-cubietruck pass test-amd64-amd64-xl-qemuu-dmrestrict-amd64-dmrestrict fail test-amd64-i386-xl-qemuu-dmrestrict-amd64-dmrestrict fail test-amd64-amd64-examine pass test-arm64-arm64-examine pass test-armhf-armhf-examine pass test-amd64-i386-examine pass test-amd64-i386-freebsd10-i386 pass test-amd64-amd64-xl-qemut-win10-i386 fail test-amd64-i386-xl-qemut-win10-i386 fail test-amd64-amd64-xl-qemuu-win10-i386 fail test-amd64-i386-xl-qemuu-win10-i386 fail test-amd64-amd64-qemuu-nested-intel pass test-amd64-amd64-xl-pvhv2-intel fail test-amd64-i386-qemut-rhel6hvm-intel pass test-amd64-i386-qemuu-rhel6hvm-intel pass test-amd64-amd64-libvirt pass test-armhf-armhf-libvirt pass test-amd64-i386-libvirt pass test-amd64-amd64-xl-multivcpu pass test-armhf-armhf-xl-multivcpu pass test-amd64-amd64-pair pass test-amd64-i386-pair pass test-amd64-amd64-libvirt-pair pass test-amd64-i386-libvirt-pair pass test-amd64-amd64-amd64-pvgrub pass test-amd64-amd64-i386-pvgrub pass test-amd64-amd64-xl-pvshim pass test-amd64-i386-xl-pvshim fail test-amd64-amd64-pygrub pass test-amd64-amd64-xl-qcow2 pass test-armhf-armhf-libvirt-raw pass test-amd64-i386-xl-raw pass test-amd64-amd64-xl-rtds pass test-armhf-armhf-xl-rtds pass test-amd64-amd64-xl-qemuu-debianhvm-amd64-shadow pass test-amd64-i386-xl-qemuu-debianhvm-amd64-shadow pass test-amd64-amd64-xl-shadow pass test-amd64-i386-xl-shadow pass test-amd64-amd64-libvirt-vhd pass test-armhf-armhf-xl-vhd pass ------------------------------------------------------------ sg-report-flight on osstest.test-lab.xenproject.org logs: /home/logs/logs images: /home/logs/images Logs, config files, etc. are available at http://logs.test-lab.xenproject.org/osstest/logs Explanation of these reports, and of osstest in general, is at http://xenbits.xen.org/gitweb/?p=osstest.git;a=blob;f=README.email;hb=master http://xenbits.xen.org/gitweb/?p=osstest.git;a=blob;f=README;hb=master Test harness code can be found at http://xenbits.xen.org/gitweb?p=osstest.git;a=summary Not pushing. (No revision log; it would be 4192 lines long.) _______________________________________________ Xen-devel mailing list Xen-devel@lists.xenproject.org https://lists.xenproject.org/mailman/listinfo/xen-devel