flight 134566 xen-unstable-smoke real [real] http://logs.test-lab.xenproject.org/osstest/logs/134566/
Regressions :-( Tests which did not succeed and are blocking, including tests which could not be run: build-arm64-xsm <job status> broken build-arm64-xsm 4 host-install(4) broken REGR. vs. 133991 build-armhf 6 xen-build fail REGR. vs. 133991 Tests which did not succeed, but are not blocking: test-arm64-arm64-xl-xsm 1 build-check(1) blocked n/a test-armhf-armhf-xl 1 build-check(1) blocked n/a test-amd64-amd64-libvirt 13 migrate-support-check fail never pass version targeted for testing: xen 072a96c4901b4cb084375d0a4ae881876c220b16 baseline version: xen cb70a26f78848fe45f593f7ebc9cfaac760a791b Last test of basis 133991 2019-03-22 15:00:46 Z 17 days Failing since 134068 2019-03-25 12:00:51 Z 14 days 66 attempts Testing same since 134550 2019-04-08 20:00:37 Z 0 days 3 attempts ------------------------------------------------------------ People who touched revisions under test: Andrew Cooper <andrew.coop...@citrix.com> Anthony PERARD <anthony.per...@citrix.com> Brian Woods <brian.wo...@amd.com> Christian Lindig <christian.lin...@citrix.com> Doug Goldstein <car...@cardoe.com> George Dunlap <george.dun...@citrix.com> Jan Beulich <jbeul...@suse.com> Juergen Gross <jgr...@suse.com> Julien Grall <julien.gr...@arm.com> Kevin Tian <kevin.t...@intel.com> Lukas Juenger <juen...@ice.rwth-aachen.de> M A Young <m.a.yo...@durham.ac.uk> Norbert Manthey <nmant...@amazon.de> Oleksandr Andrushchenko <oleksandr_andrushche...@epam.com> Paul Durrant <paul.durr...@citrix.com> Pawel Wieczorkiewicz <wipa...@amazon.de> Petre Pircalabu <ppircal...@bitdefender.com> Razvan Cojocaru <rcojoc...@bitdefender.com> Tamas K Lengyel <ta...@tklengyel.com> Wei Liu <wei.l...@citrix.com> Xiaochen Wang <wangxiaoch...@gmail.com> Xin Li <xin...@citrix.com> jobs: build-arm64-xsm broken build-amd64 pass build-armhf fail build-amd64-libvirt pass test-armhf-armhf-xl blocked test-arm64-arm64-xl-xsm blocked test-amd64-amd64-xl-qemuu-debianhvm-i386 pass test-amd64-amd64-libvirt pass ------------------------------------------------------------ sg-report-flight on osstest.test-lab.xenproject.org logs: /home/logs/logs images: /home/logs/images Logs, config files, etc. are available at http://logs.test-lab.xenproject.org/osstest/logs Explanation of these reports, and of osstest in general, is at http://xenbits.xen.org/gitweb/?p=osstest.git;a=blob;f=README.email;hb=master http://xenbits.xen.org/gitweb/?p=osstest.git;a=blob;f=README;hb=master Test harness code can be found at http://xenbits.xen.org/gitweb?p=osstest.git;a=summary broken-job build-arm64-xsm broken broken-step build-arm64-xsm host-install(4) Not pushing. (No revision log; it would be 1654 lines long.) _______________________________________________ Xen-devel mailing list Xen-devel@lists.xenproject.org https://lists.xenproject.org/mailman/listinfo/xen-devel