flight 133750 qemu-mainline real [real] http://logs.test-lab.xenproject.org/osstest/logs/133750/
Failures :-/ but no regressions. Tests which did not succeed, but are not blocking: test-amd64-amd64-xl-qemuu-win7-amd64 17 guest-stop fail like 133703 test-armhf-armhf-libvirt 14 saverestore-support-check fail like 133703 test-amd64-i386-xl-qemuu-win7-amd64 17 guest-stop fail like 133703 test-amd64-amd64-xl-qemuu-ws16-amd64 17 guest-stop fail like 133703 test-armhf-armhf-libvirt-raw 13 saverestore-support-check fail like 133703 test-amd64-i386-xl-pvshim 12 guest-start fail never pass test-amd64-i386-libvirt 13 migrate-support-check fail never pass test-amd64-amd64-libvirt 13 migrate-support-check fail never pass test-amd64-i386-libvirt-xsm 13 migrate-support-check fail never pass test-arm64-arm64-xl-credit1 13 migrate-support-check fail never pass test-arm64-arm64-xl-credit1 14 saverestore-support-check fail never pass test-arm64-arm64-xl 13 migrate-support-check fail never pass test-arm64-arm64-xl 14 saverestore-support-check fail never pass test-arm64-arm64-libvirt-xsm 13 migrate-support-check fail never pass test-arm64-arm64-libvirt-xsm 14 saverestore-support-check fail never pass test-arm64-arm64-xl-xsm 13 migrate-support-check fail never pass test-arm64-arm64-xl-xsm 14 saverestore-support-check fail never pass test-amd64-amd64-libvirt-xsm 13 migrate-support-check fail never pass test-amd64-i386-libvirt-qemuu-debianhvm-amd64-xsm 11 migrate-support-check fail never pass test-arm64-arm64-xl-credit2 13 migrate-support-check fail never pass test-arm64-arm64-xl-credit2 14 saverestore-support-check fail never pass test-amd64-amd64-libvirt-qemuu-debianhvm-amd64-xsm 11 migrate-support-check fail never pass test-amd64-amd64-qemuu-nested-amd 17 debian-hvm-install/l1/l2 fail never pass test-armhf-armhf-xl-arndale 13 migrate-support-check fail never pass test-armhf-armhf-xl-arndale 14 saverestore-support-check fail never pass test-amd64-amd64-libvirt-vhd 12 migrate-support-check fail never pass test-armhf-armhf-xl-credit2 13 migrate-support-check fail never pass test-armhf-armhf-xl-credit2 14 saverestore-support-check fail never pass test-armhf-armhf-libvirt 13 migrate-support-check fail never pass test-armhf-armhf-xl-rtds 13 migrate-support-check fail never pass test-armhf-armhf-xl-rtds 14 saverestore-support-check fail never pass test-armhf-armhf-xl-multivcpu 13 migrate-support-check fail never pass test-armhf-armhf-xl-multivcpu 14 saverestore-support-check fail never pass test-armhf-armhf-xl-credit1 13 migrate-support-check fail never pass test-armhf-armhf-xl-credit1 14 saverestore-support-check fail never pass test-armhf-armhf-xl 13 migrate-support-check fail never pass test-armhf-armhf-xl 14 saverestore-support-check fail never pass test-armhf-armhf-libvirt-raw 12 migrate-support-check fail never pass test-armhf-armhf-xl-vhd 12 migrate-support-check fail never pass test-armhf-armhf-xl-vhd 13 saverestore-support-check fail never pass test-amd64-i386-xl-qemuu-ws16-amd64 17 guest-stop fail never pass test-amd64-i386-xl-qemuu-win10-i386 10 windows-install fail never pass test-armhf-armhf-xl-cubietruck 13 migrate-support-check fail never pass test-armhf-armhf-xl-cubietruck 14 saverestore-support-check fail never pass test-amd64-amd64-xl-qemuu-win10-i386 10 windows-install fail never pass version targeted for testing: qemuu cfc3fef6b4e493bf1a7ee16790ad584e20dfbbd1 baseline version: qemuu e2a18635a400b0e68679614132e9ef6316105590 Last test of basis 133703 2019-03-11 06:48:27 Z 2 days Testing same since 133750 2019-03-12 19:03:17 Z 1 days 1 attempts ------------------------------------------------------------ People who touched revisions under test: Aarushi Mehta <mehta.aar...@gmail.com> Aleksandar Markovic <amarko...@wavecomp.com> Alex Williamson <alex.william...@redhat.com> Alexander Graf <ag...@csgraf.de> Alexey Kardashevskiy <a...@ozlabs.ru> Amit Singh Tomar <amit.to...@freescale.com> Andrew Randrianasulu <randrianas...@gmail.com> Anthony PERARD <anthony.per...@citrix.com> BALATON Zoltan <bala...@eik.bme.hu> Christian Borntraeger <borntrae...@de.ibm.com> Cornelia Huck <coh...@redhat.com> Cédric Le Goater <c...@kaod.org> Daniel P. Berrange <berra...@redhat.com> Daniel P. Berrangé <berra...@redhat.com> David Abdurachmanov <david.abdurachma...@gmail.com> David Gibson <da...@gibson.dropbear.id.au> David Hildenbrand <da...@redhat.com> David Kiarie <davidkiar...@gmail.com> Eduardo Habkost <ehabk...@redhat.com> Eric Auger <eric.au...@redhat.com> Fabiano Rosas <faro...@linux.ibm.com> Gerd Hoffmann <kra...@redhat.com> Greg Kurz <gr...@kaod.org> Helge Deller <del...@gmx.de> Howard Spoelstra <hsp.c...@gmail.com> Ilya Maximets <i.maxim...@samsung.com> Jagannathan Raman <jag.ra...@oracle.com> Kamil Rytarowski <n...@gmx.com> Kővágó, Zoltán <dirty.ice...@gmail.com> Laszlo Ersek <ler...@redhat.com> Laurent Vivier <laur...@vivier.eu> Li Qiang <liq...@163.com> Luwei Kang <luwei.k...@intel.com> Mark Cave-Ayland <mark.cave-ayl...@ilande.co.uk> Markus Armbruster <arm...@redhat.com> Mateja Marjanovic <mateja.marjano...@rt-rk.com> Michael Roth <mdr...@linux.vnet.ibm.com> Paolo Bonzini <pbonz...@redhat.com> Peter Maydell <peter.mayd...@linaro.org> Philippe Mathieu-Daude <phi...@redhat.com> Philippe Mathieu-Daudé <f4...@amsat.org> Philippe Mathieu-Daudé <phi...@redhat.com> Samuel Thibault <samuel.thiba...@ens-lyon.org> Stefan Hajnoczi <stefa...@redhat.com> Stefano Garzarella <sgarz...@redhat.com> Suraj Jitindar Singh <sjitindarsi...@gmail.com> Sven Schnelle <sv...@stackframe.org> Thomas Huth <th...@redhat.com> Viktor Prutyanov <viktor.prutya...@phystech.edu> Wei Yang <richardw.y...@linux.intel.com> Zhengui Li <lizhen...@huawei.com> jobs: build-amd64-xsm pass build-arm64-xsm pass build-i386-xsm pass build-amd64 pass build-arm64 pass build-armhf pass build-i386 pass build-amd64-libvirt pass build-arm64-libvirt pass build-armhf-libvirt pass build-i386-libvirt pass build-amd64-pvops pass build-arm64-pvops pass build-armhf-pvops pass build-i386-pvops pass test-amd64-amd64-xl pass test-arm64-arm64-xl pass test-armhf-armhf-xl pass test-amd64-i386-xl pass test-amd64-amd64-libvirt-qemuu-debianhvm-amd64-xsm pass test-amd64-i386-libvirt-qemuu-debianhvm-amd64-xsm pass test-amd64-amd64-xl-qemuu-debianhvm-amd64-xsm pass test-amd64-i386-xl-qemuu-debianhvm-amd64-xsm pass test-amd64-amd64-libvirt-xsm pass test-arm64-arm64-libvirt-xsm pass test-amd64-i386-libvirt-xsm pass test-amd64-amd64-xl-xsm pass test-arm64-arm64-xl-xsm pass test-amd64-i386-xl-xsm pass test-amd64-amd64-qemuu-nested-amd fail test-amd64-amd64-xl-pvhv2-amd pass test-amd64-i386-qemuu-rhel6hvm-amd pass test-amd64-amd64-xl-qemuu-debianhvm-amd64 pass test-amd64-i386-xl-qemuu-debianhvm-amd64 pass test-amd64-i386-freebsd10-amd64 pass test-amd64-amd64-xl-qemuu-ovmf-amd64 pass test-amd64-i386-xl-qemuu-ovmf-amd64 pass test-amd64-amd64-xl-qemuu-win7-amd64 fail test-amd64-i386-xl-qemuu-win7-amd64 fail test-amd64-amd64-xl-qemuu-ws16-amd64 fail test-amd64-i386-xl-qemuu-ws16-amd64 fail test-armhf-armhf-xl-arndale pass test-amd64-amd64-xl-credit1 pass test-arm64-arm64-xl-credit1 pass test-armhf-armhf-xl-credit1 pass test-amd64-amd64-xl-credit2 pass test-arm64-arm64-xl-credit2 pass test-armhf-armhf-xl-credit2 pass test-armhf-armhf-xl-cubietruck pass test-amd64-amd64-xl-qemuu-dmrestrict-amd64-dmrestrict pass test-amd64-i386-xl-qemuu-dmrestrict-amd64-dmrestrict pass test-amd64-i386-freebsd10-i386 pass test-amd64-amd64-xl-qemuu-win10-i386 fail test-amd64-i386-xl-qemuu-win10-i386 fail test-amd64-amd64-qemuu-nested-intel pass test-amd64-amd64-xl-pvhv2-intel pass test-amd64-i386-qemuu-rhel6hvm-intel pass test-amd64-amd64-libvirt pass test-armhf-armhf-libvirt pass test-amd64-i386-libvirt pass test-amd64-amd64-xl-multivcpu pass test-armhf-armhf-xl-multivcpu pass test-amd64-amd64-pair pass test-amd64-i386-pair pass test-amd64-amd64-libvirt-pair pass test-amd64-i386-libvirt-pair pass test-amd64-amd64-amd64-pvgrub pass test-amd64-amd64-i386-pvgrub pass test-amd64-amd64-xl-pvshim pass test-amd64-i386-xl-pvshim fail test-amd64-amd64-pygrub pass test-amd64-amd64-xl-qcow2 pass test-armhf-armhf-libvirt-raw pass test-amd64-i386-xl-raw pass test-amd64-amd64-xl-rtds pass test-armhf-armhf-xl-rtds pass test-amd64-amd64-xl-qemuu-debianhvm-amd64-shadow pass test-amd64-i386-xl-qemuu-debianhvm-amd64-shadow pass test-amd64-amd64-xl-shadow pass test-amd64-i386-xl-shadow pass test-amd64-amd64-libvirt-vhd pass test-armhf-armhf-xl-vhd pass ------------------------------------------------------------ sg-report-flight on osstest.test-lab.xenproject.org logs: /home/logs/logs images: /home/logs/images Logs, config files, etc. are available at http://logs.test-lab.xenproject.org/osstest/logs Explanation of these reports, and of osstest in general, is at http://xenbits.xen.org/gitweb/?p=osstest.git;a=blob;f=README.email;hb=master http://xenbits.xen.org/gitweb/?p=osstest.git;a=blob;f=README;hb=master Test harness code can be found at http://xenbits.xen.org/gitweb?p=osstest.git;a=summary Pushing revision : To xenbits.xen.org:/home/xen/git/qemu-xen.git e2a18635a4..cfc3fef6b4 cfc3fef6b4e493bf1a7ee16790ad584e20dfbbd1 -> upstream-tested _______________________________________________ Xen-devel mailing list Xen-devel@lists.xenproject.org https://lists.xenproject.org/mailman/listinfo/xen-devel