flight 133764 xen-unstable-coverity real [real] http://logs.test-lab.xenproject.org/osstest/logs/133764/
Regressions :-( Tests which did not succeed and are blocking, including tests which could not be run: coverity-amd64 7 coverity-upload fail REGR. vs. 133615 version targeted for testing: xen fa6eba8d351f7134f47696c726ff1a2133bca5af baseline version: xen eeb31ee522c7bb8541eb4c037be2c42bfcf0a3c3 Last test of basis 133615 2019-03-06 09:18:51 Z 7 days Failing since 133682 2019-03-10 09:18:29 Z 3 days 2 attempts Testing same since 133764 2019-03-13 09:19:00 Z 0 days 1 attempts ------------------------------------------------------------ People who touched revisions under test: Andrew Cooper <andrew.coop...@citrix.com> Andrii Anisov <andrii_ani...@epam.com> Chao Gao <chao....@intel.com> George Dunlap <george.dun...@citrix.com> Ian Jackson <ian.jack...@eu.citrix.com> Igor Druzhinin <igor.druzhi...@citrix.com> Jan Beulich <jbeul...@suse.com Jan Beulich <jbeul...@suse.com> Juergen Gross <jgr...@suse.com> Julien Grall <julien.gr...@arm.com> Kevin Tian <kevin.t...@intel.com> Olaf Hering <o...@aepfle.de> Petre Pircalabu <ppircal...@bitdefender.com> Pritha Srivastava <pritha.srivast...@citrix.com> Roger Pau Monné <roger....@citrix.com> Ronan Abhamon <ronan.abha...@vates.fr> Sergey Dyasli <sergey.dya...@citrix.com> Tamas K Lengyel <ta...@tklengyel.com> Tim Deegan <t...@xen.org> Wei Liu <wei.l...@citrix.com> jobs: coverity-amd64 fail ------------------------------------------------------------ sg-report-flight on osstest.test-lab.xenproject.org logs: /home/logs/logs images: /home/logs/images Logs, config files, etc. are available at http://logs.test-lab.xenproject.org/osstest/logs Explanation of these reports, and of osstest in general, is at http://xenbits.xen.org/gitweb/?p=osstest.git;a=blob;f=README.email;hb=master http://xenbits.xen.org/gitweb/?p=osstest.git;a=blob;f=README;hb=master Test harness code can be found at http://xenbits.xen.org/gitweb?p=osstest.git;a=summary Not pushing. (No revision log; it would be 575 lines long.) _______________________________________________ Xen-devel mailing list Xen-devel@lists.xenproject.org https://lists.xenproject.org/mailman/listinfo/xen-devel