flight 133308 linux-4.9 real [real] http://logs.test-lab.xenproject.org/osstest/logs/133308/
Failures and problems with tests :-( Tests which did not succeed and are blocking, including tests which could not be run: test-amd64-amd64-xl-qemuu-win10-i386 <job status> broken test-amd64-amd64-xl-qemuu-win7-amd64 <job status> broken test-amd64-amd64-xl-qemuu-debianhvm-amd64-shadow <job status> broken test-amd64-i386-xl-qemut-stubdom-debianhvm-amd64-xsm <job status> broken build-amd64-libvirt <job status> broken test-armhf-armhf-xl-arndale <job status> broken test-amd64-i386-xl-qemuu-debianhvm-amd64-xsm <job status> broken test-amd64-i386-xl-qemuu-dmrestrict-amd64-dmrestrict <job status> broken test-amd64-amd64-xl-qcow2 <job status> broken build-amd64-libvirt 4 host-install(4) broken REGR. vs. 132748 test-amd64-i386-libvirt-qemuu-debianhvm-amd64-xsm <job status> broken in 133290 test-amd64-i386-xl-xsm <job status> broken in 133290 Tests which are failing intermittently (not blocking): test-amd64-i386-libvirt-qemuu-debianhvm-amd64-xsm 4 host-install(4) broken in 133290 pass in 133308 test-amd64-i386-xl-xsm 4 host-install(4) broken in 133290 pass in 133308 test-armhf-armhf-xl-arndale 4 host-install(4) broken pass in 133290 test-amd64-i386-xl-qemuu-dmrestrict-amd64-dmrestrict 4 host-install(4) broken pass in 133290 test-amd64-amd64-xl-qcow2 4 host-install(4) broken pass in 133290 test-amd64-amd64-xl-qemuu-win10-i386 4 host-install(4) broken pass in 133290 test-amd64-amd64-xl-qemuu-win7-amd64 4 host-install(4) broken pass in 133290 test-amd64-i386-xl-qemuu-debianhvm-amd64-xsm 4 host-install(4) broken pass in 133290 test-amd64-i386-xl-qemut-stubdom-debianhvm-amd64-xsm 4 host-install(4) broken pass in 133290 test-amd64-amd64-xl-qemuu-debianhvm-amd64-shadow 4 host-install(4) broken pass in 133290 test-amd64-amd64-xl-qemuu-ovmf-amd64 16 guest-localmigrate/x10 fail in 133276 pass in 133308 test-amd64-amd64-xl-qemuu-debianhvm-amd64-xsm 16 guest-localmigrate/x10 fail in 133290 pass in 133308 test-amd64-amd64-xl-qemut-debianhvm-amd64 16 guest-localmigrate/x10 fail pass in 133276 test-amd64-amd64-xl-qemut-debianhvm-amd64-xsm 10 debian-hvm-install fail pass in 133290 test-amd64-amd64-qemuu-nested-intel 17 debian-hvm-install/l1/l2 fail pass in 133290 test-amd64-amd64-i386-pvgrub 10 debian-di-install fail pass in 133290 test-armhf-armhf-libvirt-raw 10 debian-di-install fail pass in 133290 Tests which did not succeed, but are not blocking: test-amd64-amd64-libvirt 1 build-check(1) blocked n/a test-amd64-amd64-libvirt-qemuu-debianhvm-amd64-xsm 1 build-check(1) blocked n/a test-amd64-amd64-libvirt-xsm 1 build-check(1) blocked n/a test-amd64-amd64-libvirt-pair 1 build-check(1) blocked n/a test-amd64-amd64-libvirt-vhd 1 build-check(1) blocked n/a test-amd64-amd64-xl-qemuu-win7-amd64 17 guest-stop fail in 133290 like 132748 test-amd64-i386-xl-qemuu-dmrestrict-amd64-dmrestrict 10 debian-hvm-install fail in 133290 never pass test-amd64-amd64-libvirt 13 migrate-support-check fail in 133290 never pass test-amd64-amd64-libvirt-xsm 13 migrate-support-check fail in 133290 never pass test-amd64-amd64-libvirt-qemuu-debianhvm-amd64-xsm 11 migrate-support-check fail in 133290 never pass test-armhf-armhf-xl-arndale 13 migrate-support-check fail in 133290 never pass test-armhf-armhf-xl-arndale 14 saverestore-support-check fail in 133290 never pass test-amd64-amd64-libvirt-vhd 12 migrate-support-check fail in 133290 never pass test-armhf-armhf-libvirt-raw 12 migrate-support-check fail in 133290 never pass test-armhf-armhf-libvirt-raw 13 saverestore-support-check fail in 133290 never pass test-amd64-amd64-xl-qemuu-win10-i386 10 windows-install fail in 133290 never pass test-amd64-amd64-xl-qemut-win7-amd64 17 guest-stop fail like 132748 test-amd64-i386-xl-qemuu-win7-amd64 17 guest-stop fail like 132748 test-amd64-amd64-xl-qemuu-ws16-amd64 17 guest-stop fail like 132748 test-amd64-i386-xl-qemut-win7-amd64 17 guest-stop fail like 132748 test-amd64-amd64-xl-pvhv2-intel 12 guest-start fail never pass test-amd64-i386-xl-pvshim 12 guest-start fail never pass test-arm64-arm64-xl-credit1 13 migrate-support-check fail never pass test-arm64-arm64-xl-credit1 14 saverestore-support-check fail never pass test-arm64-arm64-xl-credit2 13 migrate-support-check fail never pass test-arm64-arm64-xl-credit2 14 saverestore-support-check fail never pass test-arm64-arm64-xl 13 migrate-support-check fail never pass test-arm64-arm64-libvirt-xsm 13 migrate-support-check fail never pass test-arm64-arm64-libvirt-xsm 14 saverestore-support-check fail never pass test-arm64-arm64-xl 14 saverestore-support-check fail never pass test-amd64-i386-libvirt 13 migrate-support-check fail never pass test-amd64-i386-libvirt-xsm 13 migrate-support-check fail never pass test-amd64-i386-libvirt-qemuu-debianhvm-amd64-xsm 11 migrate-support-check fail never pass test-amd64-amd64-qemuu-nested-amd 17 debian-hvm-install/l1/l2 fail never pass test-armhf-armhf-xl 13 migrate-support-check fail never pass test-armhf-armhf-xl 14 saverestore-support-check fail never pass test-armhf-armhf-xl-cubietruck 13 migrate-support-check fail never pass test-armhf-armhf-xl-cubietruck 14 saverestore-support-check fail never pass test-armhf-armhf-xl-credit1 13 migrate-support-check fail never pass test-armhf-armhf-xl-credit1 14 saverestore-support-check fail never pass test-armhf-armhf-xl-multivcpu 13 migrate-support-check fail never pass test-armhf-armhf-xl-multivcpu 14 saverestore-support-check fail never pass test-armhf-armhf-xl-rtds 13 migrate-support-check fail never pass test-armhf-armhf-xl-rtds 14 saverestore-support-check fail never pass test-amd64-amd64-xl-qemut-ws16-amd64 17 guest-stop fail never pass test-armhf-armhf-xl-credit2 13 migrate-support-check fail never pass test-armhf-armhf-xl-credit2 14 saverestore-support-check fail never pass test-amd64-amd64-xl-qemuu-dmrestrict-amd64-dmrestrict 10 debian-hvm-install fail never pass test-amd64-amd64-xl-pvhv2-amd 12 guest-start fail never pass test-arm64-arm64-xl-xsm 13 migrate-support-check fail never pass test-arm64-arm64-xl-xsm 14 saverestore-support-check fail never pass test-amd64-i386-xl-qemuu-ws16-amd64 17 guest-stop fail never pass test-armhf-armhf-libvirt 13 migrate-support-check fail never pass test-armhf-armhf-libvirt 14 saverestore-support-check fail never pass test-armhf-armhf-xl-vhd 12 migrate-support-check fail never pass test-armhf-armhf-xl-vhd 13 saverestore-support-check fail never pass test-amd64-i386-xl-qemut-ws16-amd64 17 guest-stop fail never pass test-amd64-amd64-xl-qemut-win10-i386 10 windows-install fail never pass test-amd64-i386-xl-qemuu-win10-i386 10 windows-install fail never pass test-amd64-i386-xl-qemut-win10-i386 10 windows-install fail never pass version targeted for testing: linux 6ece8e403defba39de057c630e570fb4372dfcbe baseline version: linux a4d0a0910e693dafd83311994e12a0a8a0846694 Last test of basis 132748 2019-02-02 13:03:26 Z 18 days Failing since 132973 2019-02-06 16:41:43 Z 13 days 8 attempts Testing same since 133276 2019-02-16 05:13:47 Z 4 days 3 attempts ------------------------------------------------------------ People who touched revisions under test: "Eric W. Biederman" <ebied...@xmission.com> Aaro Koskinen <aaro.koski...@iki.fi> Aaron Brown <aaron.f.br...@intel.com> Aaron Lu <aaron...@linux.alibaba.com> Adamski, Krzysztof (Nokia - PL/Wroclaw) <krzysztof.adam...@nokia.com> Aditya Pakki <pakki...@umn.edu> Adrian Hunter <adrian.hun...@intel.com> Al Viro <v...@zeniv.linux.org.uk> Alan Stern <st...@rowland.harvard.edu> Alan Tull <at...@kernel.org> Alexandru Ardelean <alexandru.ardel...@analog.com> Alexei Starovoitov <a...@kernel.org> Alexey Khoroshilov <khoroshi...@ispras.ru> Amir Goldstein <amir7...@gmail.com> Andreas Gruenbacher <agrue...@redhat.com> Andrei Vagin <ava...@gmail.com> Andrew Bowers <andrewx.bow...@intel.com> Andrew Morton <a...@linux-foundation.org> Andy Duan <fugang.d...@nxp.com> Andy Shevchenko <andriy.shevche...@linux.intel.com> Anna Schumaker <anna.schuma...@netapp.com> Anson Huang <anson.hu...@nxp.com> Anton Ivanov <anton.iva...@cambridgegreys.com> Ard Biesheuvel <ard.biesheu...@linaro.org> Arend van Spriel <arend.vanspr...@broadcom.com> Arkadiusz Miskiewicz <ar...@maven.pl> Arnaldo Carvalho de Melo <a...@redhat.com> Arnd Bergmann <a...@arndb.de> Aya Levin <a...@mellanox.com> Bart Van Assche <bvanass...@acm.org> Bartlomiej Zolnierkiewicz <b.zolnier...@samsung.com> Benjamin Herrenschmidt <b...@kernel.crashing.org> Benjamin Tissoires <benjamin.tissoi...@redhat.com> Beomho Seo <beomho....@samsung.com> Bernard Pidoux <f6...@free.fr> Bin Liu <b-...@ti.com> Bjorn Andersson <bjorn.anders...@linaro.org> Bjorn Helgaas <bhelg...@google.com> Bjorn Helgaas <helg...@kernel.org> Bob Peterson <rpete...@redhat.com> Boris Brezillon <bbrezil...@kernel.org> Boris Brezillon <boris.brezil...@bootlin.com> Borislav Petkov <b...@suse.de> Casey Schaufler <ca...@schaufler-ca.com> Charles Keepax <ckee...@opensource.cirrus.com> Chen-Yu Tsai <w...@csie.org> Cheng Lin <cheng.lin...@zte.com.cn> Chris Perl <cp...@janestreet.com> Christophe Leroy <christophe.le...@c-s.fr> Colin Ian King <colin.k...@canonical.com> Cong Wang <xiyou.wangc...@gmail.com> Dan Carpenter <dan.carpen...@oracle.com> Daniel Borkmann <dan...@iogearbox.net> Daniel Lezcano <daniel.lezc...@linaro.org> Daniel Vetter <daniel.vet...@ffwll.ch> Dave Carroll <david.carr...@microsemi.com> Dave Chinner <dchin...@redhat.com> David Ahern <d...@cumulusnetworks.com> David Ahern <dsah...@gmail.com> David Hildenbrand <da...@redhat.com> David S. Miller <da...@davemloft.net> David Teigland <teigl...@redhat.com> Davidlohr Bueso <d...@stgolabs.net> Davidlohr Bueso <dbu...@suse.de> Dennis Dalessandro <dennis.dalessan...@intel.com> Dick Kennedy <dick.kenn...@broadcom.com> Dmitry Vyukov <dvyu...@google.com> Don Brace <don.br...@microsemi.com> Eduardo Valentin <edubez...@gmail.com> Eric Dumazet <eduma...@google.com> Eric W. Biederman <ebied...@xmission.com> Fabio Estevam <feste...@gmail.com> Felipe Balbi <felipe.ba...@linux.intel.com> Felix Fietkau <n...@nbd.name> Finn Thain <fth...@telegraphics.com.au> Florian Fainelli <f.faine...@gmail.com> Florian Kauer <florian.ka...@koalo.de> Florian Westphal <f...@strlen.de> Frank Rowand <frank.row...@sony.com> Govindarajulu Varadarajan <gvara...@cisco.com> Greg Kroah-Hartman <gre...@linuxfoundation.org> Guenter Roeck <li...@roeck-us.net> Guillaume Nault <g.na...@alphalink.fr> Guillaume Nault <gna...@redhat.com> Gustavo A. R. Silva <gust...@embeddedor.com> Han Xu <han...@nxp.com> Hans de Goede <hdego...@redhat.com> Hans Verkuil <hverkuil-ci...@xs4all.nl> Hans Verkuil <hverk...@xs4all.nl> He Zhe <zhe...@windriver.com> Herbert Xu <herb...@gondor.apana.org.au> Ilya Dryomov <idryo...@gmail.com> Ingo Molnar <mi...@kernel.org> J. Bruce Fields <bfie...@redhat.com> Jacob Wen <jian.w....@oracle.com> Jaegeuk Kim <jaeg...@kernel.org> Jakub Kicinski <jakub.kicin...@netronome.com> James Bottomley <james.bottom...@hansenpartnership.com> James Morse <james.mo...@arm.com> James Smart <jsmart2...@gmail.com> Jan Kara <j...@suse.cz> Jann Horn <ja...@google.com> Jason Gunthorpe <j...@mellanox.com> Jeff Kirsher <jeffrey.t.kirs...@intel.com> Jens Axboe <ax...@kernel.dk> Jia-Ju Bai <baijiaju1...@gmail.com> Jimmy Durand Wesolowski <j...@amazon.de> Jiong Wang <jiong.w...@netronome.com> Jiri Kosina <jkos...@suse.cz> Jiri Olsa <jo...@kernel.org> Joerg Roedel <jroe...@suse.de> Johan Hedberg <johan.hedb...@intel.com> Johannes Berg <johannes.b...@intel.com> Jon Hunter <jonath...@nvidia.com> Jonathan Cameron <jonathan.came...@huawei.com> João Paulo Rechi Vita <jprv...@endlessm.com> João Paulo Rechi Vita <jprv...@gmail.com> Junxiao Bi <junxiao...@oracle.com> Kai-Heng Feng <kai.heng.f...@canonical.com> Kalle Valo <kv...@codeaurora.org> Kan Liang <kan.li...@linux.intel.com> Kangjie Lu <k...@umn.edu> Kees Cook <keesc...@chromium.org> Keith Busch <keith.bu...@intel.com> Koen Vandeputte <koen.vandepu...@ncentric.com> Konstantin Khorenko <khore...@virtuozzo.com> Krzysztof Adamski <krzysztof.adam...@nokia.com> Krzysztof Halasa <khal...@piap.pl> Lars Ellenberg <lars.ellenb...@linbit.com> Leonid Iziumtsev <leonid.iziumt...@gmail.com> Li RongQing <lirongq...@baidu.com> Linus Torvalds <torva...@linux-foundation.org> Linus Walleij <linus.wall...@linaro.org> Lorenzo Bianconi <lorenzo.bianc...@redhat.com> Lorenzo Pieralisi <lorenzo.pieral...@arm.com> Lubomir Rintel <lkund...@v3.sk> Luca Coelho <luciano.coe...@intel.com> Luis Chamberlain <mcg...@kernel.org> Luiz Augusto von Dentz <luiz.von.de...@intel.com> Lukas Wunner <lu...@wunner.de> Mahesh Rajashekhara <mahesh.rajashekh...@microsemi.com> Manfred Schlaegl <manfred.schla...@ginzinger.com> Marc Gonzalez <marc.w.gonza...@free.fr> Marc Zyngier <marc.zyng...@arm.com> Marcel Holtmann <mar...@holtmann.org> Marek Szyprowski <m.szyprow...@samsung.com> Mark Brown <broo...@kernel.org> Mark Rutland <mark.rutl...@arm.com> Martin Blumenstingl <martin.blumensti...@googlemail.com> Martin K. Petersen <martin.peter...@oracle.com> Martin Kepplinger <martin.kepplin...@ginzinger.com> Masahiro Yamada <yamada.masah...@socionext.com> Matheus Tavares <matheus.bernard...@usp.br> Mathias Nyman <mathias.ny...@linux.intel.com> Mathias Thore <mathias.th...@infinera.com> Matt Ranostay <matt.ranos...@konsulko.com> Mauro Carvalho Chehab <mchehab+sams...@kernel.org> Maxime Ripard <maxime.rip...@bootlin.com> Michael Ellerman <m...@ellerman.id.au> Michal Hocko <mho...@suse.com> Mike Marciniszyn <mike.marcinis...@intel.com> Miklos Szeredi <mszer...@redhat.com> Miroslav Lichvar <mlich...@redhat.com> Myungho Jung <mhju...@gmail.com> Naoya Horiguchi <n-horigu...@ah.jp.nec.com> Nathan Chancellor <natechancel...@gmail.com> Noralf Trønnes <nor...@tronnes.org> Oleg Nesterov <o...@redhat.com> Oleksandr Natalenko <oleksa...@natalenko.name> Olga Kornievskaia <a...@umich.edu> Olof Johansson <o...@lixom.net> Paolo Bonzini <pbonz...@redhat.com> Paul Burton <paul.bur...@mips.com> Paul E. McKenney <paul...@linux.ibm.com> Paul Elder <paul.el...@ideasonboard.com> Paulo Alcantara <palcant...@suse.de> Paulo Alcantara <pa...@paulo.ac> Pavel Machek <pa...@ucw.cz> Pavel Shilovsky <pshi...@microsoft.com> Peter Rosin <p...@axentia.se> Peter Shier <psh...@google.com> Peter Zijlstra (Intel) <pet...@infradead.org> Peter Zijlstra (Intel) <pet...@infradead.org> # With developer hat on Peter Zijlstra (Intel) <pet...@infradead.org> # With maintainer hat on Peter Zijlstra <pet...@infradead.org> Philipp Zabel <p.za...@pengutronix.de> Pierre-Louis Bossart <pierre-louis.boss...@linux.intel.com> Pu Wen <pu...@hygon.cn> Radim Krčmář <rkrc...@redhat.com> Rafael Aquini <aqu...@redhat.com> Rafael J. Wysocki <rafael.j.wyso...@intel.com> Renato Lui Geh <renato...@gmail.com> Richard Cochran <richardcoch...@gmail.com> Richard Weinberger <rich...@nod.at> Roland Kammerer <roland.kamme...@linbit.com> Roman Gushchin <g...@fb.com> Ronnie Sahlberg <lsahl...@redhat.com> Rundong Ge <rdong...@gmail.com> Russell King - ARM Linux <li...@armlinux.org.uk> Russell King <rmk+ker...@armlinux.org.uk> Saeed Mahameed <sae...@mellanox.com> Sahitya Tummala <stumm...@codeaurora.org> Sami Tolvanen <samitolva...@google.com> Santosh Shilimkar <santosh.shilim...@oracle.com> Sasha Levin <sas...@kernel.org> Scott Bauer <scott.ba...@intel.com> Scott Wood <o...@buserror.net> Sebastian Andrzej Siewior <bige...@linutronix.de> Sergei Shtylyov <sergei.shtyl...@cogentembedded.com> Shakeel Butt <shake...@google.com> Shannon Nelson <shannon.lee.nel...@gmail.com> Shawn Guo <shawn...@kernel.org> Simon Wunderlich <s...@simonwunderlich.de> Slawomir Stepien <s...@poczta.fm> Song Liu <songliubrav...@fb.com> Srinivas Kandagatla <srinivas.kandaga...@linaro.org> Stefan Roese <s...@denx.de> Stefan Wahren <stefan.wah...@i2se.com> Steffen Klassert <steffen.klass...@secunet.com> Stephen Boyd <sb...@kernel.org> Steve French <stfre...@microsoft.com> Steve Longerbeam <slongerb...@gmail.com> Steven Rostedt (VMware) <rost...@goodmis.org> Sudeep Holla <sudeep.ho...@arm.com> Sushma Kalakota <sushmax.kalak...@intel.com> Sven Eckelmann <s...@narfation.org> syzbot+c1e36d30ee3416289...@syzkaller.appspotmail.com Takashi Iwai <ti...@suse.de> Tariq Toukan <tar...@mellanox.com> Tetsuo Handa <penguin-ker...@i-love.sakura.ne.jp> Thierry Reding <tred...@nvidia.com> Thomas Gleixner <t...@linutronix.de> Thomas Hellstrom <thellst...@vmware.com> Tiezhu Yang <kernelpa...@126.com> Tim Harvey <thar...@gateworks.com> Tina Zhang <tina.zh...@intel.com> Tomas Winkler <tomas.wink...@intel.com> Tony Lindgren <t...@atomide.com> Tony Luck <tony.l...@intel.com> Ulf Hansson <ulf.hans...@linaro.org> Uwe Kleine-König <u.kleine-koe...@pengutronix.de> Vinod Koul <vk...@kernel.org> Vitaly Kuznetsov <vkuzn...@redhat.com> Vivek Gautam <vivek.gau...@codeaurora.org> Vladimir Kondratiev <vladimir.kondrat...@linux.intel.com> Vladis Dronov <vdro...@redhat.com> Waiman Long <long...@redhat.com> Wang Li <wangl...@baidu.com> Wei Wang <w...@google.com> Wenwen Wang <wang6...@umn.edu> Will Deacon <will.dea...@arm.com> Wolfram Sang <w...@the-dreams.de> Yangtao Li <tiny.win...@gmail.com> Young Xiao <yang...@hotmail.com> Yu Zhao <yuz...@google.com> YueHaibing <yuehaib...@huawei.com> Yufen Wang <wangyu...@huawei.com> Yunlei He <heyun...@huawei.com> Zhang Rui <rui.zh...@intel.com> Zhang Yu <zhangy...@baidu.com> Zoran Markovic <zmarko...@sierrawireless.com> Zubin Mithra <z...@chromium.org> jobs: build-amd64-xsm pass build-arm64-xsm pass build-i386-xsm pass build-amd64 pass build-arm64 pass build-armhf pass build-i386 pass build-amd64-libvirt broken build-arm64-libvirt pass build-armhf-libvirt pass build-i386-libvirt pass build-amd64-pvops pass build-arm64-pvops pass build-armhf-pvops pass build-i386-pvops pass build-amd64-rumprun pass build-i386-rumprun pass test-amd64-amd64-xl pass test-arm64-arm64-xl pass test-armhf-armhf-xl pass test-amd64-i386-xl pass test-amd64-amd64-xl-qemut-debianhvm-amd64-xsm fail test-amd64-i386-xl-qemut-debianhvm-amd64-xsm pass test-amd64-amd64-libvirt-qemuu-debianhvm-amd64-xsm blocked test-amd64-i386-libvirt-qemuu-debianhvm-amd64-xsm pass test-amd64-amd64-xl-qemuu-debianhvm-amd64-xsm pass test-amd64-i386-xl-qemuu-debianhvm-amd64-xsm broken test-amd64-amd64-xl-qemut-stubdom-debianhvm-amd64-xsm pass test-amd64-i386-xl-qemut-stubdom-debianhvm-amd64-xsm broken test-amd64-amd64-libvirt-xsm blocked test-arm64-arm64-libvirt-xsm pass test-amd64-i386-libvirt-xsm pass test-amd64-amd64-xl-xsm pass test-arm64-arm64-xl-xsm pass test-amd64-i386-xl-xsm pass test-amd64-amd64-qemuu-nested-amd fail test-amd64-amd64-xl-pvhv2-amd fail test-amd64-i386-qemut-rhel6hvm-amd pass test-amd64-i386-qemuu-rhel6hvm-amd pass test-amd64-amd64-xl-qemut-debianhvm-amd64 fail test-amd64-i386-xl-qemut-debianhvm-amd64 pass test-amd64-amd64-xl-qemuu-debianhvm-amd64 pass test-amd64-i386-xl-qemuu-debianhvm-amd64 pass test-amd64-i386-freebsd10-amd64 pass test-amd64-amd64-xl-qemuu-ovmf-amd64 pass test-amd64-i386-xl-qemuu-ovmf-amd64 pass test-amd64-amd64-rumprun-amd64 pass test-amd64-amd64-xl-qemut-win7-amd64 fail test-amd64-i386-xl-qemut-win7-amd64 fail test-amd64-amd64-xl-qemuu-win7-amd64 broken test-amd64-i386-xl-qemuu-win7-amd64 fail test-amd64-amd64-xl-qemut-ws16-amd64 fail test-amd64-i386-xl-qemut-ws16-amd64 fail test-amd64-amd64-xl-qemuu-ws16-amd64 fail test-amd64-i386-xl-qemuu-ws16-amd64 fail test-armhf-armhf-xl-arndale broken test-amd64-amd64-xl-credit1 pass test-arm64-arm64-xl-credit1 pass test-armhf-armhf-xl-credit1 pass test-amd64-amd64-xl-credit2 pass test-arm64-arm64-xl-credit2 pass test-armhf-armhf-xl-credit2 pass test-armhf-armhf-xl-cubietruck pass test-amd64-amd64-xl-qemuu-dmrestrict-amd64-dmrestrict fail test-amd64-i386-xl-qemuu-dmrestrict-amd64-dmrestrict broken test-amd64-amd64-examine pass test-arm64-arm64-examine pass test-armhf-armhf-examine pass test-amd64-i386-examine pass test-amd64-i386-freebsd10-i386 pass test-amd64-i386-rumprun-i386 pass test-amd64-amd64-xl-qemut-win10-i386 fail test-amd64-i386-xl-qemut-win10-i386 fail test-amd64-amd64-xl-qemuu-win10-i386 broken test-amd64-i386-xl-qemuu-win10-i386 fail test-amd64-amd64-qemuu-nested-intel fail test-amd64-amd64-xl-pvhv2-intel fail test-amd64-i386-qemut-rhel6hvm-intel pass test-amd64-i386-qemuu-rhel6hvm-intel pass test-amd64-amd64-libvirt blocked test-armhf-armhf-libvirt pass test-amd64-i386-libvirt pass test-amd64-amd64-xl-multivcpu pass test-armhf-armhf-xl-multivcpu pass test-amd64-amd64-pair pass test-amd64-i386-pair pass test-amd64-amd64-libvirt-pair blocked test-amd64-i386-libvirt-pair pass test-amd64-amd64-amd64-pvgrub pass test-amd64-amd64-i386-pvgrub fail test-amd64-amd64-xl-pvshim pass test-amd64-i386-xl-pvshim fail test-amd64-amd64-pygrub pass test-amd64-amd64-xl-qcow2 broken test-armhf-armhf-libvirt-raw fail test-amd64-i386-xl-raw pass test-amd64-amd64-xl-rtds pass test-armhf-armhf-xl-rtds pass test-amd64-amd64-xl-qemuu-debianhvm-amd64-shadow broken test-amd64-i386-xl-qemuu-debianhvm-amd64-shadow pass test-amd64-amd64-xl-shadow pass test-amd64-i386-xl-shadow pass test-amd64-amd64-libvirt-vhd blocked test-armhf-armhf-xl-vhd pass ------------------------------------------------------------ sg-report-flight on osstest.test-lab.xenproject.org logs: /home/logs/logs images: /home/logs/images Logs, config files, etc. are available at http://logs.test-lab.xenproject.org/osstest/logs Explanation of these reports, and of osstest in general, is at http://xenbits.xen.org/gitweb/?p=osstest.git;a=blob;f=README.email;hb=master http://xenbits.xen.org/gitweb/?p=osstest.git;a=blob;f=README;hb=master Test harness code can be found at http://xenbits.xen.org/gitweb?p=osstest.git;a=summary broken-job test-amd64-amd64-xl-qemuu-win10-i386 broken broken-job test-amd64-amd64-xl-qemuu-win7-amd64 broken broken-job test-amd64-amd64-xl-qemuu-debianhvm-amd64-shadow broken broken-job test-amd64-i386-xl-qemut-stubdom-debianhvm-amd64-xsm broken broken-job build-amd64-libvirt broken broken-job test-armhf-armhf-xl-arndale broken broken-job test-amd64-i386-xl-qemuu-debianhvm-amd64-xsm broken broken-job test-amd64-i386-xl-qemuu-dmrestrict-amd64-dmrestrict broken broken-job test-amd64-amd64-xl-qcow2 broken broken-step test-armhf-armhf-xl-arndale host-install(4) broken-step test-amd64-i386-xl-qemuu-dmrestrict-amd64-dmrestrict host-install(4) broken-step test-amd64-amd64-xl-qcow2 host-install(4) broken-step test-amd64-amd64-xl-qemuu-win10-i386 host-install(4) broken-step test-amd64-amd64-xl-qemuu-win7-amd64 host-install(4) broken-step test-amd64-i386-xl-qemuu-debianhvm-amd64-xsm host-install(4) broken-step test-amd64-i386-xl-qemut-stubdom-debianhvm-amd64-xsm host-install(4) broken-step build-amd64-libvirt host-install(4) broken-step test-amd64-amd64-xl-qemuu-debianhvm-amd64-shadow host-install(4) broken-job test-amd64-i386-libvirt-qemuu-debianhvm-amd64-xsm broken broken-job test-amd64-i386-xl-xsm broken Not pushing. (No revision log; it would be 5641 lines long.) _______________________________________________ Xen-devel mailing list Xen-devel@lists.xenproject.org https://lists.xenproject.org/mailman/listinfo/xen-devel