flight 133284 qemu-mainline real [real] http://logs.test-lab.xenproject.org/osstest/logs/133284/
Failures :-/ but no regressions. Tests which did not succeed, but are not blocking: test-amd64-amd64-xl-qemuu-win7-amd64 17 guest-stop fail like 132847 test-armhf-armhf-libvirt 14 saverestore-support-check fail like 132847 test-amd64-i386-xl-qemuu-win7-amd64 17 guest-stop fail like 132847 test-amd64-amd64-xl-qemuu-ws16-amd64 17 guest-stop fail like 132847 test-armhf-armhf-libvirt-raw 13 saverestore-support-check fail like 132847 test-amd64-i386-xl-pvshim 12 guest-start fail never pass test-arm64-arm64-xl-xsm 13 migrate-support-check fail never pass test-arm64-arm64-xl-xsm 14 saverestore-support-check fail never pass test-arm64-arm64-libvirt-xsm 13 migrate-support-check fail never pass test-arm64-arm64-libvirt-xsm 14 saverestore-support-check fail never pass test-arm64-arm64-xl-credit1 13 migrate-support-check fail never pass test-arm64-arm64-xl-credit1 14 saverestore-support-check fail never pass test-arm64-arm64-xl-credit2 13 migrate-support-check fail never pass test-amd64-i386-libvirt 13 migrate-support-check fail never pass test-arm64-arm64-xl 13 migrate-support-check fail never pass test-arm64-arm64-xl-credit2 14 saverestore-support-check fail never pass test-arm64-arm64-xl 14 saverestore-support-check fail never pass test-amd64-i386-libvirt-xsm 13 migrate-support-check fail never pass test-amd64-amd64-libvirt 13 migrate-support-check fail never pass test-amd64-i386-libvirt-qemuu-debianhvm-amd64-xsm 11 migrate-support-check fail never pass test-amd64-amd64-libvirt-qemuu-debianhvm-amd64-xsm 11 migrate-support-check fail never pass test-amd64-amd64-libvirt-xsm 13 migrate-support-check fail never pass test-armhf-armhf-xl-arndale 13 migrate-support-check fail never pass test-armhf-armhf-xl-arndale 14 saverestore-support-check fail never pass test-amd64-amd64-qemuu-nested-amd 17 debian-hvm-install/l1/l2 fail never pass test-amd64-amd64-libvirt-vhd 12 migrate-support-check fail never pass test-armhf-armhf-xl 13 migrate-support-check fail never pass test-armhf-armhf-xl 14 saverestore-support-check fail never pass test-armhf-armhf-libvirt 13 migrate-support-check fail never pass test-armhf-armhf-xl-rtds 13 migrate-support-check fail never pass test-armhf-armhf-xl-multivcpu 13 migrate-support-check fail never pass test-armhf-armhf-xl-rtds 14 saverestore-support-check fail never pass test-armhf-armhf-xl-multivcpu 14 saverestore-support-check fail never pass test-armhf-armhf-xl-credit1 13 migrate-support-check fail never pass test-armhf-armhf-xl-credit1 14 saverestore-support-check fail never pass test-armhf-armhf-xl-cubietruck 13 migrate-support-check fail never pass test-armhf-armhf-xl-cubietruck 14 saverestore-support-check fail never pass test-armhf-armhf-libvirt-raw 12 migrate-support-check fail never pass test-armhf-armhf-xl-credit2 13 migrate-support-check fail never pass test-armhf-armhf-xl-credit2 14 saverestore-support-check fail never pass test-amd64-i386-xl-qemuu-ws16-amd64 17 guest-stop fail never pass test-armhf-armhf-xl-vhd 12 migrate-support-check fail never pass test-armhf-armhf-xl-vhd 13 saverestore-support-check fail never pass test-amd64-i386-xl-qemuu-win10-i386 10 windows-install fail never pass test-amd64-amd64-xl-qemuu-win10-i386 10 windows-install fail never pass version targeted for testing: qemuu 1e36232994c8ad01774501d2e299deba3a2469af baseline version: qemuu a61faa3d02159d24d4fa984733dbc0c905508752 Last test of basis 132847 2019-02-04 13:19:31 Z 14 days Failing since 132945 2019-02-05 16:32:07 Z 12 days 7 attempts Testing same since 133284 2019-02-17 02:55:00 Z 1 days 1 attempts ------------------------------------------------------------ People who touched revisions under test: Aaron Lindsay <aa...@os.amperecomputing.com> Aaron Lindsay OS <aa...@os.amperecomputing.com> Aleksandar Markovic <amarko...@wavecomp.com> Alex Bennée <alex.ben...@linaro.org> Alistair Francis <alistair.fran...@wdc.com> Andrey Shinkevich <andrey.shinkev...@virtuozzo.com> Anthony PERARD <anthony.per...@citrix.com> Artem Pisarenko <artem.k.pisare...@gmail.com> Brendan Shanks <bren...@bslabs.net> Catherine Ho <catherine.h...@gmail.com> Changpeng Liu <changpeng....@intel.com> Chen Zhang <tgfb...@me.com> Cleber Rosa <cr...@redhat.com> Cornelia Huck <coh...@redhat.com> Daniel P. Berrangé <berra...@redhat.com> David Hildenbrand <da...@redhat.com> Dima Stepanov <dimas...@yandex-team.ru> Dongjiu Geng <gengdong...@huawei.com> Doug Gale <doug...@gmail.com> Dr. David Alan Gilbert <dgilb...@redhat.com> Ed Maste <ema...@freebsd.org> Emilio G. Cota <c...@braap.org> Eric Blake <ebl...@redhat.com> George Kennedy <george.kenn...@oracle.com> Gerd Hoffmann <kra...@redhat.com> Goran Ferenc <goran.fer...@imgtec.com> Heiher <r...@hev.cc> Helge Deller <del...@gmx.de> Howard Spoelstra Igor Mammedov <imamm...@redhat.com> Jason Wang <jasow...@redhat.com> Jon Doron <ari...@gmail.com> Kamil Rytarowski <n...@gmx.com> Kan Li <likan_999.stud...@sina.com> KONRAD Frederic <frederic.kon...@adacore.com> Laszlo Ersek <ler...@redhat.com> Laurent Vivier <laur...@vivier.eu> Laurent Vivier <lviv...@redhat.com> Leon Alrae <leon.al...@imgtec.com> Li Qiang <liq...@163.com> Li Zhijian <lizhij...@cn.fujitsu.com> Liam Merwick <liam.merw...@oracle.com> Marc-André Lureau <marcandre.lur...@redhat.com> Mark Cave-Ayland <mark.cave-ayl...@ilande.co.uk> Max Filippov <jcmvb...@gmail.com> Michael Clark <m...@sifive.com> Michael S. Tsirkin <m...@redhat.com> Michael Tokarev <m...@tls.msk.ru> Miodrag Dinic <miodrag.di...@imgtec.com> Murilo Opsfelder Araujo <muri...@linux.ibm.com> Palmer Dabbelt <pal...@sifive.com> Paolo Bonzini <pbonz...@redhat.com> Paul Durrant <paul.durr...@citrix.com> Peter Maydell <peter.mayd...@linaro.org> Peter Xu <pet...@redhat.com> Philippe Mathieu-Daudé <phi...@redhat.com> Prasad J Pandit <p...@fedoraproject.org> Richard Henderson <richard.hender...@linaro.org> Robert Hoo <robert...@linux.intel.com> Roman Bolshakov <r.bolsha...@yadro.com> Samuel Thibault <samuel.thiba...@ens-lyon.org> Sandra Loosemore <san...@codesourcery.com> Sergio Lopez <s...@redhat.com> Stefan Berger <stef...@linux.ibm.com> Stefan Hajnoczi <stefa...@redhat.com> Stefano Garzarella <sgarz...@redhat.com> Sven Schnelle <sv...@stackframe.org> Thomas Huth <h...@tuxfamily.org> Thomas Huth <th...@redhat.com> Thomas Petazzoni <thomas.petazz...@bootlin.com> Viktor Prutyanov <viktor.prutya...@phystech.edu> Vladimir Sementsov-Ogievskiy <vsement...@virtuozzo.com> Wei Yang <richardw.y...@linux.intel.com> Xi Wang <xi.w...@gmail.com> Yang Zhong <yang.zh...@intel.com> Ákos Kovács <akoskov...@gmx.com> jobs: build-amd64-xsm pass build-arm64-xsm pass build-i386-xsm pass build-amd64 pass build-arm64 pass build-armhf pass build-i386 pass build-amd64-libvirt pass build-arm64-libvirt pass build-armhf-libvirt pass build-i386-libvirt pass build-amd64-pvops pass build-arm64-pvops pass build-armhf-pvops pass build-i386-pvops pass test-amd64-amd64-xl pass test-arm64-arm64-xl pass test-armhf-armhf-xl pass test-amd64-i386-xl pass test-amd64-amd64-libvirt-qemuu-debianhvm-amd64-xsm pass test-amd64-i386-libvirt-qemuu-debianhvm-amd64-xsm pass test-amd64-amd64-xl-qemuu-debianhvm-amd64-xsm pass test-amd64-i386-xl-qemuu-debianhvm-amd64-xsm pass test-amd64-amd64-libvirt-xsm pass test-arm64-arm64-libvirt-xsm pass test-amd64-i386-libvirt-xsm pass test-amd64-amd64-xl-xsm pass test-arm64-arm64-xl-xsm pass test-amd64-i386-xl-xsm pass test-amd64-amd64-qemuu-nested-amd fail test-amd64-amd64-xl-pvhv2-amd pass test-amd64-i386-qemuu-rhel6hvm-amd pass test-amd64-amd64-xl-qemuu-debianhvm-amd64 pass test-amd64-i386-xl-qemuu-debianhvm-amd64 pass test-amd64-i386-freebsd10-amd64 pass test-amd64-amd64-xl-qemuu-ovmf-amd64 pass test-amd64-i386-xl-qemuu-ovmf-amd64 pass test-amd64-amd64-xl-qemuu-win7-amd64 fail test-amd64-i386-xl-qemuu-win7-amd64 fail test-amd64-amd64-xl-qemuu-ws16-amd64 fail test-amd64-i386-xl-qemuu-ws16-amd64 fail test-armhf-armhf-xl-arndale pass test-amd64-amd64-xl-credit1 pass test-arm64-arm64-xl-credit1 pass test-armhf-armhf-xl-credit1 pass test-amd64-amd64-xl-credit2 pass test-arm64-arm64-xl-credit2 pass test-armhf-armhf-xl-credit2 pass test-armhf-armhf-xl-cubietruck pass test-amd64-amd64-xl-qemuu-dmrestrict-amd64-dmrestrict pass test-amd64-i386-xl-qemuu-dmrestrict-amd64-dmrestrict pass test-amd64-i386-freebsd10-i386 pass test-amd64-amd64-xl-qemuu-win10-i386 fail test-amd64-i386-xl-qemuu-win10-i386 fail test-amd64-amd64-qemuu-nested-intel pass test-amd64-amd64-xl-pvhv2-intel pass test-amd64-i386-qemuu-rhel6hvm-intel pass test-amd64-amd64-libvirt pass test-armhf-armhf-libvirt pass test-amd64-i386-libvirt pass test-amd64-amd64-xl-multivcpu pass test-armhf-armhf-xl-multivcpu pass test-amd64-amd64-pair pass test-amd64-i386-pair pass test-amd64-amd64-libvirt-pair pass test-amd64-i386-libvirt-pair pass test-amd64-amd64-amd64-pvgrub pass test-amd64-amd64-i386-pvgrub pass test-amd64-amd64-xl-pvshim pass test-amd64-i386-xl-pvshim fail test-amd64-amd64-pygrub pass test-amd64-amd64-xl-qcow2 pass test-armhf-armhf-libvirt-raw pass test-amd64-i386-xl-raw pass test-amd64-amd64-xl-rtds pass test-armhf-armhf-xl-rtds pass test-amd64-amd64-xl-qemuu-debianhvm-amd64-shadow pass test-amd64-i386-xl-qemuu-debianhvm-amd64-shadow pass test-amd64-amd64-xl-shadow pass test-amd64-i386-xl-shadow pass test-amd64-amd64-libvirt-vhd pass test-armhf-armhf-xl-vhd pass ------------------------------------------------------------ sg-report-flight on osstest.test-lab.xenproject.org logs: /home/logs/logs images: /home/logs/images Logs, config files, etc. are available at http://logs.test-lab.xenproject.org/osstest/logs Explanation of these reports, and of osstest in general, is at http://xenbits.xen.org/gitweb/?p=osstest.git;a=blob;f=README.email;hb=master http://xenbits.xen.org/gitweb/?p=osstest.git;a=blob;f=README;hb=master Test harness code can be found at http://xenbits.xen.org/gitweb?p=osstest.git;a=summary Pushing revision : To xenbits.xen.org:/home/xen/git/qemu-xen.git a61faa3d02..1e36232994 1e36232994c8ad01774501d2e299deba3a2469af -> upstream-tested _______________________________________________ Xen-devel mailing list Xen-devel@lists.xenproject.org https://lists.xenproject.org/mailman/listinfo/xen-devel