flight 132615 xen-unstable-coverity real [real] http://logs.test-lab.xenproject.org/osstest/logs/132615/
Regressions :-( Tests which did not succeed and are blocking, including tests which could not be run: coverity-amd64 7 coverity-upload fail REGR. vs. 132424 version targeted for testing: xen f50dd67950ca9d5a517501af10de7c8d88d1a188 baseline version: xen 08b908ba63dee8bc313983c5e412852cbcbcda85 Last test of basis 132424 2019-01-23 09:19:14 Z 7 days Failing since 132506 2019-01-27 09:18:42 Z 3 days 2 attempts Testing same since 132615 2019-01-30 09:19:10 Z 0 days 1 attempts ------------------------------------------------------------ People who touched revisions under test: Andrew Cooper <andrew.coop...@citrix.com> Andrii Anisov <andrii_ani...@epam.com> George Dunlap <george.dun...@citrix.com> Ian Jackson <ian.jack...@eu.citrix.com> Jan Beulich <jbeul...@suse.com> Julien Grall <julien.gr...@arm.com> Norbert Manthey <nmant...@amazon.de> Roger Pau Monne <roger....@citrix.com> Roger Pau Monné <roger....@citrix.com> Tamas K Lengyel <ta...@tklengyel.com> Wei Liu <wei.l...@citrix.com> jobs: coverity-amd64 fail ------------------------------------------------------------ sg-report-flight on osstest.test-lab.xenproject.org logs: /home/logs/logs images: /home/logs/images Logs, config files, etc. are available at http://logs.test-lab.xenproject.org/osstest/logs Explanation of these reports, and of osstest in general, is at http://xenbits.xen.org/gitweb/?p=osstest.git;a=blob;f=README.email;hb=master http://xenbits.xen.org/gitweb/?p=osstest.git;a=blob;f=README;hb=master Test harness code can be found at http://xenbits.xen.org/gitweb?p=osstest.git;a=summary Not pushing. (No revision log; it would be 497 lines long.) _______________________________________________ Xen-devel mailing list Xen-devel@lists.xenproject.org https://lists.xenproject.org/mailman/listinfo/xen-devel