flight 132453 libvirt real [real] http://logs.test-lab.xenproject.org/osstest/logs/132453/
Failures :-/ but no regressions. Tests which did not succeed, but are not blocking: test-armhf-armhf-libvirt 14 saverestore-support-check fail like 132411 test-armhf-armhf-libvirt-raw 13 saverestore-support-check fail like 132411 test-amd64-i386-libvirt-xsm 13 migrate-support-check fail never pass test-amd64-i386-libvirt 13 migrate-support-check fail never pass test-amd64-amd64-libvirt-xsm 13 migrate-support-check fail never pass test-amd64-amd64-libvirt 13 migrate-support-check fail never pass test-amd64-i386-libvirt-qemuu-debianhvm-amd64-xsm 11 migrate-support-check fail never pass test-amd64-amd64-libvirt-qemuu-debianhvm-amd64-xsm 11 migrate-support-check fail never pass test-amd64-amd64-libvirt-vhd 12 migrate-support-check fail never pass test-armhf-armhf-libvirt 13 migrate-support-check fail never pass test-armhf-armhf-libvirt-raw 12 migrate-support-check fail never pass version targeted for testing: libvirt 7b6116fb895286f0fad7f2ff5a5cdcdbb57818f0 baseline version: libvirt 4fb769f5e02833ecf6ad495af3f3c705364e2d2c Last test of basis 132411 2019-01-23 04:18:45 Z 2 days Testing same since 132453 2019-01-24 04:19:38 Z 1 days 1 attempts ------------------------------------------------------------ People who touched revisions under test: Christian Ehrhardt <christian.ehrha...@canonical.com> dann frazier <dann.fraz...@canonical.com> Eric Blake <ebl...@redhat.com> Jamie Strandboge <ja...@canonical.com> Jim Fehlig <jfeh...@suse.com> Michal Privoznik <mpriv...@redhat.com> Peter Krempa <pkre...@redhat.com> Radoslaw Biernacki <radoslaw.bierna...@linaro.org> jobs: build-amd64-xsm pass build-i386-xsm pass build-amd64 pass build-armhf pass build-i386 pass build-amd64-libvirt pass build-armhf-libvirt pass build-i386-libvirt pass build-amd64-pvops pass build-armhf-pvops pass build-i386-pvops pass test-amd64-amd64-libvirt-qemuu-debianhvm-amd64-xsm pass test-amd64-i386-libvirt-qemuu-debianhvm-amd64-xsm pass test-amd64-amd64-libvirt-xsm pass test-amd64-i386-libvirt-xsm pass test-amd64-amd64-libvirt pass test-armhf-armhf-libvirt pass test-amd64-i386-libvirt pass test-amd64-amd64-libvirt-pair pass test-amd64-i386-libvirt-pair pass test-armhf-armhf-libvirt-raw pass test-amd64-amd64-libvirt-vhd pass ------------------------------------------------------------ sg-report-flight on osstest.test-lab.xenproject.org logs: /home/logs/logs images: /home/logs/images Logs, config files, etc. are available at http://logs.test-lab.xenproject.org/osstest/logs Explanation of these reports, and of osstest in general, is at http://xenbits.xen.org/gitweb/?p=osstest.git;a=blob;f=README.email;hb=master http://xenbits.xen.org/gitweb/?p=osstest.git;a=blob;f=README;hb=master Test harness code can be found at http://xenbits.xen.org/gitweb?p=osstest.git;a=summary Pushing revision : To xenbits.xen.org:/home/xen/git/libvirt.git 4fb769f5e0..7b6116fb89 7b6116fb895286f0fad7f2ff5a5cdcdbb57818f0 -> xen-tested-master _______________________________________________ Xen-devel mailing list Xen-devel@lists.xenproject.org https://lists.xenproject.org/mailman/listinfo/xen-devel