flight 132421 linux-4.9 real [real] http://logs.test-lab.xenproject.org/osstest/logs/132421/
Failures :-/ but no regressions. Tests which did not succeed, but are not blocking: test-amd64-amd64-xl-qemut-win7-amd64 17 guest-stop fail like 132063 test-amd64-i386-xl-qemut-win7-amd64 17 guest-stop fail like 132063 test-amd64-amd64-xl-qemuu-win7-amd64 17 guest-stop fail like 132063 test-amd64-i386-xl-qemuu-win7-amd64 17 guest-stop fail like 132063 test-amd64-amd64-xl-qemuu-ws16-amd64 17 guest-stop fail like 132063 test-amd64-amd64-xl-qemuu-dmrestrict-amd64-dmrestrict 10 debian-hvm-install fail never pass test-amd64-amd64-xl-pvhv2-intel 12 guest-start fail never pass test-amd64-i386-xl-qemuu-dmrestrict-amd64-dmrestrict 10 debian-hvm-install fail never pass test-amd64-amd64-xl-pvhv2-amd 12 guest-start fail never pass test-amd64-i386-libvirt 13 migrate-support-check fail never pass test-amd64-i386-xl-pvshim 12 guest-start fail never pass test-amd64-i386-libvirt-xsm 13 migrate-support-check fail never pass test-amd64-amd64-libvirt 13 migrate-support-check fail never pass test-amd64-amd64-libvirt-xsm 13 migrate-support-check fail never pass test-amd64-amd64-libvirt-qemuu-debianhvm-amd64-xsm 11 migrate-support-check fail never pass test-amd64-i386-libvirt-qemuu-debianhvm-amd64-xsm 11 migrate-support-check fail never pass test-amd64-amd64-qemuu-nested-amd 17 debian-hvm-install/l1/l2 fail never pass test-armhf-armhf-xl-arndale 13 migrate-support-check fail never pass test-armhf-armhf-xl-arndale 14 saverestore-support-check fail never pass test-amd64-amd64-libvirt-vhd 12 migrate-support-check fail never pass test-armhf-armhf-xl 13 migrate-support-check fail never pass test-armhf-armhf-xl 14 saverestore-support-check fail never pass test-armhf-armhf-xl-credit2 13 migrate-support-check fail never pass test-armhf-armhf-xl-credit2 14 saverestore-support-check fail never pass test-armhf-armhf-xl-multivcpu 13 migrate-support-check fail never pass test-armhf-armhf-xl-multivcpu 14 saverestore-support-check fail never pass test-armhf-armhf-xl-rtds 13 migrate-support-check fail never pass test-armhf-armhf-xl-rtds 14 saverestore-support-check fail never pass test-armhf-armhf-xl-credit1 13 migrate-support-check fail never pass test-armhf-armhf-xl-credit1 14 saverestore-support-check fail never pass test-armhf-armhf-libvirt 13 migrate-support-check fail never pass test-armhf-armhf-libvirt 14 saverestore-support-check fail never pass test-armhf-armhf-xl-cubietruck 13 migrate-support-check fail never pass test-armhf-armhf-xl-cubietruck 14 saverestore-support-check fail never pass test-amd64-amd64-xl-qemut-ws16-amd64 17 guest-stop fail never pass test-amd64-i386-xl-qemut-ws16-amd64 17 guest-stop fail never pass test-amd64-i386-xl-qemuu-ws16-amd64 17 guest-stop fail never pass test-armhf-armhf-xl-vhd 12 migrate-support-check fail never pass test-armhf-armhf-xl-vhd 13 saverestore-support-check fail never pass test-armhf-armhf-libvirt-raw 12 migrate-support-check fail never pass test-armhf-armhf-libvirt-raw 13 saverestore-support-check fail never pass test-amd64-amd64-xl-qemut-win10-i386 10 windows-install fail never pass test-amd64-amd64-xl-qemuu-win10-i386 10 windows-install fail never pass test-amd64-i386-xl-qemuu-win10-i386 10 windows-install fail never pass test-amd64-i386-xl-qemut-win10-i386 10 windows-install fail never pass version targeted for testing: linux ef50e3059ac91e7b035bce1a89e5b49771ed353a baseline version: linux 008bfb9312968bc6af54e47746a9d9f66c8388c0 Last test of basis 132063 2019-01-18 17:16:32 Z 5 days Testing same since 132421 2019-01-23 07:41:35 Z 1 days 1 attempts ------------------------------------------------------------ People who touched revisions under test: Andrew Morton <a...@linux-foundation.org> Anna Schumaker <anna.schuma...@netapp.com> Ard Biesheuvel <ard.biesheu...@linaro.org> Arnd Bergmann <a...@arndb.de> Aymen Sghaier <aymen.sgha...@nxp.com> Bartlomiej Zolnierkiewicz <b.zolnier...@samsung.com> Ben Hutchings <b...@decadent.org.uk> Casey Schaufler <ca...@schaufler-ca.com> Catalin Marinas <catalin.mari...@arm.com> Chao Yu <yuch...@huawei.com> Christoffer Dall <christoffer.d...@arm.com> Christophe Leroy <christophe.le...@c-s.fr> Daniel Vetter <daniel.vet...@ffwll.ch> David S. Miller <da...@davemloft.net> David Sterba <dste...@suse.com> Dmitry Osipenko <dig...@gmail.com> Dmitry Safonov <d...@arista.com> Eric Biggers <ebigg...@google.com> Eric Dumazet <eduma...@google.com> Greg Kroah-Hartman <gre...@linuxfoundation.org> Guenter Roeck <li...@roeck-us.net> Hans Verkuil <hansv...@cisco.com> Hans Verkuil <hverkuil-ci...@xs4all.nl> Hans Verkuil <hverk...@xs4all.nl> Harsh Jain <ha...@chelsio.com> Herbert Xu <herb...@gondor.apana.org.au> Horia Geantă <horia.gea...@nxp.com> Ivan Mironov <mironov.i...@gmail.com> J. Bruce Fields <bfie...@redhat.com> Jaegeuk Kim <jaeg...@kernel.org> James Morris <james.mor...@microsoft.com> Jan Kara <j...@suse.cz> Jason Gunthorpe <j...@mellanox.com> Jens Axboe <ax...@fb.com> Jens Axboe <ax...@kernel.dk> JianJhen Chen <kc...@synology.com> Johannes Weiner <han...@cmpxchg.org> John Johansen <john.johan...@canonical.com> Jon Hunter <jonath...@nvidia.com> Jonathan Hunter <jonath...@nvidia.com> Josef Bacik <jba...@fb.com> Josef Bacik <jo...@toxicpanda.com> Kees Cook <keesc...@chromium.org> Kirill A. Shutemov <kirill.shute...@linux.intel.com> Kristina Martsenko <kristina.martse...@arm.com> Lee Jones <lee.jo...@linaro.org> Linus Torvalds <torva...@linux-foundation.org> Lukas F. Hartmann <lu...@mntmn.com> Marc Kleine-Budde <m...@pengutronix.de> Marcelo Ricardo Leitner <marcelo.leit...@gmail.com> Mark Rutland <mark.rutl...@arm.com> Martin K. Petersen <martin.peter...@oracle.com> Mauro Carvalho Chehab <mchehab+sams...@kernel.org> Michal Hocko <mho...@suse.com> Muyu Yu <ieatmuttonch...@gmail.com> Neil Horman <nhor...@tuxdriver.com> Oliver Hartkopp <socket...@hartkopp.net> Pablo Neira Ayuso <pa...@netfilter.org> Paul Burton <paul.bur...@mips.com> Paul Moore <p...@paul-moore.com> Sasha Levin <sas...@kernel.org> Shakeel Butt <shake...@google.com> Stanley Chu <stanley....@mediatek.com> Stephen Smalley <s...@tycho.nsa.gov> Tetsuo Handa <penguin-ker...@i-love.sakura.ne.jp> Thierry Reding <tred...@nvidia.com> Tycho Andersen <ty...@tycho.ws> Varun Prakash <va...@chelsio.com> Vlad Tsyrklevich <v...@tsyrklevich.net> Will Deacon <will.dea...@arm.com> Willem de Bruijn <will...@google.com> Xin Long <lucien....@gmail.com> Ying Xue <ying....@windriver.com> YunQiang Su <y...@wavecomp.com> jobs: build-amd64-xsm pass build-i386-xsm pass build-amd64 pass build-armhf pass build-i386 pass build-amd64-libvirt pass build-armhf-libvirt pass build-i386-libvirt pass build-amd64-pvops pass build-armhf-pvops pass build-i386-pvops pass build-amd64-rumprun pass build-i386-rumprun pass test-amd64-amd64-xl pass test-armhf-armhf-xl pass test-amd64-i386-xl pass test-amd64-amd64-xl-qemut-debianhvm-amd64-xsm pass test-amd64-i386-xl-qemut-debianhvm-amd64-xsm pass test-amd64-amd64-libvirt-qemuu-debianhvm-amd64-xsm pass test-amd64-i386-libvirt-qemuu-debianhvm-amd64-xsm pass test-amd64-amd64-xl-qemuu-debianhvm-amd64-xsm pass test-amd64-i386-xl-qemuu-debianhvm-amd64-xsm pass test-amd64-amd64-xl-qemut-stubdom-debianhvm-amd64-xsm pass test-amd64-i386-xl-qemut-stubdom-debianhvm-amd64-xsm pass test-amd64-amd64-libvirt-xsm pass test-amd64-i386-libvirt-xsm pass test-amd64-amd64-xl-xsm pass test-amd64-i386-xl-xsm pass test-amd64-amd64-qemuu-nested-amd fail test-amd64-amd64-xl-pvhv2-amd fail test-amd64-i386-qemut-rhel6hvm-amd pass test-amd64-i386-qemuu-rhel6hvm-amd pass test-amd64-amd64-xl-qemut-debianhvm-amd64 pass test-amd64-i386-xl-qemut-debianhvm-amd64 pass test-amd64-amd64-xl-qemuu-debianhvm-amd64 pass test-amd64-i386-xl-qemuu-debianhvm-amd64 pass test-amd64-i386-freebsd10-amd64 pass test-amd64-amd64-xl-qemuu-ovmf-amd64 pass test-amd64-i386-xl-qemuu-ovmf-amd64 pass test-amd64-amd64-rumprun-amd64 pass test-amd64-amd64-xl-qemut-win7-amd64 fail test-amd64-i386-xl-qemut-win7-amd64 fail test-amd64-amd64-xl-qemuu-win7-amd64 fail test-amd64-i386-xl-qemuu-win7-amd64 fail test-amd64-amd64-xl-qemut-ws16-amd64 fail test-amd64-i386-xl-qemut-ws16-amd64 fail test-amd64-amd64-xl-qemuu-ws16-amd64 fail test-amd64-i386-xl-qemuu-ws16-amd64 fail test-armhf-armhf-xl-arndale pass test-amd64-amd64-xl-credit1 pass test-armhf-armhf-xl-credit1 pass test-amd64-amd64-xl-credit2 pass test-armhf-armhf-xl-credit2 pass test-armhf-armhf-xl-cubietruck pass test-amd64-amd64-xl-qemuu-dmrestrict-amd64-dmrestrict fail test-amd64-i386-xl-qemuu-dmrestrict-amd64-dmrestrict fail test-amd64-amd64-examine pass test-armhf-armhf-examine pass test-amd64-i386-examine pass test-amd64-i386-freebsd10-i386 pass test-amd64-i386-rumprun-i386 pass test-amd64-amd64-xl-qemut-win10-i386 fail test-amd64-i386-xl-qemut-win10-i386 fail test-amd64-amd64-xl-qemuu-win10-i386 fail test-amd64-i386-xl-qemuu-win10-i386 fail test-amd64-amd64-qemuu-nested-intel pass test-amd64-amd64-xl-pvhv2-intel fail test-amd64-i386-qemut-rhel6hvm-intel pass test-amd64-i386-qemuu-rhel6hvm-intel pass test-amd64-amd64-libvirt pass test-armhf-armhf-libvirt pass test-amd64-i386-libvirt pass test-amd64-amd64-xl-multivcpu pass test-armhf-armhf-xl-multivcpu pass test-amd64-amd64-pair pass test-amd64-i386-pair pass test-amd64-amd64-libvirt-pair pass test-amd64-i386-libvirt-pair pass test-amd64-amd64-amd64-pvgrub pass test-amd64-amd64-i386-pvgrub pass test-amd64-amd64-xl-pvshim pass test-amd64-i386-xl-pvshim fail test-amd64-amd64-pygrub pass test-amd64-amd64-xl-qcow2 pass test-armhf-armhf-libvirt-raw pass test-amd64-i386-xl-raw pass test-amd64-amd64-xl-rtds pass test-armhf-armhf-xl-rtds pass test-amd64-amd64-xl-qemuu-debianhvm-amd64-shadow pass test-amd64-i386-xl-qemuu-debianhvm-amd64-shadow pass test-amd64-amd64-xl-shadow pass test-amd64-i386-xl-shadow pass test-amd64-amd64-libvirt-vhd pass test-armhf-armhf-xl-vhd pass ------------------------------------------------------------ sg-report-flight on osstest.test-lab.xenproject.org logs: /home/logs/logs images: /home/logs/images Logs, config files, etc. are available at http://logs.test-lab.xenproject.org/osstest/logs Explanation of these reports, and of osstest in general, is at http://xenbits.xen.org/gitweb/?p=osstest.git;a=blob;f=README.email;hb=master http://xenbits.xen.org/gitweb/?p=osstest.git;a=blob;f=README;hb=master Test harness code can be found at http://xenbits.xen.org/gitweb?p=osstest.git;a=summary Pushing revision : To xenbits.xen.org:/home/xen/git/linux-pvops.git 008bfb931296..ef50e3059ac9 ef50e3059ac91e7b035bce1a89e5b49771ed353a -> tested/linux-4.9 _______________________________________________ Xen-devel mailing list Xen-devel@lists.xenproject.org https://lists.xenproject.org/mailman/listinfo/xen-devel