flight 131949 linux-4.14 real [real] http://logs.test-lab.xenproject.org/osstest/logs/131949/
Regressions :-( Tests which did not succeed and are blocking, including tests which could not be run: test-amd64-i386-xl-xsm <job status> broken test-amd64-amd64-xl-rtds <job status> broken test-amd64-i386-qemut-rhel6hvm-intel <job status> broken test-amd64-amd64-xl-qemut-debianhvm-amd64-xsm <job status> broken test-amd64-i386-xl-qemuu-dmrestrict-amd64-dmrestrict <job status> broken test-amd64-amd64-xl-pvhv2-intel <job status> broken test-amd64-i386-xl-qemuu-ovmf-amd64 <job status> broken test-amd64-i386-qemuu-rhel6hvm-intel <job status> broken test-amd64-i386-xl-qemut-debianhvm-amd64-xsm <job status> broken test-amd64-i386-examine 5 host-install broken REGR. vs. 131663 test-amd64-i386-qemut-rhel6hvm-intel 4 host-install(4) broken REGR. vs. 131663 test-amd64-i386-xl-xsm 4 host-install(4) broken REGR. vs. 131663 test-amd64-i386-xl-qemut-debianhvm-amd64-xsm 4 host-install(4) broken REGR. vs. 131663 test-amd64-amd64-xl-qemut-debianhvm-amd64-xsm 4 host-install(4) broken REGR. vs. 131663 test-amd64-i386-qemuu-rhel6hvm-intel 4 host-install(4) broken REGR. vs. 131663 test-amd64-amd64-xl-pvhv2-intel 4 host-install(4) broken REGR. vs. 131663 test-amd64-i386-xl-qemuu-dmrestrict-amd64-dmrestrict 4 host-install(4) broken REGR. vs. 131663 test-amd64-i386-xl-qemuu-ovmf-amd64 4 host-install(4) broken REGR. vs. 131663 test-amd64-amd64-xl-credit2 7 xen-boot fail REGR. vs. 131663 Regressions which are regarded as allowable (not blocking): test-amd64-amd64-xl-rtds 4 host-install(4) broken REGR. vs. 131663 Tests which did not succeed, but are not blocking: test-amd64-amd64-libvirt 13 migrate-support-check fail never pass test-amd64-amd64-libvirt-xsm 13 migrate-support-check fail never pass test-amd64-i386-xl-pvshim 12 guest-start fail never pass test-amd64-i386-libvirt 13 migrate-support-check fail never pass test-amd64-i386-libvirt-xsm 13 migrate-support-check fail never pass test-amd64-amd64-libvirt-qemuu-debianhvm-amd64-xsm 11 migrate-support-check fail never pass test-amd64-i386-libvirt-qemuu-debianhvm-amd64-xsm 11 migrate-support-check fail never pass test-armhf-armhf-xl-multivcpu 13 migrate-support-check fail never pass test-armhf-armhf-xl-multivcpu 14 saverestore-support-check fail never pass test-armhf-armhf-xl-arndale 13 migrate-support-check fail never pass test-armhf-armhf-xl-arndale 14 saverestore-support-check fail never pass test-amd64-amd64-qemuu-nested-amd 17 debian-hvm-install/l1/l2 fail never pass test-amd64-amd64-libvirt-vhd 12 migrate-support-check fail never pass test-armhf-armhf-xl-credit1 13 migrate-support-check fail never pass test-armhf-armhf-xl-credit1 14 saverestore-support-check fail never pass test-armhf-armhf-xl 13 migrate-support-check fail never pass test-armhf-armhf-xl 14 saverestore-support-check fail never pass test-armhf-armhf-xl-rtds 13 migrate-support-check fail never pass test-armhf-armhf-libvirt 13 migrate-support-check fail never pass test-armhf-armhf-xl-rtds 14 saverestore-support-check fail never pass test-armhf-armhf-libvirt 14 saverestore-support-check fail never pass test-armhf-armhf-xl-cubietruck 13 migrate-support-check fail never pass test-armhf-armhf-xl-cubietruck 14 saverestore-support-check fail never pass test-armhf-armhf-xl-credit2 13 migrate-support-check fail never pass test-armhf-armhf-xl-credit2 14 saverestore-support-check fail never pass test-amd64-i386-xl-qemut-win7-amd64 17 guest-stop fail never pass test-amd64-amd64-xl-qemuu-ws16-amd64 17 guest-stop fail never pass test-amd64-amd64-xl-qemuu-win7-amd64 17 guest-stop fail never pass test-amd64-i386-xl-qemuu-win7-amd64 17 guest-stop fail never pass test-amd64-amd64-xl-qemut-win7-amd64 17 guest-stop fail never pass test-amd64-amd64-xl-qemut-ws16-amd64 17 guest-stop fail never pass test-armhf-armhf-libvirt-raw 12 migrate-support-check fail never pass test-armhf-armhf-libvirt-raw 13 saverestore-support-check fail never pass test-armhf-armhf-xl-vhd 12 migrate-support-check fail never pass test-armhf-armhf-xl-vhd 13 saverestore-support-check fail never pass test-amd64-i386-xl-qemuu-ws16-amd64 17 guest-stop fail never pass test-amd64-i386-xl-qemut-ws16-amd64 17 guest-stop fail never pass test-amd64-amd64-xl-qemut-win10-i386 10 windows-install fail never pass test-amd64-amd64-xl-qemuu-win10-i386 10 windows-install fail never pass test-amd64-i386-xl-qemut-win10-i386 10 windows-install fail never pass test-amd64-i386-xl-qemuu-win10-i386 10 windows-install fail never pass version targeted for testing: linux 9c07fc259396fb5a26713755f92f60eb477ed567 baseline version: linux d2dd9f1593dc4d5ceb5cf4a973ed2c6e3a49d799 Last test of basis 131663 2018-12-31 10:50:02 Z 14 days Failing since 131884 2019-01-09 16:42:41 Z 5 days 5 attempts Testing same since 131949 2019-01-13 22:22:51 Z 1 days 1 attempts ------------------------------------------------------------ People who touched revisions under test: "Huang, Ying" <ying.hu...@intel.com> "Yan, Zheng" <z...@redhat.com> Aaro Koskinen <aaro.koski...@iki.fi> Ajay Singh <ajay.kat...@microchip.com> Alaa Hleihel <a...@mellanox.com> Alexander Aring <ar...@mojatatu.com> Alexander Shishkin <alexander.shish...@linux.intel.com> Alexandre Belloni <alexandre.bell...@bootlin.com> Andreas Gruenbacher <agrue...@redhat.com> Andrew Bowers <andrewx.bow...@intel.com> Andrew Morton <a...@linux-foundation.org> Anson Huang <anson.hu...@nxp.com> Anssi Hannula <anssi.hann...@bitwise.fi> Ard Biesheuvel <ard.biesheu...@linaro.org> Ariel Elior <ariel.el...@cavium.com> Arnaldo Carvalho de Melo <a...@redhat.com> Arnd Bergmann <a...@arndb.de> Ben Hutchings <b...@decadent.org.uk> Benjamin Coddington <bcodd...@redhat.com> Benjamin Poirier <bpoir...@suse.com> Benjamin Tissoires <benjamin.tissoi...@redhat.com> Bjørn Mork <bj...@mork.no> Bob Peterson <rpete...@redhat.com> Boris Brezillon <boris.brezil...@bootlin.com> Breno Leitao <lei...@debian.org> Christian Borntraeger <borntrae...@de.ibm.com> Christophe Leroy <christophe.le...@c-s.fr> Chuck Lever <chuck.le...@oracle.com> Claudiu Beznea <claudiu.bez...@microchip.com> Colin Ian King <colin.k...@canonical.com> Cong Wang <xiyou.wangc...@gmail.com> Damien Le Moal <damien.lem...@wdc.com> Dan Carpenter <dan.carpen...@oracle.com> Dan Williams <dan.j.willi...@intel.com> Daniel Axtens <d...@axtens.net> # powerpc 64-bit BE Daniele Palmas <dnl...@gmail.com> David Herrmann <dh.herrm...@gmail.com> David Hildenbrand <da...@redhat.com> David S. Miller <da...@davemloft.net> David Sterba <dste...@suse.com> David Teigland <teigl...@redhat.com> Deepa Dinamani <deepa.ker...@gmail.com> Dennis Dalessandro <dennis.dalessan...@intel.com> Dietmar Hahn <dietmar.h...@ts.fujitsu.com> Dmitry Torokhov <dmitry.torok...@gmail.com> Dominique Martinet <dominique.marti...@cea.fr> Doug Ledford <dledf...@redhat.com> Elaine Zhang <zhangq...@rock-chips.com> Eric Dumazet <eduma...@google.com> Ewan D. Milne <emi...@redhat.com> Fabio Estevam <feste...@gmail.com> Filipe Manana <fdman...@suse.com> Florian Westphal <f...@strlen.de> Frank Haverkamp <ha...@linux.vnet.ibm.com> Georgy A Bystrenin <g...@altlinux.org> Greg Hackmann <ghackm...@google.com> Greg Kroah-Hartman <gre...@linuxfoundation.org> Gustavo A. R. Silva <gust...@embeddedor.com> Hans de Goede <hdego...@redhat.com> Hans van Kranenburg <hans.van.kranenb...@mendix.com> Hans Verkuil <hverkuil-ci...@xs4all.nl> Harini Katakam <harini.kata...@xilinx.com> Heiko Stuebner <he...@sntech.de> Herbert Xu <herb...@gondor.apana.org.au> Huacai Chen <che...@lemote.com> Huang Ying <ying.hu...@intel.com> Hugh Dickins <hu...@google.com> Hui Peng <benqu...@163.com> Ido Schimmel <ido...@mellanox.com> Ilya Dryomov <idryo...@gmail.com> Ingo Molnar <mi...@kernel.org> Ivan Mironov <mironov.i...@gmail.com> J. Bruce Fields <bfie...@redhat.com> Jacob Keller <jacob.e.kel...@intel.com> Jaegeuk Kim <jaeg...@kernel.org> Jarkko Sakkinen <jarkko.sakki...@linux.intel.com> Jason Gunthorpe <j...@mellanox.com> Jason Martinsen <jasonmartin...@msn.com> Jason Wang <jasow...@redhat.com> Jeff Kirsher <jeffrey.t.kirs...@intel.com> Jerome Brunet <jbru...@baylibre.com> Jia-Ju Bai <baijiaju1...@gmail.com> Jiri Kosina <jkos...@suse.cz> Jiri Slaby <jsl...@suse.cz> Joel Stanley <j...@jms.id.au> Joerg Roedel <jroe...@suse.de> Johan Hovold <jo...@kernel.org> Johan Jonker <jbx9...@hotmail.com> Johannes Berg <johannes.b...@intel.com> Jon Maloy <jon.ma...@ericsson.com> Jonathan Lemon <jonathan.le...@gmail.com> Jorgen Hansen <jhan...@vmware.com> Jozsef Kadlecsik <kad...@blackhole.kfki.hu> Juergen Gross <jgr...@suse.com> Jörgen Storvist <jorgen.storv...@gmail.com> Kalle Valo <kv...@codeaurora.org> Kangjie Lu <k...@umn.edu> Kirill A. Shutemov <kirill.shute...@linux.intel.com> Kunihiko Hayashi <hayashi.kunih...@socionext.com> Larry Finger <larry.fin...@lwfinger.net> Laurence Oberman <lober...@redhat.com> Linus Torvalds <torva...@linux-foundation.org> Linus Walleij <linus.wall...@linaro.org> Logan Gunthorpe <log...@deltatee.com> Lorenzo Bianconi <lorenzo.bianc...@redhat.com> Lubomir Rintel <lkund...@v3.sk> Luca Coelho <luciano.coe...@intel.com> Lukas Wunner <lu...@wunner.de> Maciej W. Rozycki <ma...@linux-mips.org> Macpaul Lin <macpaul....@mediatek.com> Mantas Mikulėnas <graw...@gmail.com> Marc Zyngier <marc.zyng...@arm.com> Marcelo Ricardo Leitner <marcelo.leit...@gmail.com> Mark Brown <broo...@kernel.org> Martin Blumenstingl <martin.blumensti...@googlemail.com> Martin K. Petersen <martin.peter...@oracle.com> Martin Kelly <mar...@martingkelly.com> Martin Schwidefsky <schwidef...@de.ibm.com> Masahiro Yamada <yamada.masah...@socionext.com> Matthias Kaehlcke <m...@chromium.org> Mauricio Faria de Oliveira <m...@canonical.com> Maurizio Lombardi <mlomb...@redhat.com> Mauro Carvalho Chehab <mchehab+sams...@kernel.org> Michael Ellerman <m...@ellerman.id.au> Michael J. Ruhl <michael.j.r...@intel.com> Michael S. Tsirkin <m...@redhat.com> Michal Hocko <mho...@suse.com> Michal Kubecek <mkube...@suse.cz> Michal Simek <michal.si...@xilinx.com> Mike Snitzer <snit...@redhat.com> Mikulas Patocka <mpato...@redhat.com> Minchan Kim <minc...@kernel.org> Miquel Raynal <miquel.ray...@bootlin.com> Myungho Jung <mhju...@gmail.com> Naoya Horiguchi <n-horigu...@ah.jp.nec.com> Nathan Chancellor <natechancel...@gmail.com> Nava kishore Manne <nava.ma...@xilinx.com> Nayna Jain <na...@linux.ibm.com> (For TPM 2.0) Neil Armstrong <narmstr...@baylibre.com> Neil Horman <nhor...@tuxdriver.com> Nicholas Piggin <npig...@gmail.com> Nick Desaulniers <ndesaulni...@google.com> Nicolas Ferre <nicolas.fe...@microchip.com> Oliver Neukum <oneu...@suse.com> Ondrej Mosnacek <omosn...@redhat.com> Oscar Salvador <osalva...@suse.com> Pablo Neira Ayuso <pa...@netfilter.org> Pan Bian <bianpan2...@163.com> Paolo Bonzini <pbonz...@redhat.com> Patrick Dreyer <patrick.dre...@gmail.com> Patrick Dreyer <patr...@dreyer.name> Paul Burton <paul.bur...@mips.com> Paul Mackerras <pau...@ozlabs.org> Paul Moore <p...@paul-moore.com> Pavel Machek <pa...@ucw.cz> Peng Li <lipeng...@huawei.com> Peter Hutterer <peter.hutte...@who-t.net> Peter Zijlstra (Intel) <pet...@infradead.org> Priit Laes <pl...@plaes.org> Qian Cai <c...@lca.pw> Rafael J. Wysocki <rafael.j.wyso...@intel.com> Ricardo Neri <ricardo.neri-calde...@linux.intel.com> ruippan (潘睿) <ruip...@tencent.com> Saeed Mahameed <sae...@mellanox.com> Sagi Grimberg <s...@grimberg.me> Sameer Pujar <spu...@nvidia.com> Sara Sharon <sara.sha...@intel.com> Sargun Dhillon <sar...@sargun.me> Sasha Levin <sas...@kernel.org> Scott Chen <sc...@labau.com.tw> Sean Christopherson <sean.j.christopher...@intel.com> Sebastian Ott <seb...@linux.ibm.com> Sebastian Reichel <sebastian.reic...@collabora.com> Shalom Toledo <shal...@mellanox.com> Shaohua Li <s...@fb.com> Shawn Guo <shawn...@kernel.org> Sinan Kaya <ok...@kernel.org> Sohil Mehta <sohil.me...@intel.com> Stefan Assmann <sassm...@kpanic.de> Stefan Hajnoczi <stefa...@redhat.com> Stefan Schmidt <ste...@datenfreihafen.org> Steffen Klassert <steffen.klass...@secunet.com> Steffen Maier <ma...@linux.ibm.com> Stephen Smalley <s...@tycho.nsa.gov> Steve French <stfre...@microsoft.com> Sudarsana Kalluru <sudarsana.kall...@cavium.com> Sudarsana Reddy Kalluru <sudarsana.kall...@cavium.com> Sudip Mukherjee <sudipm.mukher...@gmail.com> Takashi Iwai <ti...@suse.de> Takashi Sakamoto <o-taka...@sakamocchi.jp> Tariq Toukan <tar...@mellanox.com> Tejun Heo <t...@kernel.org> Theodore Ts'o <ty...@mit.edu> Thomas Falcon <tlfal...@linux.ibm.com> Thomas Gleixner <t...@linutronix.de> Tom Gundersen <t...@jklm.no> Tomas Winkler <tomas.wink...@intel.com> Tony Lindgren <t...@atomide.com> Trond Myklebust <trond.mykleb...@hammerspace.com> Troy Kisky <troy.ki...@boundarydevices.com> Tyrel Datwyler <tyr...@linux.vnet.ibm.com> Uwe Kleine-König <u.kleine-koe...@pengutronix.de> Varun Prakash <va...@chelsio.com> Vasily Averin <v...@virtuozzo.com> Vincent Guittot <vincent.guit...@linaro.org> Wei Yongjun <weiyongj...@huawei.com> Wenwen Wang <wang6...@umn.edu> Will Deacon <will.dea...@arm.com> Willem de Bruijn <will...@google.com> Xin Long <lucien....@gmail.com> Yan, Zheng <z...@redhat.com> Yangtao Li <tiny.win...@gmail.com> Yi-Hung Wei <yihung....@gmail.com> Yonglong Liu <liuyongl...@huawei.com> YueHaibing <yuehaib...@huawei.com> Yussuf Khalil <d...@pp3345.net> Yuval Avnery <yuva...@mellanox.com> Zhipeng Xie <xiezhipe...@huawei.com> Zhu Yanjun <yanjun....@oracle.com> jobs: build-amd64-xsm pass build-i386-xsm pass build-amd64 pass build-armhf pass build-i386 pass build-amd64-libvirt pass build-armhf-libvirt pass build-i386-libvirt pass build-amd64-pvops pass build-armhf-pvops pass build-i386-pvops pass build-amd64-rumprun pass build-i386-rumprun pass test-amd64-amd64-xl pass test-armhf-armhf-xl pass test-amd64-i386-xl pass test-amd64-amd64-xl-qemut-debianhvm-amd64-xsm broken test-amd64-i386-xl-qemut-debianhvm-amd64-xsm broken test-amd64-amd64-libvirt-qemuu-debianhvm-amd64-xsm pass test-amd64-i386-libvirt-qemuu-debianhvm-amd64-xsm pass test-amd64-amd64-xl-qemuu-debianhvm-amd64-xsm pass test-amd64-i386-xl-qemuu-debianhvm-amd64-xsm pass test-amd64-amd64-xl-qemut-stubdom-debianhvm-amd64-xsm pass test-amd64-i386-xl-qemut-stubdom-debianhvm-amd64-xsm pass test-amd64-amd64-libvirt-xsm pass test-amd64-i386-libvirt-xsm pass test-amd64-amd64-xl-xsm pass test-amd64-i386-xl-xsm broken test-amd64-amd64-qemuu-nested-amd fail test-amd64-amd64-xl-pvhv2-amd pass test-amd64-i386-qemut-rhel6hvm-amd pass test-amd64-i386-qemuu-rhel6hvm-amd pass test-amd64-amd64-xl-qemut-debianhvm-amd64 pass test-amd64-i386-xl-qemut-debianhvm-amd64 pass test-amd64-amd64-xl-qemuu-debianhvm-amd64 pass test-amd64-i386-xl-qemuu-debianhvm-amd64 pass test-amd64-i386-freebsd10-amd64 pass test-amd64-amd64-xl-qemuu-ovmf-amd64 pass test-amd64-i386-xl-qemuu-ovmf-amd64 broken test-amd64-amd64-rumprun-amd64 pass test-amd64-amd64-xl-qemut-win7-amd64 fail test-amd64-i386-xl-qemut-win7-amd64 fail test-amd64-amd64-xl-qemuu-win7-amd64 fail test-amd64-i386-xl-qemuu-win7-amd64 fail test-amd64-amd64-xl-qemut-ws16-amd64 fail test-amd64-i386-xl-qemut-ws16-amd64 fail test-amd64-amd64-xl-qemuu-ws16-amd64 fail test-amd64-i386-xl-qemuu-ws16-amd64 fail test-armhf-armhf-xl-arndale pass test-amd64-amd64-xl-credit1 pass test-armhf-armhf-xl-credit1 pass test-amd64-amd64-xl-credit2 fail test-armhf-armhf-xl-credit2 pass test-armhf-armhf-xl-cubietruck pass test-amd64-amd64-xl-qemuu-dmrestrict-amd64-dmrestrict pass test-amd64-i386-xl-qemuu-dmrestrict-amd64-dmrestrict broken test-amd64-amd64-examine pass test-armhf-armhf-examine pass test-amd64-i386-examine fail test-amd64-i386-freebsd10-i386 pass test-amd64-i386-rumprun-i386 pass test-amd64-amd64-xl-qemut-win10-i386 fail test-amd64-i386-xl-qemut-win10-i386 fail test-amd64-amd64-xl-qemuu-win10-i386 fail test-amd64-i386-xl-qemuu-win10-i386 fail test-amd64-amd64-qemuu-nested-intel pass test-amd64-amd64-xl-pvhv2-intel broken test-amd64-i386-qemut-rhel6hvm-intel broken test-amd64-i386-qemuu-rhel6hvm-intel broken test-amd64-amd64-libvirt pass test-armhf-armhf-libvirt pass test-amd64-i386-libvirt pass test-amd64-amd64-xl-multivcpu pass test-armhf-armhf-xl-multivcpu pass test-amd64-amd64-pair pass test-amd64-i386-pair pass test-amd64-amd64-libvirt-pair pass test-amd64-i386-libvirt-pair pass test-amd64-amd64-amd64-pvgrub pass test-amd64-amd64-i386-pvgrub pass test-amd64-amd64-xl-pvshim pass test-amd64-i386-xl-pvshim fail test-amd64-amd64-pygrub pass test-amd64-amd64-xl-qcow2 pass test-armhf-armhf-libvirt-raw pass test-amd64-i386-xl-raw pass test-amd64-amd64-xl-rtds broken test-armhf-armhf-xl-rtds pass test-amd64-amd64-xl-qemuu-debianhvm-amd64-shadow pass test-amd64-i386-xl-qemuu-debianhvm-amd64-shadow pass test-amd64-amd64-xl-shadow pass test-amd64-i386-xl-shadow pass test-amd64-amd64-libvirt-vhd pass test-armhf-armhf-xl-vhd pass ------------------------------------------------------------ sg-report-flight on osstest.test-lab.xenproject.org logs: /home/logs/logs images: /home/logs/images Logs, config files, etc. are available at http://logs.test-lab.xenproject.org/osstest/logs Explanation of these reports, and of osstest in general, is at http://xenbits.xen.org/gitweb/?p=osstest.git;a=blob;f=README.email;hb=master http://xenbits.xen.org/gitweb/?p=osstest.git;a=blob;f=README;hb=master Test harness code can be found at http://xenbits.xen.org/gitweb?p=osstest.git;a=summary broken-job test-amd64-i386-xl-xsm broken broken-job test-amd64-amd64-xl-rtds broken broken-job test-amd64-i386-qemut-rhel6hvm-intel broken broken-job test-amd64-amd64-xl-qemut-debianhvm-amd64-xsm broken broken-job test-amd64-i386-xl-qemuu-dmrestrict-amd64-dmrestrict broken broken-job test-amd64-amd64-xl-pvhv2-intel broken broken-job test-amd64-i386-xl-qemuu-ovmf-amd64 broken broken-job test-amd64-i386-qemuu-rhel6hvm-intel broken broken-job test-amd64-i386-xl-qemut-debianhvm-amd64-xsm broken broken-step test-amd64-i386-examine host-install broken-step test-amd64-i386-qemut-rhel6hvm-intel host-install(4) broken-step test-amd64-i386-xl-xsm host-install(4) broken-step test-amd64-i386-xl-qemut-debianhvm-amd64-xsm host-install(4) broken-step test-amd64-amd64-xl-qemut-debianhvm-amd64-xsm host-install(4) broken-step test-amd64-i386-qemuu-rhel6hvm-intel host-install(4) broken-step test-amd64-amd64-xl-pvhv2-intel host-install(4) broken-step test-amd64-i386-xl-qemuu-dmrestrict-amd64-dmrestrict host-install(4) broken-step test-amd64-i386-xl-qemuu-ovmf-amd64 host-install(4) broken-step test-amd64-amd64-xl-rtds host-install(4) Not pushing. (No revision log; it would be 6248 lines long.) _______________________________________________ Xen-devel mailing list Xen-devel@lists.xenproject.org https://lists.xenproject.org/mailman/listinfo/xen-devel