flight 131946 linux-4.9 real [real]
http://logs.test-lab.xenproject.org/osstest/logs/131946/

Failures and problems with tests :-(

Tests which did not succeed and are blocking,
including tests which could not be run:
 test-amd64-i386-xl-xsm          <job status>                 broken
 test-amd64-amd64-xl-qemut-debianhvm-amd64    <job status>               broken
 test-amd64-i386-xl              <job status>                 broken
 test-amd64-amd64-xl-shadow      <job status>                 broken
 test-amd64-amd64-xl-qemuu-ovmf-amd64    <job status>                 broken
 test-amd64-i386-freebsd10-amd64    <job status>                 broken
 test-amd64-i386-xl-qemut-debianhvm-amd64    <job status>                broken
 test-amd64-i386-xl-qemuu-debianhvm-amd64-xsm    <job status>            broken
 test-amd64-amd64-xl-credit2     <job status>                 broken
 test-amd64-i386-xl-qemut-debianhvm-amd64-xsm    <job status>            broken
 test-amd64-i386-xl-qemut-debianhvm-amd64-xsm 4 host-install(4) broken REGR. 
vs. 131645
 test-amd64-amd64-xl-qemut-debianhvm-amd64 4 host-install(4) broken REGR. vs. 
131645
 test-amd64-i386-freebsd10-amd64  4 host-install(4)     broken REGR. vs. 131645
 test-amd64-amd64-xl-qemuu-ovmf-amd64 4 host-install(4) broken REGR. vs. 131645
 test-amd64-i386-examine       5 host-install           broken REGR. vs. 131645
 test-amd64-amd64-xl-credit2   4 host-install(4)        broken REGR. vs. 131645
 test-amd64-i386-xl-xsm        4 host-install(4)        broken REGR. vs. 131645
 test-amd64-i386-xl            4 host-install(4)        broken REGR. vs. 131645
 test-amd64-i386-xl-qemut-debianhvm-amd64 4 host-install(4) broken REGR. vs. 
131645
 test-amd64-i386-xl-qemuu-debianhvm-amd64-xsm 4 host-install(4) broken REGR. 
vs. 131645
 test-amd64-amd64-xl-shadow    4 host-install(4)        broken REGR. vs. 131645

Regressions which are regarded as allowable (not blocking):
 test-amd64-amd64-rumprun-amd64 17 rumprun-demo-xenstorels/xenstorels.repeat 
fail REGR. vs. 131645

Tests which did not succeed, but are not blocking:
 test-amd64-amd64-xl-qemut-win7-amd64 17 guest-stop            fail like 131645
 test-amd64-i386-xl-qemut-win7-amd64 17 guest-stop             fail like 131645
 test-amd64-amd64-xl-qemuu-win7-amd64 17 guest-stop            fail like 131645
 test-amd64-i386-xl-qemuu-win7-amd64 17 guest-stop             fail like 131645
 test-amd64-amd64-xl-qemuu-ws16-amd64 17 guest-stop            fail like 131645
 test-amd64-amd64-xl-qemuu-dmrestrict-amd64-dmrestrict 10 debian-hvm-install 
fail never pass
 test-amd64-amd64-xl-pvhv2-intel 12 guest-start                 fail never pass
 test-amd64-i386-xl-qemuu-dmrestrict-amd64-dmrestrict 10 debian-hvm-install 
fail never pass
 test-amd64-amd64-xl-pvhv2-amd 12 guest-start                  fail  never pass
 test-amd64-i386-xl-pvshim    12 guest-start                  fail   never pass
 test-amd64-i386-libvirt      13 migrate-support-check        fail   never pass
 test-amd64-i386-libvirt-xsm  13 migrate-support-check        fail   never pass
 test-amd64-amd64-libvirt-xsm 13 migrate-support-check        fail   never pass
 test-amd64-amd64-libvirt     13 migrate-support-check        fail   never pass
 test-amd64-amd64-libvirt-qemuu-debianhvm-amd64-xsm 11 migrate-support-check 
fail never pass
 test-amd64-i386-libvirt-qemuu-debianhvm-amd64-xsm 11 migrate-support-check 
fail never pass
 test-amd64-amd64-qemuu-nested-amd 17 debian-hvm-install/l1/l2  fail never pass
 test-armhf-armhf-xl-arndale  13 migrate-support-check        fail   never pass
 test-armhf-armhf-xl-arndale  14 saverestore-support-check    fail   never pass
 test-amd64-amd64-libvirt-vhd 12 migrate-support-check        fail   never pass
 test-armhf-armhf-xl          13 migrate-support-check        fail   never pass
 test-armhf-armhf-xl          14 saverestore-support-check    fail   never pass
 test-armhf-armhf-xl-credit1  13 migrate-support-check        fail   never pass
 test-armhf-armhf-xl-credit1  14 saverestore-support-check    fail   never pass
 test-armhf-armhf-xl-credit2  13 migrate-support-check        fail   never pass
 test-armhf-armhf-xl-credit2  14 saverestore-support-check    fail   never pass
 test-armhf-armhf-xl-rtds     13 migrate-support-check        fail   never pass
 test-armhf-armhf-xl-multivcpu 13 migrate-support-check        fail  never pass
 test-armhf-armhf-xl-rtds     14 saverestore-support-check    fail   never pass
 test-armhf-armhf-xl-cubietruck 13 migrate-support-check        fail never pass
 test-armhf-armhf-xl-multivcpu 14 saverestore-support-check    fail  never pass
 test-armhf-armhf-xl-cubietruck 14 saverestore-support-check    fail never pass
 test-armhf-armhf-libvirt     13 migrate-support-check        fail   never pass
 test-armhf-armhf-libvirt     14 saverestore-support-check    fail   never pass
 test-amd64-amd64-xl-qemut-ws16-amd64 17 guest-stop             fail never pass
 test-amd64-i386-xl-qemut-ws16-amd64 17 guest-stop              fail never pass
 test-amd64-i386-xl-qemuu-ws16-amd64 17 guest-stop              fail never pass
 test-armhf-armhf-libvirt-raw 12 migrate-support-check        fail   never pass
 test-armhf-armhf-libvirt-raw 13 saverestore-support-check    fail   never pass
 test-armhf-armhf-xl-vhd      12 migrate-support-check        fail   never pass
 test-armhf-armhf-xl-vhd      13 saverestore-support-check    fail   never pass
 test-amd64-amd64-xl-qemut-win10-i386 10 windows-install        fail never pass
 test-amd64-amd64-xl-qemuu-win10-i386 10 windows-install        fail never pass
 test-amd64-i386-xl-qemuu-win10-i386 10 windows-install         fail never pass
 test-amd64-i386-xl-qemut-win10-i386 10 windows-install         fail never pass

version targeted for testing:
 linux                df6062688e387419f0e10ee1bef2e9cfd7795399
baseline version:
 linux                d99748864fa96e3c9a8379a710eb628298a29b64

Last test of basis   131645  2018-12-30 05:55:48 Z   15 days
Failing since        131883  2019-01-09 15:40:50 Z    4 days    5 attempts
Testing same since   131946  2019-01-13 17:23:44 Z    0 days    1 attempts

------------------------------------------------------------
People who touched revisions under test:
  "Yan, Zheng" <z...@redhat.com>
  Aaro Koskinen <aaro.koski...@iki.fi>
  Ajay Singh <ajay.kat...@microchip.com>
  Alaa Hleihel <a...@mellanox.com>
  Alexander Aring <ar...@mojatatu.com>
  Alexander Shishkin <alexander.shish...@linux.intel.com>
  Alexandre Belloni <alexandre.bell...@bootlin.com>
  Andreas Gruenbacher <agrue...@redhat.com>
  Andrew Morton <a...@linux-foundation.org>
  Anson Huang <anson.hu...@nxp.com>
  Ard Biesheuvel <ard.biesheu...@linaro.org>
  Ariel Elior <ariel.el...@cavium.com>
  Arnaldo Carvalho de Melo <a...@redhat.com>
  Arnd Bergmann <a...@arndb.de>
  Ben Hutchings <b...@decadent.org.uk>
  Benjamin Poirier <bpoir...@suse.com>
  Benjamin Tissoires <benjamin.tissoi...@redhat.com>
  Bjørn Mork <bj...@mork.no>
  Bob Peterson <rpete...@redhat.com>
  Boris Brezillon <boris.brezil...@bootlin.com>
  Breno Leitao <lei...@debian.org>
  Christian Borntraeger <borntrae...@de.ibm.com>
  Chuck Lever <chuck.le...@oracle.com>
  Colin Ian King <colin.k...@canonical.com>
  Cong Wang <xiyou.wangc...@gmail.com>
  Dan Carpenter <dan.carpen...@oracle.com>
  Dan Williams <dan.j.willi...@intel.com>
  David Herrmann <dh.herrm...@gmail.com>
  David Hildenbrand <da...@redhat.com>
  David S. Miller <da...@davemloft.net>
  David Teigland <teigl...@redhat.com>
  Deepa Dinamani <deepa.ker...@gmail.com>
  Dennis Dalessandro <dennis.dalessan...@intel.com>
  Dietmar Hahn <dietmar.h...@ts.fujitsu.com>
  Dmitry Torokhov <dmitry.torok...@gmail.com>
  Dominique Martinet <dominique.marti...@cea.fr>
  Doug Ledford <dledf...@redhat.com>
  Elaine Zhang <zhangq...@rock-chips.com>
  Eric Biggers <ebigg...@google.com>
  Eric Dumazet <eduma...@google.com>
  Fabio Estevam <feste...@gmail.com>
  Florian Westphal <f...@strlen.de>
  Frank Haverkamp <ha...@linux.vnet.ibm.com>
  Georgy A Bystrenin <g...@altlinux.org>
  Greg Kroah-Hartman <gre...@linuxfoundation.org>
  Guenter Roeck <li...@roeck-us.net>
  Gustavo A. R. Silva <gust...@embeddedor.com>
  Hans Verkuil <hverkuil-ci...@xs4all.nl>
  Heiko Stuebner <he...@sntech.de>
  Huacai Chen <che...@lemote.com>
  Hui Peng <benqu...@163.com>
  Ilya Dryomov <idryo...@gmail.com>
  Ivan Mironov <mironov.i...@gmail.com>
  J. Bruce Fields <bfie...@redhat.com>
  Jaegeuk Kim <jaeg...@kernel.org>
  Jarkko Sakkinen <jarkko.sakki...@linux.intel.com>
  Jason Gunthorpe <j...@mellanox.com>
  Jason Martinsen <jasonmartin...@msn.com>
  Jason Wang <jasow...@redhat.com>
  Jerome Brunet <jbru...@baylibre.com>
  Jia-Ju Bai <baijiaju1...@gmail.com>
  Joerg Roedel <jroe...@suse.de>
  Johan Hovold <jo...@kernel.org>
  Johan Jonker <jbx9...@hotmail.com>
  Jon Maloy <jon.ma...@ericsson.com>
  Jorgen Hansen <jhan...@vmware.com>
  Jozsef Kadlecsik <kad...@blackhole.kfki.hu>
  Juergen Gross <jgr...@suse.com>
  Jörgen Storvist <jorgen.storv...@gmail.com>
  Kalle Valo <kv...@codeaurora.org>
  Kangjie Lu <k...@umn.edu>
  Kunihiko Hayashi <hayashi.kunih...@socionext.com>
  Larry Finger <larry.fin...@lwfinger.net>
  Linus Torvalds <torva...@linux-foundation.org>
  Linus Walleij <linus.wall...@linaro.org>
  Lorenzo Bianconi <lorenzo.bianc...@redhat.com>
  Lubomir Rintel <lkund...@v3.sk>
  Lukas Wunner <lu...@wunner.de>
  Maciej W. Rozycki <ma...@linux-mips.org>
  Macpaul Lin <macpaul....@mediatek.com>
  Mantas Mikulėnas <graw...@gmail.com>
  Marc Zyngier <marc.zyng...@arm.com>
  Marcelo Ricardo Leitner <marcelo.leit...@gmail.com>
  Mark Brown <broo...@kernel.org>
  Martin Blumenstingl <martin.blumensti...@googlemail.com>
  Martin K. Petersen <martin.peter...@oracle.com>
  Maurizio Lombardi <mlomb...@redhat.com>
  Mauro Carvalho Chehab <mchehab+sams...@kernel.org>
  Michael Ellerman <m...@ellerman.id.au>
  Michael J. Ruhl <michael.j.r...@intel.com>
  Michael S. Tsirkin <m...@redhat.com>
  Michal Hocko <mho...@suse.com>
  Michal Kubecek <mkube...@suse.cz>
  Michal Simek <michal.si...@xilinx.com>
  Mike Haboustak <habous...@gmail.com>
  Miquel Raynal <miquel.ray...@bootlin.com>
  Naoya Horiguchi <n-horigu...@ah.jp.nec.com>
  Nathan Chancellor <natechancel...@gmail.com>
  Nava kishore Manne <nava.ma...@xilinx.com>
  Nayna Jain <na...@linux.ibm.com> (For TPM 2.0)
  Neil Armstrong <narmstr...@baylibre.com>
  Neil Horman <nhor...@tuxdriver.com>
  Oliver Neukum <oneu...@suse.com>
  Oscar Salvador <osalva...@suse.com>
  Pablo Neira Ayuso <pa...@netfilter.org>
  Pan Bian <bianpan2...@163.com>
  Paolo Bonzini <pbonz...@redhat.com>
  Patrick Dreyer <patrick.dre...@gmail.com>
  Patrick Dreyer <patr...@dreyer.name>
  Paul Burton <paul.bur...@mips.com>
  Paul Mackerras <pau...@ozlabs.org>
  Pavel Machek <pa...@ucw.cz>
  Peng Li <lipeng...@huawei.com>
  Peter Hutterer <peter.hutte...@who-t.net>
  Priit Laes <pl...@plaes.org>
  Qian Cai <c...@lca.pw>
  Radim Krčmář <rkrc...@redhat.com>
  Ricardo Neri <ricardo.neri-calde...@linux.intel.com>
  ruippan (潘睿) <ruip...@tencent.com>
  Saeed Mahameed <sae...@mellanox.com>
  Sagi Grimberg <s...@grimberg.me>
  Sameer Pujar <spu...@nvidia.com>
  Samuel Ortiz <sa...@linux.intel.com>
  Sasha Levin <alexander.le...@microsoft.com>
  Sasha Levin <sas...@kernel.org>
  Scott Chen <sc...@labau.com.tw>
  Sean Christopherson <sean.j.christopher...@intel.com>
  Sebastian Reichel <sebastian.reic...@collabora.com>
  Shawn Guo <shawn...@kernel.org>
  Sohil Mehta <sohil.me...@intel.com>
  Stefan Hajnoczi <stefa...@redhat.com>
  Steffen Klassert <steffen.klass...@secunet.com>
  Steffen Maier <ma...@linux.ibm.com>
  Steve French <stfre...@microsoft.com>
  Sudarsana Kalluru <sudarsana.kall...@cavium.com>
  Sudarsana Reddy Kalluru <sudarsana.kall...@cavium.com>
  Takashi Iwai <ti...@suse.de>
  Theodore Ts'o <ty...@mit.edu>
  Tom Gundersen <t...@jklm.no>
  Tomas Winkler <tomas.wink...@intel.com>
  Tony Lindgren <t...@atomide.com>
  Trond Myklebust <trond.mykleb...@hammerspace.com>
  Troy Kisky <troy.ki...@boundarydevices.com>
  Tyrel Datwyler <tyr...@linux.vnet.ibm.com>
  Varun Prakash <va...@chelsio.com>
  Vasily Averin <v...@virtuozzo.com>
  Vitaly Kuznetsov <vkuzn...@redhat.com>
  Will Deacon <will.dea...@arm.com>
  Willem de Bruijn <will...@google.com>
  Xin Long <lucien....@gmail.com>
  Yan, Zheng <z...@redhat.com>
  Yangtao Li <tiny.win...@gmail.com>
  Yonglong Liu <liuyongl...@huawei.com>
  Yuval Avnery <yuva...@mellanox.com>
  Zhu Yanjun <yanjun....@oracle.com>

jobs:
 build-amd64-xsm                                              pass    
 build-i386-xsm                                               pass    
 build-amd64                                                  pass    
 build-armhf                                                  pass    
 build-i386                                                   pass    
 build-amd64-libvirt                                          pass    
 build-armhf-libvirt                                          pass    
 build-i386-libvirt                                           pass    
 build-amd64-pvops                                            pass    
 build-armhf-pvops                                            pass    
 build-i386-pvops                                             pass    
 build-amd64-rumprun                                          pass    
 build-i386-rumprun                                           pass    
 test-amd64-amd64-xl                                          pass    
 test-armhf-armhf-xl                                          pass    
 test-amd64-i386-xl                                           broken  
 test-amd64-amd64-xl-qemut-debianhvm-amd64-xsm                pass    
 test-amd64-i386-xl-qemut-debianhvm-amd64-xsm                 broken  
 test-amd64-amd64-libvirt-qemuu-debianhvm-amd64-xsm           pass    
 test-amd64-i386-libvirt-qemuu-debianhvm-amd64-xsm            pass    
 test-amd64-amd64-xl-qemuu-debianhvm-amd64-xsm                pass    
 test-amd64-i386-xl-qemuu-debianhvm-amd64-xsm                 broken  
 test-amd64-amd64-xl-qemut-stubdom-debianhvm-amd64-xsm        pass    
 test-amd64-i386-xl-qemut-stubdom-debianhvm-amd64-xsm         pass    
 test-amd64-amd64-libvirt-xsm                                 pass    
 test-amd64-i386-libvirt-xsm                                  pass    
 test-amd64-amd64-xl-xsm                                      pass    
 test-amd64-i386-xl-xsm                                       broken  
 test-amd64-amd64-qemuu-nested-amd                            fail    
 test-amd64-amd64-xl-pvhv2-amd                                fail    
 test-amd64-i386-qemut-rhel6hvm-amd                           pass    
 test-amd64-i386-qemuu-rhel6hvm-amd                           pass    
 test-amd64-amd64-xl-qemut-debianhvm-amd64                    broken  
 test-amd64-i386-xl-qemut-debianhvm-amd64                     broken  
 test-amd64-amd64-xl-qemuu-debianhvm-amd64                    pass    
 test-amd64-i386-xl-qemuu-debianhvm-amd64                     pass    
 test-amd64-i386-freebsd10-amd64                              broken  
 test-amd64-amd64-xl-qemuu-ovmf-amd64                         broken  
 test-amd64-i386-xl-qemuu-ovmf-amd64                          pass    
 test-amd64-amd64-rumprun-amd64                               fail    
 test-amd64-amd64-xl-qemut-win7-amd64                         fail    
 test-amd64-i386-xl-qemut-win7-amd64                          fail    
 test-amd64-amd64-xl-qemuu-win7-amd64                         fail    
 test-amd64-i386-xl-qemuu-win7-amd64                          fail    
 test-amd64-amd64-xl-qemut-ws16-amd64                         fail    
 test-amd64-i386-xl-qemut-ws16-amd64                          fail    
 test-amd64-amd64-xl-qemuu-ws16-amd64                         fail    
 test-amd64-i386-xl-qemuu-ws16-amd64                          fail    
 test-armhf-armhf-xl-arndale                                  pass    
 test-amd64-amd64-xl-credit1                                  pass    
 test-armhf-armhf-xl-credit1                                  pass    
 test-amd64-amd64-xl-credit2                                  broken  
 test-armhf-armhf-xl-credit2                                  pass    
 test-armhf-armhf-xl-cubietruck                               pass    
 test-amd64-amd64-xl-qemuu-dmrestrict-amd64-dmrestrict        fail    
 test-amd64-i386-xl-qemuu-dmrestrict-amd64-dmrestrict         fail    
 test-amd64-amd64-examine                                     pass    
 test-armhf-armhf-examine                                     pass    
 test-amd64-i386-examine                                      fail    
 test-amd64-i386-freebsd10-i386                               pass    
 test-amd64-i386-rumprun-i386                                 pass    
 test-amd64-amd64-xl-qemut-win10-i386                         fail    
 test-amd64-i386-xl-qemut-win10-i386                          fail    
 test-amd64-amd64-xl-qemuu-win10-i386                         fail    
 test-amd64-i386-xl-qemuu-win10-i386                          fail    
 test-amd64-amd64-qemuu-nested-intel                          pass    
 test-amd64-amd64-xl-pvhv2-intel                              fail    
 test-amd64-i386-qemut-rhel6hvm-intel                         pass    
 test-amd64-i386-qemuu-rhel6hvm-intel                         pass    
 test-amd64-amd64-libvirt                                     pass    
 test-armhf-armhf-libvirt                                     pass    
 test-amd64-i386-libvirt                                      pass    
 test-amd64-amd64-xl-multivcpu                                pass    
 test-armhf-armhf-xl-multivcpu                                pass    
 test-amd64-amd64-pair                                        pass    
 test-amd64-i386-pair                                         pass    
 test-amd64-amd64-libvirt-pair                                pass    
 test-amd64-i386-libvirt-pair                                 pass    
 test-amd64-amd64-amd64-pvgrub                                pass    
 test-amd64-amd64-i386-pvgrub                                 pass    
 test-amd64-amd64-xl-pvshim                                   pass    
 test-amd64-i386-xl-pvshim                                    fail    
 test-amd64-amd64-pygrub                                      pass    
 test-amd64-amd64-xl-qcow2                                    pass    
 test-armhf-armhf-libvirt-raw                                 pass    
 test-amd64-i386-xl-raw                                       pass    
 test-amd64-amd64-xl-rtds                                     pass    
 test-armhf-armhf-xl-rtds                                     pass    
 test-amd64-amd64-xl-qemuu-debianhvm-amd64-shadow             pass    
 test-amd64-i386-xl-qemuu-debianhvm-amd64-shadow              pass    
 test-amd64-amd64-xl-shadow                                   broken  
 test-amd64-i386-xl-shadow                                    pass    
 test-amd64-amd64-libvirt-vhd                                 pass    
 test-armhf-armhf-xl-vhd                                      pass    


------------------------------------------------------------
sg-report-flight on osstest.test-lab.xenproject.org
logs: /home/logs/logs
images: /home/logs/images

Logs, config files, etc. are available at
    http://logs.test-lab.xenproject.org/osstest/logs

Explanation of these reports, and of osstest in general, is at
    http://xenbits.xen.org/gitweb/?p=osstest.git;a=blob;f=README.email;hb=master
    http://xenbits.xen.org/gitweb/?p=osstest.git;a=blob;f=README;hb=master

Test harness code can be found at
    http://xenbits.xen.org/gitweb?p=osstest.git;a=summary

broken-job test-amd64-i386-xl-xsm broken
broken-job test-amd64-amd64-xl-qemut-debianhvm-amd64 broken
broken-job test-amd64-i386-xl broken
broken-job test-amd64-amd64-xl-shadow broken
broken-job test-amd64-amd64-xl-qemuu-ovmf-amd64 broken
broken-job test-amd64-i386-freebsd10-amd64 broken
broken-job test-amd64-i386-xl-qemut-debianhvm-amd64 broken
broken-job test-amd64-i386-xl-qemuu-debianhvm-amd64-xsm broken
broken-job test-amd64-amd64-xl-credit2 broken
broken-job test-amd64-i386-xl-qemut-debianhvm-amd64-xsm broken
broken-step test-amd64-i386-xl-qemut-debianhvm-amd64-xsm host-install(4)
broken-step test-amd64-amd64-xl-qemut-debianhvm-amd64 host-install(4)
broken-step test-amd64-i386-freebsd10-amd64 host-install(4)
broken-step test-amd64-amd64-xl-qemuu-ovmf-amd64 host-install(4)
broken-step test-amd64-i386-examine host-install
broken-step test-amd64-amd64-xl-credit2 host-install(4)
broken-step test-amd64-i386-xl-xsm host-install(4)
broken-step test-amd64-i386-xl host-install(4)
broken-step test-amd64-i386-xl-qemut-debianhvm-amd64 host-install(4)
broken-step test-amd64-i386-xl-qemuu-debianhvm-amd64-xsm host-install(4)
broken-step test-amd64-amd64-xl-shadow host-install(4)

Not pushing.

(No revision log; it would be 3857 lines long.)

_______________________________________________
Xen-devel mailing list
Xen-devel@lists.xenproject.org
https://lists.xenproject.org/mailman/listinfo/xen-devel

Reply via email to