flight 131884 linux-4.14 real [real] http://logs.test-lab.xenproject.org/osstest/logs/131884/
Regressions :-( Tests which did not succeed and are blocking, including tests which could not be run: test-amd64-amd64-xl-qemut-debianhvm-amd64 <job status> broken test-amd64-i386-libvirt-qemuu-debianhvm-amd64-xsm <job status> broken test-amd64-i386-freebsd10-i386 <job status> broken test-amd64-amd64-xl-shadow <job status> broken test-amd64-amd64-xl-pvshim <job status> broken test-amd64-amd64-libvirt-vhd <job status> broken test-amd64-amd64-libvirt-qemuu-debianhvm-amd64-xsm <job status> broken test-amd64-i386-xl-qemut-win10-i386 <job status> broken test-amd64-i386-xl-qemut-win10-i386 4 host-install(4) broken REGR. vs. 131663 test-amd64-amd64-xl-shadow 4 host-install(4) broken REGR. vs. 131663 test-amd64-amd64-libvirt-qemuu-debianhvm-amd64-xsm 4 host-install(4) broken REGR. vs. 131663 test-amd64-amd64-xl-pvshim 4 host-install(4) broken REGR. vs. 131663 test-amd64-amd64-libvirt-vhd 4 host-install(4) broken REGR. vs. 131663 test-amd64-amd64-xl-qemut-debianhvm-amd64 4 host-install(4) broken REGR. vs. 131663 test-amd64-i386-libvirt-qemuu-debianhvm-amd64-xsm 4 host-install(4) broken REGR. vs. 131663 test-amd64-i386-freebsd10-i386 4 host-install(4) broken REGR. vs. 131663 test-amd64-amd64-libvirt 7 xen-boot fail REGR. vs. 131663 Tests which did not succeed, but are not blocking: test-amd64-i386-xl-pvshim 12 guest-start fail never pass test-amd64-i386-libvirt 13 migrate-support-check fail never pass test-amd64-amd64-libvirt-xsm 13 migrate-support-check fail never pass test-amd64-i386-libvirt-xsm 13 migrate-support-check fail never pass test-armhf-armhf-xl 13 migrate-support-check fail never pass test-armhf-armhf-xl 14 saverestore-support-check fail never pass test-armhf-armhf-xl-arndale 13 migrate-support-check fail never pass test-armhf-armhf-xl-arndale 14 saverestore-support-check fail never pass test-amd64-amd64-qemuu-nested-amd 17 debian-hvm-install/l1/l2 fail never pass test-armhf-armhf-xl-multivcpu 13 migrate-support-check fail never pass test-armhf-armhf-xl-multivcpu 14 saverestore-support-check fail never pass test-armhf-armhf-xl-rtds 13 migrate-support-check fail never pass test-armhf-armhf-xl-rtds 14 saverestore-support-check fail never pass test-armhf-armhf-libvirt 13 migrate-support-check fail never pass test-armhf-armhf-libvirt 14 saverestore-support-check fail never pass test-armhf-armhf-xl-cubietruck 13 migrate-support-check fail never pass test-armhf-armhf-xl-cubietruck 14 saverestore-support-check fail never pass test-armhf-armhf-xl-credit2 13 migrate-support-check fail never pass test-armhf-armhf-xl-credit2 14 saverestore-support-check fail never pass test-amd64-i386-xl-qemut-win7-amd64 17 guest-stop fail never pass test-amd64-amd64-xl-qemuu-ws16-amd64 17 guest-stop fail never pass test-amd64-amd64-xl-qemuu-win7-amd64 17 guest-stop fail never pass test-amd64-i386-xl-qemuu-win7-amd64 17 guest-stop fail never pass test-amd64-amd64-xl-qemut-ws16-amd64 17 guest-stop fail never pass test-amd64-amd64-xl-qemut-win7-amd64 17 guest-stop fail never pass test-armhf-armhf-xl-credit1 13 migrate-support-check fail never pass test-armhf-armhf-xl-credit1 14 saverestore-support-check fail never pass test-armhf-armhf-xl-vhd 12 migrate-support-check fail never pass test-armhf-armhf-xl-vhd 13 saverestore-support-check fail never pass test-amd64-i386-xl-qemuu-ws16-amd64 17 guest-stop fail never pass test-amd64-i386-xl-qemut-ws16-amd64 17 guest-stop fail never pass test-armhf-armhf-libvirt-raw 12 migrate-support-check fail never pass test-armhf-armhf-libvirt-raw 13 saverestore-support-check fail never pass test-amd64-amd64-xl-qemut-win10-i386 10 windows-install fail never pass test-amd64-amd64-xl-qemuu-win10-i386 10 windows-install fail never pass test-amd64-i386-xl-qemuu-win10-i386 10 windows-install fail never pass version targeted for testing: linux 24737fa6bcf1d7ffb71ceb78d7a7c275cb7e1d13 baseline version: linux d2dd9f1593dc4d5ceb5cf4a973ed2c6e3a49d799 Last test of basis 131663 2018-12-31 10:50:02 Z 10 days Testing same since 131884 2019-01-09 16:42:41 Z 0 days 1 attempts ------------------------------------------------------------ People who touched revisions under test: Aaro Koskinen <aaro.koski...@iki.fi> Ajay Singh <ajay.kat...@microchip.com> Alaa Hleihel <a...@mellanox.com> Alexander Aring <ar...@mojatatu.com> Alexandre Belloni <alexandre.bell...@bootlin.com> Arnaldo Carvalho de Melo <a...@redhat.com> Arnd Bergmann <a...@arndb.de> Ben Hutchings <b...@decadent.org.uk> Bjørn Mork <bj...@mork.no> Claudiu Beznea <claudiu.bez...@microchip.com> Colin Ian King <colin.k...@canonical.com> Cong Wang <xiyou.wangc...@gmail.com> Dan Williams <dan.j.willi...@intel.com> David S. Miller <da...@davemloft.net> David Sterba <dste...@suse.com> Deepa Dinamani <deepa.ker...@gmail.com> Dennis Dalessandro <dennis.dalessan...@intel.com> Dietmar Hahn <dietmar.h...@ts.fujitsu.com> Dmitry Torokhov <dmitry.torok...@gmail.com> Elaine Zhang <zhangq...@rock-chips.com> Eric Dumazet <eduma...@google.com> Filipe Manana <fdman...@suse.com> Florian Westphal <f...@strlen.de> Georgy A Bystrenin <g...@altlinux.org> Greg Kroah-Hartman <gre...@linuxfoundation.org> Gustavo A. R. Silva <gust...@embeddedor.com> Hans Verkuil <hverkuil-ci...@xs4all.nl> Heiko Stuebner <he...@sntech.de> Herbert Xu <herb...@gondor.apana.org.au> Huacai Chen <che...@lemote.com> Ido Schimmel <ido...@mellanox.com> Ingo Molnar <mi...@kernel.org> Jaegeuk Kim <jaeg...@kernel.org> Jarkko Sakkinen <jarkko.sakki...@linux.intel.com> Jason Gunthorpe <j...@mellanox.com> Jason Wang <jasow...@redhat.com> Jia-Ju Bai <baijiaju1...@gmail.com> Jiri Kosina <jkos...@suse.cz> Johan Hovold <jo...@kernel.org> Johan Jonker <jbx9...@hotmail.com> Jon Maloy <jon.ma...@ericsson.com> Jonathan Lemon <jonathan.le...@gmail.com> Jorgen Hansen <jhan...@vmware.com> Juergen Gross <jgr...@suse.com> Jörgen Storvist <jorgen.storv...@gmail.com> Kirill A. Shutemov <kirill.shute...@linux.intel.com> Kunihiko Hayashi <hayashi.kunih...@socionext.com> Lorenzo Bianconi <lorenzo.bianc...@redhat.com> Lukas Wunner <lu...@wunner.de> Maciej W. Rozycki <ma...@linux-mips.org> Macpaul Lin <macpaul....@mediatek.com> Mantas Mikulėnas <graw...@gmail.com> Marc Zyngier <marc.zyng...@arm.com> Marcelo Ricardo Leitner <marcelo.leit...@gmail.com> Mark Brown <broo...@kernel.org> Martin Blumenstingl <martin.blumensti...@googlemail.com> Martin Schwidefsky <schwidef...@de.ibm.com> Mauricio Faria de Oliveira <m...@canonical.com> Maurizio Lombardi <mlomb...@redhat.com> Mauro Carvalho Chehab <mchehab+sams...@kernel.org> Michael J. Ruhl <michael.j.r...@intel.com> Michael S. Tsirkin <m...@redhat.com> Michal Hocko <mho...@suse.com> Michal Kubecek <mkube...@suse.cz> Michal Simek <michal.si...@xilinx.com> Miquel Raynal <miquel.ray...@bootlin.com> Myungho Jung <mhju...@gmail.com> Nava kishore Manne <nava.ma...@xilinx.com> Nayna Jain <na...@linux.ibm.com> (For TPM 2.0) Neil Horman <nhor...@tuxdriver.com> Nicolas Ferre <nicolas.fe...@microchip.com> Oliver Neukum <oneu...@suse.com> Pablo Neira Ayuso <pa...@netfilter.org> Pan Bian <bianpan2...@163.com> Paolo Bonzini <pbonz...@redhat.com> Patrick Dreyer <patrick.dre...@gmail.com> Patrick Dreyer <patr...@dreyer.name> Paul Burton <paul.bur...@mips.com> Peter Zijlstra (Intel) <pet...@infradead.org> ruippan (潘睿) <ruip...@tencent.com> Saeed Mahameed <sae...@mellanox.com> Sameer Pujar <spu...@nvidia.com> Sasha Levin <sas...@kernel.org> Scott Chen <sc...@labau.com.tw> Sean Christopherson <sean.j.christopher...@intel.com> Sebastian Ott <seb...@linux.ibm.com> Shalom Toledo <shal...@mellanox.com> Steve French <stfre...@microsoft.com> Takashi Iwai <ti...@suse.de> Takashi Sakamoto <o-taka...@sakamocchi.jp> Tariq Toukan <tar...@mellanox.com> Tejun Heo <t...@kernel.org> Theodore Ts'o <ty...@mit.edu> Thomas Gleixner <t...@linutronix.de> Tomas Winkler <tomas.wink...@intel.com> Tyrel Datwyler <tyr...@linux.vnet.ibm.com> Wenwen Wang <wang6...@umn.edu> Will Deacon <will.dea...@arm.com> Willem de Bruijn <will...@google.com> Xin Long <lucien....@gmail.com> Yi-Hung Wei <yihung....@gmail.com> Yuval Avnery <yuva...@mellanox.com> jobs: build-amd64-xsm pass build-i386-xsm pass build-amd64 pass build-armhf pass build-i386 pass build-amd64-libvirt pass build-armhf-libvirt pass build-i386-libvirt pass build-amd64-pvops pass build-armhf-pvops pass build-i386-pvops pass build-amd64-rumprun pass build-i386-rumprun pass test-amd64-amd64-xl pass test-armhf-armhf-xl pass test-amd64-i386-xl pass test-amd64-amd64-xl-qemut-debianhvm-amd64-xsm pass test-amd64-i386-xl-qemut-debianhvm-amd64-xsm pass test-amd64-amd64-libvirt-qemuu-debianhvm-amd64-xsm broken test-amd64-i386-libvirt-qemuu-debianhvm-amd64-xsm broken test-amd64-amd64-xl-qemuu-debianhvm-amd64-xsm pass test-amd64-i386-xl-qemuu-debianhvm-amd64-xsm pass test-amd64-amd64-xl-qemut-stubdom-debianhvm-amd64-xsm pass test-amd64-i386-xl-qemut-stubdom-debianhvm-amd64-xsm pass test-amd64-amd64-libvirt-xsm pass test-amd64-i386-libvirt-xsm pass test-amd64-amd64-xl-xsm pass test-amd64-i386-xl-xsm pass test-amd64-amd64-qemuu-nested-amd fail test-amd64-amd64-xl-pvhv2-amd pass test-amd64-i386-qemut-rhel6hvm-amd pass test-amd64-i386-qemuu-rhel6hvm-amd pass test-amd64-amd64-xl-qemut-debianhvm-amd64 broken test-amd64-i386-xl-qemut-debianhvm-amd64 pass test-amd64-amd64-xl-qemuu-debianhvm-amd64 pass test-amd64-i386-xl-qemuu-debianhvm-amd64 pass test-amd64-i386-freebsd10-amd64 pass test-amd64-amd64-xl-qemuu-ovmf-amd64 pass test-amd64-i386-xl-qemuu-ovmf-amd64 pass test-amd64-amd64-rumprun-amd64 pass test-amd64-amd64-xl-qemut-win7-amd64 fail test-amd64-i386-xl-qemut-win7-amd64 fail test-amd64-amd64-xl-qemuu-win7-amd64 fail test-amd64-i386-xl-qemuu-win7-amd64 fail test-amd64-amd64-xl-qemut-ws16-amd64 fail test-amd64-i386-xl-qemut-ws16-amd64 fail test-amd64-amd64-xl-qemuu-ws16-amd64 fail test-amd64-i386-xl-qemuu-ws16-amd64 fail test-armhf-armhf-xl-arndale pass test-amd64-amd64-xl-credit1 pass test-armhf-armhf-xl-credit1 pass test-amd64-amd64-xl-credit2 pass test-armhf-armhf-xl-credit2 pass test-armhf-armhf-xl-cubietruck pass test-amd64-amd64-xl-qemuu-dmrestrict-amd64-dmrestrict pass test-amd64-i386-xl-qemuu-dmrestrict-amd64-dmrestrict pass test-amd64-amd64-examine pass test-armhf-armhf-examine pass test-amd64-i386-examine pass test-amd64-i386-freebsd10-i386 broken test-amd64-i386-rumprun-i386 pass test-amd64-amd64-xl-qemut-win10-i386 fail test-amd64-i386-xl-qemut-win10-i386 broken test-amd64-amd64-xl-qemuu-win10-i386 fail test-amd64-i386-xl-qemuu-win10-i386 fail test-amd64-amd64-qemuu-nested-intel pass test-amd64-amd64-xl-pvhv2-intel pass test-amd64-i386-qemut-rhel6hvm-intel pass test-amd64-i386-qemuu-rhel6hvm-intel pass test-amd64-amd64-libvirt fail test-armhf-armhf-libvirt pass test-amd64-i386-libvirt pass test-amd64-amd64-xl-multivcpu pass test-armhf-armhf-xl-multivcpu pass test-amd64-amd64-pair pass test-amd64-i386-pair pass test-amd64-amd64-libvirt-pair pass test-amd64-i386-libvirt-pair pass test-amd64-amd64-amd64-pvgrub pass test-amd64-amd64-i386-pvgrub pass test-amd64-amd64-xl-pvshim broken test-amd64-i386-xl-pvshim fail test-amd64-amd64-pygrub pass test-amd64-amd64-xl-qcow2 pass test-armhf-armhf-libvirt-raw pass test-amd64-i386-xl-raw pass test-amd64-amd64-xl-rtds pass test-armhf-armhf-xl-rtds pass test-amd64-amd64-xl-qemuu-debianhvm-amd64-shadow pass test-amd64-i386-xl-qemuu-debianhvm-amd64-shadow pass test-amd64-amd64-xl-shadow broken test-amd64-i386-xl-shadow pass test-amd64-amd64-libvirt-vhd broken test-armhf-armhf-xl-vhd pass ------------------------------------------------------------ sg-report-flight on osstest.test-lab.xenproject.org logs: /home/logs/logs images: /home/logs/images Logs, config files, etc. are available at http://logs.test-lab.xenproject.org/osstest/logs Explanation of these reports, and of osstest in general, is at http://xenbits.xen.org/gitweb/?p=osstest.git;a=blob;f=README.email;hb=master http://xenbits.xen.org/gitweb/?p=osstest.git;a=blob;f=README;hb=master Test harness code can be found at http://xenbits.xen.org/gitweb?p=osstest.git;a=summary broken-job test-amd64-amd64-xl-qemut-debianhvm-amd64 broken broken-job test-amd64-i386-libvirt-qemuu-debianhvm-amd64-xsm broken broken-job test-amd64-i386-freebsd10-i386 broken broken-job test-amd64-amd64-xl-shadow broken broken-job test-amd64-amd64-xl-pvshim broken broken-job test-amd64-amd64-libvirt-vhd broken broken-job test-amd64-amd64-libvirt-qemuu-debianhvm-amd64-xsm broken broken-job test-amd64-i386-xl-qemut-win10-i386 broken broken-step test-amd64-i386-xl-qemut-win10-i386 host-install(4) broken-step test-amd64-amd64-xl-shadow host-install(4) broken-step test-amd64-amd64-libvirt-qemuu-debianhvm-amd64-xsm host-install(4) broken-step test-amd64-amd64-xl-pvshim host-install(4) broken-step test-amd64-amd64-libvirt-vhd host-install(4) broken-step test-amd64-amd64-xl-qemut-debianhvm-amd64 host-install(4) broken-step test-amd64-i386-libvirt-qemuu-debianhvm-amd64-xsm host-install(4) broken-step test-amd64-i386-freebsd10-i386 host-install(4) Not pushing. (No revision log; it would be 3072 lines long.) _______________________________________________ Xen-devel mailing list Xen-devel@lists.xenproject.org https://lists.xenproject.org/mailman/listinfo/xen-devel