flight 131890 ovmf real [real] http://logs.test-lab.xenproject.org/osstest/logs/131890/
Regressions :-( Tests which did not succeed and are blocking, including tests which could not be run: build-i386 6 xen-build fail REGR. vs. 129475 build-i386-xsm 6 xen-build fail REGR. vs. 129475 build-amd64-xsm 6 xen-build fail REGR. vs. 129475 build-amd64 6 xen-build fail REGR. vs. 129475 Tests which did not succeed, but are not blocking: build-amd64-libvirt 1 build-check(1) blocked n/a test-amd64-amd64-xl-qemuu-ovmf-amd64 1 build-check(1) blocked n/a build-i386-libvirt 1 build-check(1) blocked n/a test-amd64-i386-xl-qemuu-ovmf-amd64 1 build-check(1) blocked n/a version targeted for testing: ovmf a53a888de8f5fa8dbf75a381e28f25a5497572f1 baseline version: ovmf 5ae3184d8c59f7bbb84bad482df6b8020ba58188 Last test of basis 129475 2018-11-05 21:13:11 Z 65 days Failing since 129526 2018-11-06 20:49:26 Z 64 days 258 attempts Testing same since 131796 2019-01-08 08:06:26 Z 2 days 7 attempts ------------------------------------------------------------ People who touched revisions under test: Achin Gupta <achin.gu...@arm.com> Alex James <theracermas...@gmail.com> Ard Biesheuvel <ard.biesheu...@linaro.org> Ashish Singhal <ashishsin...@nvidia.com> Bob Feng <bob.c.f...@intel.com> bob.c.f...@intel.com <bob.c.f...@intel.com> BobCF <bob.c.f...@intel.com> Chasel Chiu <chasel.c...@intel.com> Chasel, Chiu <chasel.c...@intel.com> Chen A Chen <chen.a.c...@intel.com> Chu, Maggie <maggie....@intel.com> Dandan Bi <dandan...@intel.com> David Wei <david....@intel.com> Derek Lin <derek.l...@hpe.com> Eric Dong <eric.d...@intel.com> Feng, Bob C <bob.c.f...@intel.com> Fu Siyuan <siyuan...@intel.com> Gary Lin <g...@suse.com> Hao Wu <hao.a...@intel.com> Jaben Carsey <jaben.car...@intel.com> Jagadeesh Ujja <jagadeesh.u...@arm.com> Jeff Brasen <jbra...@nvidia.com> Jian J Wang <jian.j.w...@intel.com> Jiaxin Wu <jiaxin...@intel.com> Jiewen Yao <jiewen....@intel.com> Laszlo Ersek <ler...@redhat.com> Leif Lindholm <leif.lindh...@linaro.org> Liming Gao <liming....@intel.com> Liu Yu <pedroa....@outlook.com> Maggie Chu <maggie....@intel.com> Marc Zyngier <marc.zyng...@arm.com> Marcin Wojtas <m...@semihalf.com> Mike Maslenkin <mike.maslen...@gmail.com> Ming Huang <ming.hu...@linaro.org> Pedroa Liu <pedroa....@outlook.com> Ruiyu Ni <ruiyu...@intel.com> Sami Mujawar <sami.muja...@arm.com> shenglei <shenglei.zh...@intel.com> Shenglei Zhang <shenglei.zh...@intel.com> Siyuan Fu <siyuan...@intel.com> Star Zeng <star.z...@intel.com> Sughosh Ganu <sughosh.g...@arm.com> Sumit Garg <sumit.g...@linaro.org> Sun, Zailiang </o=Intel/ou=Exchange Administrative Group (FYDIBOHF23SPDLT)/cn=Recipients/cn=Sun, Zailiangf5d> Thomas Abraham <thomas.abra...@arm.com> Thomas Rydman <thomas.j.ryd...@intel.com> Ting Ye <ting...@intel.com> Tomasz Michalec <t...@semihalf.com> Vijayenthiran Subramaniam <vijayenthiran.subraman...@arm.com> Vladimir Olovyannikov <vladimir.olovyanni...@broadcom.com> Wang BinX A <binx.a.w...@intel.com> Wu Jiaxin <jiaxin...@intel.com> Ye Ting <ting...@intel.com> Yonghong Zhu <yonghong....@intel.com> yuchenlin <yuchen...@synology.com> Zailiang Sun <zailiang....@intel.com> Zhang, Chao B <chao.b.zh...@intel.com> Zhao, ZhiqiangX <zhiqiangx.z...@intel.com> Zhiju.Fan <zhijux....@intel.com> zhijufan <zhijux....@intel.com> ZhiqiangX Zhao <zhiqiangx.z...@intel.com> zwei4 <david....@intel.com> jobs: build-amd64-xsm fail build-i386-xsm fail build-amd64 fail build-i386 fail build-amd64-libvirt blocked build-i386-libvirt blocked build-amd64-pvops pass build-i386-pvops pass test-amd64-amd64-xl-qemuu-ovmf-amd64 blocked test-amd64-i386-xl-qemuu-ovmf-amd64 blocked ------------------------------------------------------------ sg-report-flight on osstest.test-lab.xenproject.org logs: /home/logs/logs images: /home/logs/images Logs, config files, etc. are available at http://logs.test-lab.xenproject.org/osstest/logs Explanation of these reports, and of osstest in general, is at http://xenbits.xen.org/gitweb/?p=osstest.git;a=blob;f=README.email;hb=master http://xenbits.xen.org/gitweb/?p=osstest.git;a=blob;f=README;hb=master Test harness code can be found at http://xenbits.xen.org/gitweb?p=osstest.git;a=summary Not pushing. (No revision log; it would be 5677 lines long.) _______________________________________________ Xen-devel mailing list Xen-devel@lists.xenproject.org https://lists.xenproject.org/mailman/listinfo/xen-devel