flight 131427 linux-4.14 real [real] http://logs.test-lab.xenproject.org/osstest/logs/131427/
Failures :-/ but no regressions. Tests which did not succeed, but are not blocking: test-amd64-i386-xl-pvshim 12 guest-start fail never pass test-amd64-amd64-libvirt-xsm 13 migrate-support-check fail never pass test-amd64-i386-libvirt-xsm 13 migrate-support-check fail never pass test-amd64-i386-libvirt 13 migrate-support-check fail never pass test-amd64-amd64-libvirt 13 migrate-support-check fail never pass test-amd64-amd64-libvirt-qemuu-debianhvm-amd64-xsm 11 migrate-support-check fail never pass test-amd64-i386-libvirt-qemuu-debianhvm-amd64-xsm 11 migrate-support-check fail never pass test-amd64-amd64-qemuu-nested-amd 17 debian-hvm-install/l1/l2 fail never pass test-amd64-amd64-libvirt-vhd 12 migrate-support-check fail never pass test-armhf-armhf-xl 13 migrate-support-check fail never pass test-armhf-armhf-xl 14 saverestore-support-check fail never pass test-armhf-armhf-xl-multivcpu 13 migrate-support-check fail never pass test-armhf-armhf-xl-multivcpu 14 saverestore-support-check fail never pass test-armhf-armhf-xl-cubietruck 13 migrate-support-check fail never pass test-armhf-armhf-xl-cubietruck 14 saverestore-support-check fail never pass test-armhf-armhf-xl-rtds 13 migrate-support-check fail never pass test-armhf-armhf-xl-rtds 14 saverestore-support-check fail never pass test-armhf-armhf-xl-credit2 13 migrate-support-check fail never pass test-armhf-armhf-xl-credit2 14 saverestore-support-check fail never pass test-armhf-armhf-libvirt 13 migrate-support-check fail never pass test-armhf-armhf-libvirt 14 saverestore-support-check fail never pass test-armhf-armhf-xl-credit1 13 migrate-support-check fail never pass test-armhf-armhf-xl-credit1 14 saverestore-support-check fail never pass test-amd64-i386-xl-qemut-win7-amd64 17 guest-stop fail never pass test-amd64-amd64-xl-qemuu-ws16-amd64 17 guest-stop fail never pass test-amd64-amd64-xl-qemuu-win7-amd64 17 guest-stop fail never pass test-amd64-i386-xl-qemuu-win7-amd64 17 guest-stop fail never pass test-amd64-amd64-xl-qemut-ws16-amd64 17 guest-stop fail never pass test-amd64-amd64-xl-qemut-win7-amd64 17 guest-stop fail never pass test-armhf-armhf-libvirt-raw 12 migrate-support-check fail never pass test-armhf-armhf-libvirt-raw 13 saverestore-support-check fail never pass test-armhf-armhf-xl-arndale 13 migrate-support-check fail never pass test-armhf-armhf-xl-arndale 14 saverestore-support-check fail never pass test-amd64-i386-xl-qemuu-ws16-amd64 17 guest-stop fail never pass test-amd64-i386-xl-qemut-ws16-amd64 17 guest-stop fail never pass test-armhf-armhf-xl-vhd 12 migrate-support-check fail never pass test-armhf-armhf-xl-vhd 13 saverestore-support-check fail never pass test-amd64-i386-xl-qemut-win10-i386 10 windows-install fail never pass test-amd64-amd64-xl-qemut-win10-i386 10 windows-install fail never pass test-amd64-amd64-xl-qemuu-win10-i386 10 windows-install fail never pass test-amd64-i386-xl-qemuu-win10-i386 10 windows-install fail never pass version targeted for testing: linux 3beeb2615681fe87f4e6291ade669d50c27ce59a baseline version: linux 1bb538a39cf959009d4e424ea4e590a1f58b2ed6 Last test of basis 131318 2018-12-14 18:04:28 Z 5 days Testing same since 131385 2018-12-17 08:40:50 Z 2 days 2 attempts ------------------------------------------------------------ People who touched revisions under test: Aaro Koskinen <aaro.koski...@iki.fi> Aaron Brown <aaron.f.br...@intel.com> Adam Ford <aford...@gmail.com> Al Viro <v...@zeniv.linux.org.uk> Alex Deucher <alexander.deuc...@amd.com> Alexandre Belloni <alexandre.bell...@bootlin.com> Alin Nastac <alin.nas...@gmail.com> Andrew Bowers <andrewx.bow...@intel.com> Andrew Morton <a...@linux-foundation.org> Arnaldo Carvalho de Melo <a...@redhat.com> Artem Savkov <asav...@redhat.com> Artemy Kovalyov <artem...@mellanox.com> Benjamin Tissoires <benjamin.tissoi...@redhat.com> Catalin Marinas <catalin.mari...@arm.com> Christian Hewitt <christianshew...@gmail.com> Christoph Hellwig <h...@lst.de> Christoph Paasch <cpaa...@apple.com> Christophe JAILLET <christophe.jail...@wanadoo.fr> Colin Ian King <colin.k...@canonical.com> Daniel Axtens <d...@axtens.net> Daniel Borkmann <dan...@iogearbox.net> Dave Airlie <airl...@redhat.com> David Howells <dhowe...@redhat.com> David S. Miller <da...@davemloft.net> David Sterba <dste...@suse.com> Davidlohr Bueso <d...@stgolabs.net> Davidlohr Bueso <dbu...@suse.de> Dennis Dalessandro <dennis.dalessan...@intel.com> Doug Ledford <dledf...@redhat.com> Eran Ben Elisha <era...@mellanox.com> Eric Dumazet <eduma...@google.com> Ewan D. Milne <emi...@redhat.com> Felipe Balbi <felipe.ba...@linux.intel.com> Felix Kuehling <felix.kuehl...@amd.com> Filipe Manana <fdman...@suse.com> Florian Westphal <f...@strlen.de> Greg Kroah-Hartman <gre...@linuxfoundation.org> Guenter Roeck <li...@roeck-us.net> Hans de Goede <hdego...@redhat.com> Heiner Kallweit <hkallwe...@gmail.com> Huacai Chen <che...@lemote.com> Igor Druzhinin <igor.druzhi...@citrix.com> Ingo Molnar <mi...@kernel.org> Janusz Krzysztofik <jmkrzy...@gmail.com> Jarkko Nikula <jarkko.nik...@bitmer.com> Jason Gunthorpe <j...@mellanox.com> Jason Wang <jasow...@redhat.com> Jeff Kirsher <jeffrey.t.kirs...@intel.com> Jiri Olsa <jo...@kernel.org> Jiri Wiesner <jwies...@suse.com> Jonathan Cameron <jonathan.came...@huawei.com> Josh Elsasser <jelsas...@appneta.com> Josh Poimboeuf <jpoim...@redhat.com> Juergen Gross <jgr...@suse.com> Julian Anastasov <j...@ssi.bg> Kailang Yang <kail...@realtek.com> Kamal Heib <kamalhe...@gmail.com> Kees Cook <keesc...@chromium.org> Kiran Kumar Modukuri <kiran.moduk...@gmail.com> Kuninori Morimoto <kuninori.morimoto...@renesas.com> Larry Chen <lc...@suse.com> Leon Romanovsky <leo...@mellanox.com> Linus Torvalds <torva...@linux-foundation.org> Lorenzo Bianconi <lorenzo.bianc...@redhat.com> Lorenzo Pieralisi <lorenzo.pieral...@arm.com> Majd Dibbiny <m...@mellanox.com> Marcelo Ricardo Leitner <marcelo.leit...@gmail.com> Marek Szyprowski <m.szyprow...@samsung.com> Mark Brown <broo...@kernel.org> Martin Schwidefsky <schwidef...@de.ibm.com> Martynas Pumputis <m...@lambda.lt> Michal Hocko <mho...@suse.com> Moni Shoua <mo...@mellanox.com> Nathan Chancellor <natechancel...@gmail.com> Neal Cardwell <ncardw...@google.com> Neil Armstrong <narmstr...@baylibre.com> Neil Horman <nhor...@tuxdriver.com> NeilBrown <ne...@suse.com> Nicolas Dichtel <nicolas.dich...@6wind.com> Nicolin Chen <nicoleots...@gmail.com> Pablo Neira Ayuso <pa...@netfilter.org> Pan Bian <bianpan2...@163.com> Paolo Bonzini <pbonz...@redhat.com> Peter Oskolkov <p...@google.com> Peter Ujfalusi <peter.ujfal...@ti.com> Petr Mladek <pmla...@suse.com> Piotr Stankiewicz <piotr.stankiew...@intel.com> Qian Cai <c...@gmx.us> Richard Fitzgerald <r...@opensource.cirrus.com> Robbie Ko <robbi...@synology.com> Romain Izard <romain.izard....@gmail.com> Sagi Grimberg <s...@grimberg.me> Sasha Levin <sas...@kernel.org> Sean Paul <seanp...@chromium.org> Sergey Senozhatsky <sergey.senozhatsky.w...@gmail.com> Sergey Senozhatsky <sergey.senozhat...@gmail.com> Shantanu Goel <sgoe...@yahoo.com> shaoyunl <shaoyun....@amd.com> Shmulik Ladkani <shmulik.ladk...@gmail.com> Shmulik Ladkani <shmu...@metanetworks.com> Simon Horman <ho...@verge.net.au> Soheil Hassas Yeganeh <soh...@google.com> Srikanth Boddepalli <boddepalli.srika...@gmail.com> Srinivas Pandruvada <srinivas.pandruv...@linux.intel.com> Stefano Brivio <sbri...@redhat.com> Steven Rostedt (VMware) <rost...@goodmis.org> Su Yanjun <suyj.f...@cn.fujitsu.com> Taehee Yoo <ap420...@gmail.com> Takashi Iwai <ti...@suse.de> Takashi Sakamoto <o-taka...@sakamocchi.jp> Tarick Bedeir <tar...@google.com> Tariq Toukan <tar...@mellanox.com> Thomas Richter <tmri...@linux.ibm.com> Tigran Mkrtchyan <tigran.mkrtch...@desy.de> Tony Lindgren <t...@atomide.com> Trent Piepho <tpie...@impinj.com> Trond Myklebust <trond.mykleb...@hammerspace.com> Tzung-Bi Shih <tzun...@google.com> Waiman Long <long...@redhat.com> Wei Yang <richard.weiy...@gmail.com> Will Deacon <will.dea...@arm.com> Xin Long <lucien....@gmail.com> Y.C. Chen <yc_c...@aspeedtech.com> Yao Wang <wang...@lemote.com> Yi Wang <wang.y...@zte.com.cn> Yuchung Cheng <ych...@google.com> YueHaibing <yuehaib...@huawei.com> Yunjian Wang <wangyunj...@huawei.com> Yusuke Goda <yusuke.goda...@renesas.com> jobs: build-amd64-xsm pass build-i386-xsm pass build-amd64 pass build-armhf pass build-i386 pass build-amd64-libvirt pass build-armhf-libvirt pass build-i386-libvirt pass build-amd64-pvops pass build-armhf-pvops pass build-i386-pvops pass build-amd64-rumprun pass build-i386-rumprun pass test-amd64-amd64-xl pass test-armhf-armhf-xl pass test-amd64-i386-xl pass test-amd64-amd64-xl-qemut-debianhvm-amd64-xsm pass test-amd64-i386-xl-qemut-debianhvm-amd64-xsm pass test-amd64-amd64-libvirt-qemuu-debianhvm-amd64-xsm pass test-amd64-i386-libvirt-qemuu-debianhvm-amd64-xsm pass test-amd64-amd64-xl-qemuu-debianhvm-amd64-xsm pass test-amd64-i386-xl-qemuu-debianhvm-amd64-xsm pass test-amd64-amd64-xl-qemut-stubdom-debianhvm-amd64-xsm pass test-amd64-i386-xl-qemut-stubdom-debianhvm-amd64-xsm pass test-amd64-amd64-libvirt-xsm pass test-amd64-i386-libvirt-xsm pass test-amd64-amd64-xl-xsm pass test-amd64-i386-xl-xsm pass test-amd64-amd64-qemuu-nested-amd fail test-amd64-amd64-xl-pvhv2-amd pass test-amd64-i386-qemut-rhel6hvm-amd pass test-amd64-i386-qemuu-rhel6hvm-amd pass test-amd64-amd64-xl-qemut-debianhvm-amd64 pass test-amd64-i386-xl-qemut-debianhvm-amd64 pass test-amd64-amd64-xl-qemuu-debianhvm-amd64 pass test-amd64-i386-xl-qemuu-debianhvm-amd64 pass test-amd64-i386-freebsd10-amd64 pass test-amd64-amd64-xl-qemuu-ovmf-amd64 pass test-amd64-i386-xl-qemuu-ovmf-amd64 pass test-amd64-amd64-rumprun-amd64 pass test-amd64-amd64-xl-qemut-win7-amd64 fail test-amd64-i386-xl-qemut-win7-amd64 fail test-amd64-amd64-xl-qemuu-win7-amd64 fail test-amd64-i386-xl-qemuu-win7-amd64 fail test-amd64-amd64-xl-qemut-ws16-amd64 fail test-amd64-i386-xl-qemut-ws16-amd64 fail test-amd64-amd64-xl-qemuu-ws16-amd64 fail test-amd64-i386-xl-qemuu-ws16-amd64 fail test-armhf-armhf-xl-arndale pass test-amd64-amd64-xl-credit1 pass test-armhf-armhf-xl-credit1 pass test-amd64-amd64-xl-credit2 pass test-armhf-armhf-xl-credit2 pass test-armhf-armhf-xl-cubietruck pass test-amd64-amd64-xl-qemuu-dmrestrict-amd64-dmrestrict pass test-amd64-i386-xl-qemuu-dmrestrict-amd64-dmrestrict pass test-amd64-amd64-examine pass test-armhf-armhf-examine pass test-amd64-i386-examine pass test-amd64-i386-freebsd10-i386 pass test-amd64-i386-rumprun-i386 pass test-amd64-amd64-xl-qemut-win10-i386 fail test-amd64-i386-xl-qemut-win10-i386 fail test-amd64-amd64-xl-qemuu-win10-i386 fail test-amd64-i386-xl-qemuu-win10-i386 fail test-amd64-amd64-qemuu-nested-intel pass test-amd64-amd64-xl-pvhv2-intel pass test-amd64-i386-qemut-rhel6hvm-intel pass test-amd64-i386-qemuu-rhel6hvm-intel pass test-amd64-amd64-libvirt pass test-armhf-armhf-libvirt pass test-amd64-i386-libvirt pass test-amd64-amd64-xl-multivcpu pass test-armhf-armhf-xl-multivcpu pass test-amd64-amd64-pair pass test-amd64-i386-pair pass test-amd64-amd64-libvirt-pair pass test-amd64-i386-libvirt-pair pass test-amd64-amd64-amd64-pvgrub pass test-amd64-amd64-i386-pvgrub pass test-amd64-amd64-xl-pvshim pass test-amd64-i386-xl-pvshim fail test-amd64-amd64-pygrub pass test-amd64-amd64-xl-qcow2 pass test-armhf-armhf-libvirt-raw pass test-amd64-i386-xl-raw pass test-amd64-amd64-xl-rtds pass test-armhf-armhf-xl-rtds pass test-amd64-amd64-xl-qemuu-debianhvm-amd64-shadow pass test-amd64-i386-xl-qemuu-debianhvm-amd64-shadow pass test-amd64-amd64-xl-shadow pass test-amd64-i386-xl-shadow pass test-amd64-amd64-libvirt-vhd pass test-armhf-armhf-xl-vhd pass ------------------------------------------------------------ sg-report-flight on osstest.test-lab.xenproject.org logs: /home/logs/logs images: /home/logs/images Logs, config files, etc. are available at http://logs.test-lab.xenproject.org/osstest/logs Explanation of these reports, and of osstest in general, is at http://xenbits.xen.org/gitweb/?p=osstest.git;a=blob;f=README.email;hb=master http://xenbits.xen.org/gitweb/?p=osstest.git;a=blob;f=README;hb=master Test harness code can be found at http://xenbits.xen.org/gitweb?p=osstest.git;a=summary Pushing revision : To xenbits.xen.org:/home/xen/git/linux-pvops.git 1bb538a39cf9..3beeb2615681 3beeb2615681fe87f4e6291ade669d50c27ce59a -> tested/linux-4.14 _______________________________________________ Xen-devel mailing list Xen-devel@lists.xenproject.org https://lists.xenproject.org/mailman/listinfo/xen-devel