flight 131426 linux-4.4 real [real]
http://logs.test-lab.xenproject.org/osstest/logs/131426/

Regressions :-(

Tests which did not succeed and are blocking,
including tests which could not be run:
 build-armhf                   6 xen-build                fail REGR. vs. 131384

Tests which did not succeed, but are not blocking:
 test-armhf-armhf-xl           1 build-check(1)               blocked  n/a
 test-armhf-armhf-libvirt-raw  1 build-check(1)               blocked  n/a
 test-armhf-armhf-xl-credit1   1 build-check(1)               blocked  n/a
 test-armhf-armhf-examine      1 build-check(1)               blocked  n/a
 test-armhf-armhf-xl-arndale   1 build-check(1)               blocked  n/a
 test-armhf-armhf-xl-cubietruck  1 build-check(1)               blocked  n/a
 build-armhf-libvirt           1 build-check(1)               blocked  n/a
 test-armhf-armhf-xl-multivcpu  1 build-check(1)               blocked  n/a
 test-armhf-armhf-xl-rtds      1 build-check(1)               blocked  n/a
 test-armhf-armhf-xl-vhd       1 build-check(1)               blocked  n/a
 test-armhf-armhf-xl-credit2   1 build-check(1)               blocked  n/a
 test-armhf-armhf-libvirt      1 build-check(1)               blocked  n/a
 test-amd64-amd64-xl-qemuu-dmrestrict-amd64-dmrestrict 10 debian-hvm-install 
fail never pass
 test-amd64-i386-xl-qemuu-dmrestrict-amd64-dmrestrict 10 debian-hvm-install 
fail never pass
 test-amd64-i386-xl-pvshim    12 guest-start                  fail   never pass
 test-amd64-amd64-xl-pvhv2-amd 12 guest-start                  fail  never pass
 test-amd64-i386-libvirt      13 migrate-support-check        fail   never pass
 test-amd64-i386-libvirt-xsm  13 migrate-support-check        fail   never pass
 test-amd64-amd64-xl-pvhv2-intel 12 guest-start                 fail never pass
 test-amd64-amd64-libvirt-xsm 13 migrate-support-check        fail   never pass
 test-amd64-amd64-libvirt     13 migrate-support-check        fail   never pass
 test-amd64-i386-libvirt-qemuu-debianhvm-amd64-xsm 11 migrate-support-check 
fail never pass
 test-amd64-amd64-libvirt-qemuu-debianhvm-amd64-xsm 11 migrate-support-check 
fail never pass
 test-amd64-amd64-qemuu-nested-amd 17 debian-hvm-install/l1/l2  fail never pass
 test-amd64-amd64-libvirt-vhd 12 migrate-support-check        fail   never pass
 test-amd64-i386-xl-qemuu-win7-amd64 17 guest-stop              fail never pass
 test-amd64-amd64-xl-qemuu-win7-amd64 17 guest-stop             fail never pass
 test-amd64-amd64-xl-qemut-win7-amd64 17 guest-stop             fail never pass
 test-amd64-i386-xl-qemut-win7-amd64 17 guest-stop              fail never pass
 test-amd64-amd64-xl-qemut-ws16-amd64 17 guest-stop             fail never pass
 test-amd64-amd64-xl-qemuu-ws16-amd64 17 guest-stop             fail never pass
 test-amd64-i386-xl-qemuu-ws16-amd64 17 guest-stop              fail never pass
 test-amd64-i386-xl-qemut-ws16-amd64 17 guest-stop              fail never pass
 test-amd64-amd64-xl-qemut-win10-i386 10 windows-install        fail never pass
 test-amd64-i386-xl-qemut-win10-i386 10 windows-install         fail never pass
 test-amd64-i386-xl-qemuu-win10-i386 10 windows-install         fail never pass
 test-amd64-amd64-xl-qemuu-win10-i386 10 windows-install        fail never pass

version targeted for testing:
 linux                d3c67a52a66ba2d44bcf1b8262609148c7c73113
baseline version:
 linux                640f85865ca658ae07d485693a3d452bdbbadaba

Last test of basis   131384  2018-12-17 08:40:03 Z    2 days
Testing same since   131426  2018-12-18 08:18:16 Z    1 days    1 attempts

------------------------------------------------------------
People who touched revisions under test:
  Aaro Koskinen <aaro.koski...@iki.fi>
  Al Viro <v...@zeniv.linux.org.uk>
  Alexei Starovoitov <a...@fb.com>
  Alexei Starovoitov <a...@kernel.org>
  Anders Roxell <anders.rox...@linaro.org>
  Andrew Bowers <andrewx.bow...@intel.com>
  Andrew Morton <a...@linux-foundation.org>
  Arnd Bergmann <a...@arndb.de>
  Ashok Raj <ashok....@intel.com>
  Ben Hutchings <ben.hutchi...@codethink.co.uk>
  Borislav Petkov <b...@suse.de>
  Catalin Marinas <catalin.mari...@arm.com>
  Christian König <christian.koe...@amd.com>
  Christoph Hellwig <h...@lst.de>
  Christoph Paasch <cpaa...@apple.com>
  Colin Ian King <colin.k...@canonical.com>
  Dan Williams <dan.j.willi...@intel.com>
  Daniel Borkmann <dan...@iogearbox.net>
  Dave Airlie <airl...@redhat.com>
  David Howells <dhowe...@redhat.com>
  David Matlack <dmatl...@google.com>
  David S. Miller <da...@davemloft.net>
  David Sterba <dste...@suse.com>
  David Woodhouse <d...@amazon.co.uk>
  Eric Dumazet <eduma...@google.com>
  Felipe Balbi <felipe.ba...@linux.intel.com>
  Filipe Manana <fdman...@suse.com>
  Florian Fainelli <f.faine...@gmail.com>
  Greg Kroah-Hartman <gre...@linuxfoundation.org>
  Guenter Roeck <li...@roeck-us.net>
  Heiner Kallweit <hkallwe...@gmail.com>
  Hillf Danton <hillf...@alibaba-inc.com>
  Huacai Chen <che...@lemote.com>
  Ingo Molnar <mi...@kernel.org>
  Janusz Krzysztofik <jmkrzy...@gmail.com>
  Jarkko Nikula <jarkko.nik...@bitmer.com>
  Jeff Kirsher <jeffrey.t.kirs...@intel.com>
  Jens Axboe <ax...@kernel.dk>
  Jesper Nilsson <jesper.nils...@axis.com>
  Jim Mattson <jmatt...@google.com>
  John Stultz <john.stu...@linaro.org>
  Jonathan Corbet <cor...@lwn.net>
  Josh Elsasser <jelsas...@appneta.com>
  Juergen Gross <jgr...@suse.com>
  Jörg Otte <jrg.o...@gmail.com>
  Kalle Valo <kv...@qca.qualcomm.com>
  KarimAllah Ahmed <karah...@amazon.de>
  Kees Cook <keesc...@chromium.org>
  Konrad Rzeszutek Wilk <konrad.w...@oracle.com>
  Larry Chen <lc...@suse.com>
  Linus Torvalds <torva...@linux-foundation.org>
  Lior David <qca_li...@qca.qualcomm.com>
  Lorenzo Bianconi <lorenzo.bianc...@redhat.com>
  Lorenzo Stoakes <lstoa...@gmail.com>
  Mark Brown <broo...@kernel.org>
  Mark Kanda <mark.ka...@oracle.com>
  Martin Schwidefsky <schwidef...@de.ibm.com>
  Martynas Pumputis <m...@lambda.lt>
  Mauro Carvalho Chehab <mche...@s-opensource.com>
  Maya Erez <qca_me...@qca.qualcomm.com>
  Michal Hocko <mho...@suse.com>
  Mike Kravetz <mike.krav...@oracle.com>
  Namhyung Kim <namhy...@kernel.org>
  Nathan Chancellor <natechancel...@gmail.com>
  Neal Cardwell <ncardw...@google.com>
  NeilBrown <ne...@suse.com>
  Nicolas Dichtel <nicolas.dich...@6wind.com>
  Nicolin Chen <nicoleots...@gmail.com>
  Pan Bian <bianpan2...@163.com>
  Paolo Bonzini <pbonz...@redhat.com>
  Peter Ujfalusi <peter.ujfal...@ti.com>
  Peter Zijlstra (Intel) <pet...@infradead.org>
  Qian Cai <c...@gmx.us>
  Radim Krčmář <rkrc...@redhat.com>
  Robbie Ko <robbi...@synology.com>
  Sasha Levin <sas...@kernel.org>
  Shuah Khan <shua...@osg.samsung.com>
  Srikanth Boddepalli <boddepalli.srika...@gmail.com>
  Stefano Brivio <sbri...@redhat.com>
  Su Yanjun <suyj.f...@cn.fujitsu.com>
  Sudip Mukherjee <sudip.mukher...@codethink.co.uk>
  Sudip Mukherjee <sudipm.mukher...@gmail.com>
  Takashi Iwai <ti...@suse.de>
  Takashi Sakamoto <o-taka...@sakamocchi.jp>
  Thomas Gleixner <t...@linutronix.de>
  Thomas Richter <tmri...@linux.ibm.com>
  Tom Lendacky <thomas.lenda...@amd.com>
  Tomi Valkeinen <tomi.valkei...@ti.com>
  Tony Lindgren <t...@atomide.com>
  Tzung-Bi Shih <tzun...@google.com>
  Waiman Long <long...@redhat.com>
  Willy Tarreau <w...@1wt.eu>
  Y.C. Chen <yc_c...@aspeedtech.com>
  Yao Wang <wang...@lemote.com>
  Yi Wang <wang.y...@zte.com.cn>
  Yuchung Cheng <ych...@google.com>
  YueHaibing <yuehaib...@huawei.com>

jobs:
 build-amd64-xsm                                              pass    
 build-i386-xsm                                               pass    
 build-amd64                                                  pass    
 build-armhf                                                  fail    
 build-i386                                                   pass    
 build-amd64-libvirt                                          pass    
 build-armhf-libvirt                                          blocked 
 build-i386-libvirt                                           pass    
 build-amd64-pvops                                            pass    
 build-armhf-pvops                                            pass    
 build-i386-pvops                                             pass    
 build-amd64-rumprun                                          pass    
 build-i386-rumprun                                           pass    
 test-amd64-amd64-xl                                          pass    
 test-armhf-armhf-xl                                          blocked 
 test-amd64-i386-xl                                           pass    
 test-amd64-amd64-xl-qemut-debianhvm-amd64-xsm                pass    
 test-amd64-i386-xl-qemut-debianhvm-amd64-xsm                 pass    
 test-amd64-amd64-libvirt-qemuu-debianhvm-amd64-xsm           pass    
 test-amd64-i386-libvirt-qemuu-debianhvm-amd64-xsm            pass    
 test-amd64-amd64-xl-qemuu-debianhvm-amd64-xsm                pass    
 test-amd64-i386-xl-qemuu-debianhvm-amd64-xsm                 pass    
 test-amd64-amd64-xl-qemut-stubdom-debianhvm-amd64-xsm        pass    
 test-amd64-i386-xl-qemut-stubdom-debianhvm-amd64-xsm         pass    
 test-amd64-amd64-libvirt-xsm                                 pass    
 test-amd64-i386-libvirt-xsm                                  pass    
 test-amd64-amd64-xl-xsm                                      pass    
 test-amd64-i386-xl-xsm                                       pass    
 test-amd64-amd64-qemuu-nested-amd                            fail    
 test-amd64-amd64-xl-pvhv2-amd                                fail    
 test-amd64-i386-qemut-rhel6hvm-amd                           pass    
 test-amd64-i386-qemuu-rhel6hvm-amd                           pass    
 test-amd64-amd64-xl-qemut-debianhvm-amd64                    pass    
 test-amd64-i386-xl-qemut-debianhvm-amd64                     pass    
 test-amd64-amd64-xl-qemuu-debianhvm-amd64                    pass    
 test-amd64-i386-xl-qemuu-debianhvm-amd64                     pass    
 test-amd64-i386-freebsd10-amd64                              pass    
 test-amd64-amd64-xl-qemuu-ovmf-amd64                         pass    
 test-amd64-i386-xl-qemuu-ovmf-amd64                          pass    
 test-amd64-amd64-rumprun-amd64                               pass    
 test-amd64-amd64-xl-qemut-win7-amd64                         fail    
 test-amd64-i386-xl-qemut-win7-amd64                          fail    
 test-amd64-amd64-xl-qemuu-win7-amd64                         fail    
 test-amd64-i386-xl-qemuu-win7-amd64                          fail    
 test-amd64-amd64-xl-qemut-ws16-amd64                         fail    
 test-amd64-i386-xl-qemut-ws16-amd64                          fail    
 test-amd64-amd64-xl-qemuu-ws16-amd64                         fail    
 test-amd64-i386-xl-qemuu-ws16-amd64                          fail    
 test-armhf-armhf-xl-arndale                                  blocked 
 test-amd64-amd64-xl-credit1                                  pass    
 test-armhf-armhf-xl-credit1                                  blocked 
 test-amd64-amd64-xl-credit2                                  pass    
 test-armhf-armhf-xl-credit2                                  blocked 
 test-armhf-armhf-xl-cubietruck                               blocked 
 test-amd64-amd64-xl-qemuu-dmrestrict-amd64-dmrestrict        fail    
 test-amd64-i386-xl-qemuu-dmrestrict-amd64-dmrestrict         fail    
 test-amd64-amd64-examine                                     pass    
 test-armhf-armhf-examine                                     blocked 
 test-amd64-i386-examine                                      pass    
 test-amd64-i386-freebsd10-i386                               pass    
 test-amd64-i386-rumprun-i386                                 pass    
 test-amd64-amd64-xl-qemut-win10-i386                         fail    
 test-amd64-i386-xl-qemut-win10-i386                          fail    
 test-amd64-amd64-xl-qemuu-win10-i386                         fail    
 test-amd64-i386-xl-qemuu-win10-i386                          fail    
 test-amd64-amd64-qemuu-nested-intel                          pass    
 test-amd64-amd64-xl-pvhv2-intel                              fail    
 test-amd64-i386-qemut-rhel6hvm-intel                         pass    
 test-amd64-i386-qemuu-rhel6hvm-intel                         pass    
 test-amd64-amd64-libvirt                                     pass    
 test-armhf-armhf-libvirt                                     blocked 
 test-amd64-i386-libvirt                                      pass    
 test-amd64-amd64-xl-multivcpu                                pass    
 test-armhf-armhf-xl-multivcpu                                blocked 
 test-amd64-amd64-pair                                        pass    
 test-amd64-i386-pair                                         pass    
 test-amd64-amd64-libvirt-pair                                pass    
 test-amd64-i386-libvirt-pair                                 pass    
 test-amd64-amd64-amd64-pvgrub                                pass    
 test-amd64-amd64-i386-pvgrub                                 pass    
 test-amd64-amd64-xl-pvshim                                   pass    
 test-amd64-i386-xl-pvshim                                    fail    
 test-amd64-amd64-pygrub                                      pass    
 test-amd64-amd64-xl-qcow2                                    pass    
 test-armhf-armhf-libvirt-raw                                 blocked 
 test-amd64-i386-xl-raw                                       pass    
 test-amd64-amd64-xl-rtds                                     pass    
 test-armhf-armhf-xl-rtds                                     blocked 
 test-amd64-amd64-xl-qemuu-debianhvm-amd64-shadow             pass    
 test-amd64-i386-xl-qemuu-debianhvm-amd64-shadow              pass    
 test-amd64-amd64-xl-shadow                                   pass    
 test-amd64-i386-xl-shadow                                    pass    
 test-amd64-amd64-libvirt-vhd                                 pass    
 test-armhf-armhf-xl-vhd                                      blocked 


------------------------------------------------------------
sg-report-flight on osstest.test-lab.xenproject.org
logs: /home/logs/logs
images: /home/logs/images

Logs, config files, etc. are available at
    http://logs.test-lab.xenproject.org/osstest/logs

Explanation of these reports, and of osstest in general, is at
    http://xenbits.xen.org/gitweb/?p=osstest.git;a=blob;f=README.email;hb=master
    http://xenbits.xen.org/gitweb/?p=osstest.git;a=blob;f=README;hb=master

Test harness code can be found at
    http://xenbits.xen.org/gitweb?p=osstest.git;a=summary


Not pushing.

(No revision log; it would be 3021 lines long.)

_______________________________________________
Xen-devel mailing list
Xen-devel@lists.xenproject.org
https://lists.xenproject.org/mailman/listinfo/xen-devel

Reply via email to