flight 131291 linux-4.9 real [real] http://logs.test-lab.xenproject.org/osstest/logs/131291/
Regressions :-( Tests which did not succeed and are blocking, including tests which could not be run: test-amd64-amd64-xl-qemut-debianhvm-amd64-xsm 16 guest-localmigrate/x10 fail REGR. vs. 131168 test-amd64-i386-xl-qemuu-debianhvm-amd64-shadow 16 guest-localmigrate/x10 fail REGR. vs. 131168 test-armhf-armhf-libvirt-raw 15 guest-start/debian.repeat fail REGR. vs. 131168 Tests which did not succeed, but are not blocking: test-amd64-i386-xl-qemut-win7-amd64 17 guest-stop fail like 131168 test-amd64-amd64-xl-qemut-win7-amd64 17 guest-stop fail like 131168 test-amd64-amd64-xl-qemuu-win7-amd64 17 guest-stop fail like 131168 test-amd64-i386-xl-qemuu-win7-amd64 17 guest-stop fail like 131168 test-amd64-amd64-xl-qemuu-ws16-amd64 17 guest-stop fail like 131168 test-amd64-amd64-xl-qemuu-dmrestrict-amd64-dmrestrict 10 debian-hvm-install fail never pass test-amd64-amd64-xl-pvhv2-intel 12 guest-start fail never pass test-amd64-i386-xl-qemuu-dmrestrict-amd64-dmrestrict 10 debian-hvm-install fail never pass test-amd64-amd64-xl-pvhv2-amd 12 guest-start fail never pass test-amd64-amd64-libvirt 13 migrate-support-check fail never pass test-amd64-amd64-libvirt-xsm 13 migrate-support-check fail never pass test-amd64-i386-xl-pvshim 12 guest-start fail never pass test-amd64-i386-libvirt-xsm 13 migrate-support-check fail never pass test-amd64-i386-libvirt 13 migrate-support-check fail never pass test-amd64-amd64-libvirt-qemuu-debianhvm-amd64-xsm 11 migrate-support-check fail never pass test-amd64-i386-libvirt-qemuu-debianhvm-amd64-xsm 11 migrate-support-check fail never pass test-armhf-armhf-xl-arndale 13 migrate-support-check fail never pass test-armhf-armhf-xl-arndale 14 saverestore-support-check fail never pass test-amd64-amd64-qemuu-nested-amd 17 debian-hvm-install/l1/l2 fail never pass test-amd64-amd64-libvirt-vhd 12 migrate-support-check fail never pass test-armhf-armhf-xl 13 migrate-support-check fail never pass test-armhf-armhf-xl 14 saverestore-support-check fail never pass test-armhf-armhf-xl-cubietruck 13 migrate-support-check fail never pass test-armhf-armhf-xl-cubietruck 14 saverestore-support-check fail never pass test-armhf-armhf-libvirt 13 migrate-support-check fail never pass test-armhf-armhf-libvirt 14 saverestore-support-check fail never pass test-armhf-armhf-xl-credit2 13 migrate-support-check fail never pass test-armhf-armhf-xl-credit2 14 saverestore-support-check fail never pass test-armhf-armhf-xl-multivcpu 13 migrate-support-check fail never pass test-armhf-armhf-xl-multivcpu 14 saverestore-support-check fail never pass test-armhf-armhf-xl-credit1 13 migrate-support-check fail never pass test-armhf-armhf-xl-credit1 14 saverestore-support-check fail never pass test-amd64-amd64-xl-qemut-ws16-amd64 17 guest-stop fail never pass test-amd64-i386-xl-qemut-ws16-amd64 17 guest-stop fail never pass test-amd64-i386-xl-qemuu-ws16-amd64 17 guest-stop fail never pass test-armhf-armhf-libvirt-raw 12 migrate-support-check fail never pass test-armhf-armhf-libvirt-raw 13 saverestore-support-check fail never pass test-armhf-armhf-xl-rtds 13 migrate-support-check fail never pass test-armhf-armhf-xl-rtds 14 saverestore-support-check fail never pass test-armhf-armhf-xl-vhd 12 migrate-support-check fail never pass test-armhf-armhf-xl-vhd 13 saverestore-support-check fail never pass test-amd64-amd64-xl-qemut-win10-i386 10 windows-install fail never pass test-amd64-amd64-xl-qemuu-win10-i386 10 windows-install fail never pass test-amd64-i386-xl-qemuu-win10-i386 10 windows-install fail never pass test-amd64-i386-xl-qemut-win10-i386 10 windows-install fail never pass version targeted for testing: linux 9c2f007c3c5e713749227f179fbe926ce1d38407 baseline version: linux 1aa861ff238ecd17a3095b0dbd2d20bdf7bfaf14 Last test of basis 131168 2018-12-09 09:53:19 Z 5 days Testing same since 131291 2018-12-13 08:40:20 Z 1 days 1 attempts ------------------------------------------------------------ People who touched revisions under test: Alexander Theissen <alex.theis...@me.com> Alexey Brodkin <abrod...@synopsys.com> Alexey Brodkin <alexey.brod...@synopsys.com> Amit Shah <a...@kernel.org> Andrew Morton <a...@linux-foundation.org> Aya Levin <a...@mellanox.com> Ben Greear <gree...@candelatech.com> Ben Hutchings <ben.hutchi...@codethink.co.uk> Benjamin Tissoires <benjamin.tissoi...@redhat.com> Benson Leung <ble...@chromium.org> Bin Liu <b-...@ti.com> Boris Brezillon <boris.brezil...@bootlin.com> Chanho Min <chanho....@lge.com> Chanho Park <parkc...@gmail.com> Chris Paterson <chris.paters...@renesas.com> Christoph Hellwig <h...@lst.de> Chuck Lever <chuck.le...@oracle.com> Cornelia Huck <coh...@redhat.com> Daniel Thompson <daniel.thomp...@linaro.org> David S. Miller <da...@davemloft.net> Denis Bolotin <denis.bolo...@cavium.com> Emmanuel Grumbach <emmanuel.grumb...@intel.com> Fabrizio Castro <fabrizio.cas...@bp.renesas.com> Felix Fietkau <n...@nbd.name> Gao feng <omarapazan...@gmail.com> Geert Uytterhoeven <geert+rene...@glider.be> Greg Kroah-Hartman <gre...@linuxfoundation.org> Halil Pasic <pa...@linux.ibm.com> Hangbin Liu <liuhang...@gmail.com> Harry Pan <harry....@intel.com> Hui Peng <benqu...@gmail.com> Jack Morgenstein <ja...@dev.mellanox.co.il> Jason Wang <jasow...@redhat.com> Jens Axboe <ax...@kernel.dk> Joerg Roedel <jroe...@suse.de> Johannes Berg <johannes.b...@intel.com> Johannes Weiner <han...@cmpxchg.org> Kai-Heng Feng <kai.heng.f...@canonical.com> Kalle Valo <kv...@codeaurora.org> Kees Cook <keesc...@chromium.org> Linus Torvalds <torva...@linux-foundation.org> Lu Baolu <baolu...@linux.intel.com> Macpaul Lin <macp...@gmail.com> Marc Kleine-Budde <m...@pengutronix.de> Masahiro Yamada <yamada.masah...@socionext.com> Mathias Nyman <mathias.ny...@linux.intel.com> Mathias Payer <mathias.pa...@nebelwelt.net> Mauro Carvalho Chehab <mchehab+sams...@kernel.org> Michael S. Tsirkin <m...@redhat.com> Michal Hocko <mho...@suse.com> Michal Kalderon <michal.kalde...@cavium.com> Nick Desaulniers <ndesaulni...@google.com> Olof Johansson <o...@lixom.net> Pan Bian <bianpan2...@163.com> Paulo Alcantara <palcant...@suse.com> Peter Shih <pih...@chromium.org> Rafał Miłecki <ra...@milecki.pl> Sakari Ailus <sakari.ai...@linux.intel.com> Sasha Levin <sas...@kernel.org> Simon Wunderlich <s...@simonwunderlich.de> Stefan Agner <ste...@agner.ch> Stefan Hajnoczi <stefa...@redhat.com> Steve French <stfre...@microsoft.com> Sudarsana Reddy Kalluru <sudarsana.kall...@cavium.com> Sven Eckelmann <s...@narfation.org> Takashi Iwai <ti...@suse.de> Tariq Toukan <tar...@mellanox.com> Tetsuo Handa <penguin-ker...@i-love.sakura.ne.jp> Trond Myklebust <trond.mykleb...@hammerspace.com> Vasyl Vavrychuk <vasyl.vavryc...@globallogic.com> Vincent Chen <vince...@andestech.com> Vinod Koul <vk...@kernel.org> Yangtao Li <tiny.win...@gmail.com> Young Xiao <yang...@hotmail.com> jobs: build-amd64-xsm pass build-i386-xsm pass build-amd64 pass build-armhf pass build-i386 pass build-amd64-libvirt pass build-armhf-libvirt pass build-i386-libvirt pass build-amd64-pvops pass build-armhf-pvops pass build-i386-pvops pass build-amd64-rumprun pass build-i386-rumprun pass test-amd64-amd64-xl pass test-armhf-armhf-xl pass test-amd64-i386-xl pass test-amd64-amd64-xl-qemut-debianhvm-amd64-xsm fail test-amd64-i386-xl-qemut-debianhvm-amd64-xsm pass test-amd64-amd64-libvirt-qemuu-debianhvm-amd64-xsm pass test-amd64-i386-libvirt-qemuu-debianhvm-amd64-xsm pass test-amd64-amd64-xl-qemuu-debianhvm-amd64-xsm pass test-amd64-i386-xl-qemuu-debianhvm-amd64-xsm pass test-amd64-amd64-xl-qemut-stubdom-debianhvm-amd64-xsm pass test-amd64-i386-xl-qemut-stubdom-debianhvm-amd64-xsm pass test-amd64-amd64-libvirt-xsm pass test-amd64-i386-libvirt-xsm pass test-amd64-amd64-xl-xsm pass test-amd64-i386-xl-xsm pass test-amd64-amd64-qemuu-nested-amd fail test-amd64-amd64-xl-pvhv2-amd fail test-amd64-i386-qemut-rhel6hvm-amd pass test-amd64-i386-qemuu-rhel6hvm-amd pass test-amd64-amd64-xl-qemut-debianhvm-amd64 pass test-amd64-i386-xl-qemut-debianhvm-amd64 pass test-amd64-amd64-xl-qemuu-debianhvm-amd64 pass test-amd64-i386-xl-qemuu-debianhvm-amd64 pass test-amd64-i386-freebsd10-amd64 pass test-amd64-amd64-xl-qemuu-ovmf-amd64 pass test-amd64-i386-xl-qemuu-ovmf-amd64 pass test-amd64-amd64-rumprun-amd64 pass test-amd64-amd64-xl-qemut-win7-amd64 fail test-amd64-i386-xl-qemut-win7-amd64 fail test-amd64-amd64-xl-qemuu-win7-amd64 fail test-amd64-i386-xl-qemuu-win7-amd64 fail test-amd64-amd64-xl-qemut-ws16-amd64 fail test-amd64-i386-xl-qemut-ws16-amd64 fail test-amd64-amd64-xl-qemuu-ws16-amd64 fail test-amd64-i386-xl-qemuu-ws16-amd64 fail test-armhf-armhf-xl-arndale pass test-amd64-amd64-xl-credit1 pass test-armhf-armhf-xl-credit1 pass test-amd64-amd64-xl-credit2 pass test-armhf-armhf-xl-credit2 pass test-armhf-armhf-xl-cubietruck pass test-amd64-amd64-xl-qemuu-dmrestrict-amd64-dmrestrict fail test-amd64-i386-xl-qemuu-dmrestrict-amd64-dmrestrict fail test-amd64-amd64-examine pass test-armhf-armhf-examine pass test-amd64-i386-examine pass test-amd64-i386-freebsd10-i386 pass test-amd64-i386-rumprun-i386 pass test-amd64-amd64-xl-qemut-win10-i386 fail test-amd64-i386-xl-qemut-win10-i386 fail test-amd64-amd64-xl-qemuu-win10-i386 fail test-amd64-i386-xl-qemuu-win10-i386 fail test-amd64-amd64-qemuu-nested-intel pass test-amd64-amd64-xl-pvhv2-intel fail test-amd64-i386-qemut-rhel6hvm-intel pass test-amd64-i386-qemuu-rhel6hvm-intel pass test-amd64-amd64-libvirt pass test-armhf-armhf-libvirt pass test-amd64-i386-libvirt pass test-amd64-amd64-xl-multivcpu pass test-armhf-armhf-xl-multivcpu pass test-amd64-amd64-pair pass test-amd64-i386-pair pass test-amd64-amd64-libvirt-pair pass test-amd64-i386-libvirt-pair pass test-amd64-amd64-amd64-pvgrub pass test-amd64-amd64-i386-pvgrub pass test-amd64-amd64-xl-pvshim pass test-amd64-i386-xl-pvshim fail test-amd64-amd64-pygrub pass test-amd64-amd64-xl-qcow2 pass test-armhf-armhf-libvirt-raw fail test-amd64-i386-xl-raw pass test-amd64-amd64-xl-rtds pass test-armhf-armhf-xl-rtds pass test-amd64-amd64-xl-qemuu-debianhvm-amd64-shadow pass test-amd64-i386-xl-qemuu-debianhvm-amd64-shadow fail test-amd64-amd64-xl-shadow pass test-amd64-i386-xl-shadow pass test-amd64-amd64-libvirt-vhd pass test-armhf-armhf-xl-vhd pass ------------------------------------------------------------ sg-report-flight on osstest.test-lab.xenproject.org logs: /home/logs/logs images: /home/logs/images Logs, config files, etc. are available at http://logs.test-lab.xenproject.org/osstest/logs Explanation of these reports, and of osstest in general, is at http://xenbits.xen.org/gitweb/?p=osstest.git;a=blob;f=README.email;hb=master http://xenbits.xen.org/gitweb/?p=osstest.git;a=blob;f=README;hb=master Test harness code can be found at http://xenbits.xen.org/gitweb?p=osstest.git;a=summary Not pushing. (No revision log; it would be 1458 lines long.) _______________________________________________ Xen-devel mailing list Xen-devel@lists.xenproject.org https://lists.xenproject.org/mailman/listinfo/xen-devel