flight 130904 linux-4.4 real [real] http://logs.test-lab.xenproject.org/osstest/logs/130904/
Regressions :-( Tests which did not succeed and are blocking, including tests which could not be run: test-armhf-armhf-xl-cubietruck 16 guest-start/debian.repeat fail REGR. vs. 130865 test-armhf-armhf-libvirt 16 guest-start/debian.repeat fail REGR. vs. 130865 Tests which did not succeed, but are not blocking: test-amd64-amd64-xl-qemuu-dmrestrict-amd64-dmrestrict 10 debian-hvm-install fail never pass test-amd64-i386-xl-qemuu-dmrestrict-amd64-dmrestrict 10 debian-hvm-install fail never pass test-amd64-i386-xl-pvshim 12 guest-start fail never pass test-amd64-amd64-libvirt 13 migrate-support-check fail never pass test-amd64-amd64-xl-pvhv2-amd 12 guest-start fail never pass test-amd64-i386-libvirt-xsm 13 migrate-support-check fail never pass test-amd64-i386-libvirt 13 migrate-support-check fail never pass test-amd64-amd64-xl-pvhv2-intel 12 guest-start fail never pass test-amd64-amd64-libvirt-xsm 13 migrate-support-check fail never pass test-amd64-amd64-libvirt-qemuu-debianhvm-amd64-xsm 11 migrate-support-check fail never pass test-amd64-i386-libvirt-qemuu-debianhvm-amd64-xsm 11 migrate-support-check fail never pass test-armhf-armhf-xl-arndale 13 migrate-support-check fail never pass test-armhf-armhf-xl-arndale 14 saverestore-support-check fail never pass test-amd64-amd64-libvirt-vhd 12 migrate-support-check fail never pass test-amd64-amd64-qemuu-nested-amd 17 debian-hvm-install/l1/l2 fail never pass test-amd64-i386-xl-qemuu-win7-amd64 17 guest-stop fail never pass test-amd64-amd64-xl-qemuu-win7-amd64 17 guest-stop fail never pass test-armhf-armhf-xl-credit2 13 migrate-support-check fail never pass test-armhf-armhf-xl-credit2 14 saverestore-support-check fail never pass test-armhf-armhf-xl-rtds 13 migrate-support-check fail never pass test-armhf-armhf-xl-rtds 14 saverestore-support-check fail never pass test-armhf-armhf-xl 13 migrate-support-check fail never pass test-armhf-armhf-xl 14 saverestore-support-check fail never pass test-armhf-armhf-xl-multivcpu 13 migrate-support-check fail never pass test-armhf-armhf-xl-multivcpu 14 saverestore-support-check fail never pass test-armhf-armhf-xl-credit1 13 migrate-support-check fail never pass test-armhf-armhf-xl-cubietruck 13 migrate-support-check fail never pass test-armhf-armhf-xl-credit1 14 saverestore-support-check fail never pass test-armhf-armhf-xl-cubietruck 14 saverestore-support-check fail never pass test-armhf-armhf-libvirt 13 migrate-support-check fail never pass test-armhf-armhf-libvirt 14 saverestore-support-check fail never pass test-amd64-amd64-xl-qemut-win7-amd64 17 guest-stop fail never pass test-amd64-i386-xl-qemut-win7-amd64 17 guest-stop fail never pass test-amd64-amd64-xl-qemut-ws16-amd64 17 guest-stop fail never pass test-armhf-armhf-libvirt-raw 12 migrate-support-check fail never pass test-armhf-armhf-libvirt-raw 13 saverestore-support-check fail never pass test-amd64-amd64-xl-qemuu-ws16-amd64 17 guest-stop fail never pass test-armhf-armhf-xl-vhd 12 migrate-support-check fail never pass test-armhf-armhf-xl-vhd 13 saverestore-support-check fail never pass test-amd64-i386-xl-qemuu-ws16-amd64 17 guest-stop fail never pass test-amd64-i386-xl-qemut-ws16-amd64 17 guest-stop fail never pass test-amd64-amd64-xl-qemut-win10-i386 10 windows-install fail never pass test-amd64-i386-xl-qemuu-win10-i386 10 windows-install fail never pass test-amd64-i386-xl-qemut-win10-i386 10 windows-install fail never pass test-amd64-amd64-xl-qemuu-win10-i386 10 windows-install fail never pass version targeted for testing: linux 56ccc3f7a7ee1f0ab64453794ebbc7d9a4c8ddf7 baseline version: linux 2757e11be64bcfcba65ff885e08a5b6067a8e394 Last test of basis 130865 2018-11-30 04:35:19 Z 3 days Testing same since 130904 2018-12-02 06:17:42 Z 1 days 1 attempts ------------------------------------------------------------ People who touched revisions under test: "Pierre-Loup A. Griffais" <pgriff...@valvesoftware.com> Aaron Ma <aaron...@canonical.com> Amit Pundir <amit.pun...@linaro.org> Amitkumar Karwar <akar...@marvell.com> Andrew Morton <a...@linux-foundation.org> Andrew Price <anpr...@redhat.com> Andrey Konovalov <andreyk...@google.com> Andy Lutomirski <l...@kernel.org> Anson Huang <anson.hu...@nxp.com> Arnd Bergmann <a...@arndb.de> aronschatz <aronsch...@aselabs.com> Arvind Yadav <arvind.yadav...@gmail.com> aszlig <aszlig@nix.build> Benjamin Valentin <benpi...@googlemail.com> Bob Peterson <rpete...@redhat.com> Borislav Petkov <b...@suse.de> Cameron Gutman <aicomman...@gmail.com> Catalin Marinas <catalin.mari...@arm.com> Clement Calmels <clement.calm...@free.fr> Daniel Thompson <daniel.thomp...@linaro.org> Daniel Tobias <dan.g....@gmail.com> Daniel Zatovic <daniel.zato...@gmail.com> Dave Airlie <airl...@redhat.com> David S. Miller <da...@davemloft.net> David Sterba <dste...@suse.com> Dennis Wassenberg <dennis.wassenb...@secunet.com> Dmitry Torokhov <dmitry.torok...@gmail.com> Dominique Martinet <dominique.marti...@cea.fr> Emmanuel Grumbach <emmanuel.grumb...@intel.com> Enno Boland <got...@voidlinux.eu> Eric Dumazet <eduma...@google.com> Ethan Lee <flibitijib...@gmail.com> Francis Therien <frther...@gmail.com> Greg Hackmann <ghackm...@android.com> Greg Hackmann <ghackm...@google.com> Greg Kroah-Hartman <g...@kroah.com> Greg Kroah-Hartman <gre...@linuxfoundation.org> Himanshu Madhani <himanshu.madh...@cavium.com> Ingo Molnar <mi...@kernel.org> Janosch Frank <fran...@linux.ibm.com> Jean Delvare <jdelv...@suse.de> Jiri Kosina <jkos...@suse.cz> Johan Hovold <jo...@kernel.org> Johannes Thumshirn <jthumsh...@suse.de> Kalle Valo <kv...@codeaurora.org> Kalle Valo <kv...@qca.qualcomm.com> Karthik D A <karth...@marvell.com> Kees Cook <keesc...@chromium.org> Kyle Beauchamp <kyleabeauch...@gmail.com> Laurent Dufour <lduf...@linux.vnet.ibm.com> Leo Sperling <leosperlin...@gmail.com> Linus Torvalds <torva...@linux-foundation.org> Liping Zhang <zlpnob...@gmail.com> Luca Coelho <luciano.coe...@intel.com> Marc Kleine-Budde <m...@pengutronix.de> Marcus Folkesson <marcus.folkes...@gmail.com> Mark Furneaux <m...@furneaux.ca> Martin K. Petersen <martin.peter...@oracle.com> Mathias Nyman <mathias.ny...@linux.intel.com> Mauricio Faria de Oliveira <mauri...@linux.vnet.ibm.com> Michael Ellerman <m...@ellerman.id.au> Milan Broz <gmazyl...@gmail.com> Nick Desaulniers <ndesaulni...@google.com> Nicolas Iooss <nicolas.iooss_li...@m4x.org> Pablo Neira Ayuso <pa...@netfilter.org> Pavel Rojtberg <rojtb...@gmail.com> Peter Zijlstra (Intel) <pet...@infradead.org> Pierre-Loup A. Griffais <eduk...@plagman.net> Pierre-Loup A. Griffais <githubpub...@plagman.net> Pierre-Loup A. Griffais <pgriff...@valvesoftware.com> Prarit Bhargava <pra...@redhat.com> Qu Wenruo <w...@suse.com> Rafael J. Wysocki <rafael.j.wyso...@intel.com> Ramses RamÃrez <ramz...@gmail.com> Rob Herring <r...@kernel.org> Salvatore Mesoraca <s.mesorac...@gmail.com> Sasha Levin <sas...@kernel.org> Satheesh Rajendran <sathn...@linux.vnet.ibm.com> Scott Wood <o...@buserror.net> Silvan Jegen <s.je...@gmail.com> Steven Rostedt (VMware) <rost...@goodmis.org> Subhash Jadavani <subha...@codeaurora.org> Tetsuo Handa <penguin-ker...@i-love.sakura.ne.jp> Thomas Debesse <d...@illwieckz.net> Thomas Zimmermann <tzimmerm...@suse.de> Trond Myklebust <trond.mykleb...@hammerspace.com> Vasanthakumar Thiagarajan <vthia...@qti.qualcomm.com> Venkat Gopalakrishnan <venk...@codeaurora.org> Viresh Kumar <viresh.ku...@linaro.org> Will Deacon <will.dea...@arm.com> Xin Long <lucien....@gmail.com> Y.C. Chen <yc_c...@aspeedtech.com> Yaniv Gardi <yga...@codeaurora.org> Yufen Yu <yuyu...@huawei.com> jobs: build-amd64-xsm pass build-i386-xsm pass build-amd64 pass build-armhf pass build-i386 pass build-amd64-libvirt pass build-armhf-libvirt pass build-i386-libvirt pass build-amd64-pvops pass build-armhf-pvops pass build-i386-pvops pass build-amd64-rumprun pass build-i386-rumprun pass test-amd64-amd64-xl pass test-armhf-armhf-xl pass test-amd64-i386-xl pass test-amd64-amd64-xl-qemut-debianhvm-amd64-xsm pass test-amd64-i386-xl-qemut-debianhvm-amd64-xsm pass test-amd64-amd64-libvirt-qemuu-debianhvm-amd64-xsm pass test-amd64-i386-libvirt-qemuu-debianhvm-amd64-xsm pass test-amd64-amd64-xl-qemuu-debianhvm-amd64-xsm pass test-amd64-i386-xl-qemuu-debianhvm-amd64-xsm pass test-amd64-amd64-xl-qemut-stubdom-debianhvm-amd64-xsm pass test-amd64-i386-xl-qemut-stubdom-debianhvm-amd64-xsm pass test-amd64-amd64-libvirt-xsm pass test-amd64-i386-libvirt-xsm pass test-amd64-amd64-xl-xsm pass test-amd64-i386-xl-xsm pass test-amd64-amd64-qemuu-nested-amd fail test-amd64-amd64-xl-pvhv2-amd fail test-amd64-i386-qemut-rhel6hvm-amd pass test-amd64-i386-qemuu-rhel6hvm-amd pass test-amd64-amd64-xl-qemut-debianhvm-amd64 pass test-amd64-i386-xl-qemut-debianhvm-amd64 pass test-amd64-amd64-xl-qemuu-debianhvm-amd64 pass test-amd64-i386-xl-qemuu-debianhvm-amd64 pass test-amd64-i386-freebsd10-amd64 pass test-amd64-amd64-xl-qemuu-ovmf-amd64 pass test-amd64-i386-xl-qemuu-ovmf-amd64 pass test-amd64-amd64-rumprun-amd64 pass test-amd64-amd64-xl-qemut-win7-amd64 fail test-amd64-i386-xl-qemut-win7-amd64 fail test-amd64-amd64-xl-qemuu-win7-amd64 fail test-amd64-i386-xl-qemuu-win7-amd64 fail test-amd64-amd64-xl-qemut-ws16-amd64 fail test-amd64-i386-xl-qemut-ws16-amd64 fail test-amd64-amd64-xl-qemuu-ws16-amd64 fail test-amd64-i386-xl-qemuu-ws16-amd64 fail test-armhf-armhf-xl-arndale pass test-amd64-amd64-xl-credit1 pass test-armhf-armhf-xl-credit1 pass test-amd64-amd64-xl-credit2 pass test-armhf-armhf-xl-credit2 pass test-armhf-armhf-xl-cubietruck fail test-amd64-amd64-xl-qemuu-dmrestrict-amd64-dmrestrict fail test-amd64-i386-xl-qemuu-dmrestrict-amd64-dmrestrict fail test-amd64-amd64-examine pass test-armhf-armhf-examine pass test-amd64-i386-examine pass test-amd64-i386-freebsd10-i386 pass test-amd64-i386-rumprun-i386 pass test-amd64-amd64-xl-qemut-win10-i386 fail test-amd64-i386-xl-qemut-win10-i386 fail test-amd64-amd64-xl-qemuu-win10-i386 fail test-amd64-i386-xl-qemuu-win10-i386 fail test-amd64-amd64-qemuu-nested-intel pass test-amd64-amd64-xl-pvhv2-intel fail test-amd64-i386-qemut-rhel6hvm-intel pass test-amd64-i386-qemuu-rhel6hvm-intel pass test-amd64-amd64-libvirt pass test-armhf-armhf-libvirt fail test-amd64-i386-libvirt pass test-amd64-amd64-xl-multivcpu pass test-armhf-armhf-xl-multivcpu pass test-amd64-amd64-pair pass test-amd64-i386-pair pass test-amd64-amd64-libvirt-pair pass test-amd64-i386-libvirt-pair pass test-amd64-amd64-amd64-pvgrub pass test-amd64-amd64-i386-pvgrub pass test-amd64-amd64-xl-pvshim pass test-amd64-i386-xl-pvshim fail test-amd64-amd64-pygrub pass test-amd64-amd64-xl-qcow2 pass test-armhf-armhf-libvirt-raw pass test-amd64-i386-xl-raw pass test-amd64-amd64-xl-rtds pass test-armhf-armhf-xl-rtds pass test-amd64-amd64-xl-qemuu-debianhvm-amd64-shadow pass test-amd64-i386-xl-qemuu-debianhvm-amd64-shadow pass test-amd64-amd64-xl-shadow pass test-amd64-i386-xl-shadow pass test-amd64-amd64-libvirt-vhd pass test-armhf-armhf-xl-vhd pass ------------------------------------------------------------ sg-report-flight on osstest.test-lab.xenproject.org logs: /home/logs/logs images: /home/logs/images Logs, config files, etc. are available at http://logs.test-lab.xenproject.org/osstest/logs Explanation of these reports, and of osstest in general, is at http://xenbits.xen.org/gitweb/?p=osstest.git;a=blob;f=README.email;hb=master http://xenbits.xen.org/gitweb/?p=osstest.git;a=blob;f=README;hb=master Test harness code can be found at http://xenbits.xen.org/gitweb?p=osstest.git;a=summary Not pushing. (No revision log; it would be 2187 lines long.) _______________________________________________ Xen-devel mailing list Xen-devel@lists.xenproject.org https://lists.xenproject.org/mailman/listinfo/xen-devel