This run is configured for baseline tests only. flight 75582 qemu-mainline real [real] http://osstest.xensource.com/osstest/logs/75582/
Regressions :-( Tests which did not succeed and are blocking, including tests which could not be run: test-amd64-amd64-i386-pvgrub 11 guest-start fail REGR. vs. 75570 test-amd64-i386-xl-qemuu-win10-i386 10 windows-install fail REGR. vs. 75570 Tests which did not succeed, but are not blocking: test-amd64-amd64-libvirt-qemuu-debianhvm-amd64-xsm 10 debian-hvm-install fail blocked in 75570 test-armhf-armhf-libvirt 12 guest-start fail blocked in 75570 test-armhf-armhf-xl-rtds 12 guest-start fail blocked in 75570 test-armhf-armhf-xl-multivcpu 12 guest-start fail blocked in 75570 test-armhf-armhf-xl-midway 12 guest-start fail blocked in 75570 test-armhf-armhf-xl-credit2 12 guest-start fail blocked in 75570 test-armhf-armhf-xl 12 guest-start fail blocked in 75570 test-amd64-i386-xl-raw 19 guest-start/debian.repeat fail blocked in 75570 test-armhf-armhf-xl-vhd 10 debian-di-install fail blocked in 75570 test-armhf-armhf-libvirt-raw 10 debian-di-install fail blocked in 75570 test-amd64-i386-xl-qemuu-dmrestrict-amd64-dmrestrict 10 debian-hvm-install fail like 75570 test-amd64-amd64-xl-qemuu-debianhvm-amd64 10 debian-hvm-install fail like 75570 test-amd64-amd64-xl-qemuu-ovmf-amd64 10 debian-hvm-install fail like 75570 test-amd64-amd64-xl-qemuu-win10-i386 10 windows-install fail like 75570 test-amd64-amd64-xl-pvshim 12 guest-start fail like 75570 test-amd64-i386-xl-qemuu-debianhvm-amd64-xsm 10 debian-hvm-install fail like 75570 test-amd64-amd64-xl-pvhv2-intel 12 guest-start fail like 75570 test-amd64-amd64-qemuu-nested-intel 10 debian-hvm-install fail like 75570 test-amd64-i386-xl-qemuu-debianhvm-amd64-shadow 10 debian-hvm-install fail like 75570 test-amd64-i386-xl-qemuu-win7-amd64 17 guest-stop fail like 75570 test-amd64-amd64-xl-qemuu-win7-amd64 17 guest-stop fail like 75570 test-amd64-i386-libvirt 13 migrate-support-check fail never pass test-amd64-amd64-libvirt 13 migrate-support-check fail never pass test-amd64-i386-xl-pvshim 12 guest-start fail never pass test-amd64-amd64-libvirt-xsm 13 migrate-support-check fail never pass test-armhf-armhf-xl-credit1 12 guest-start fail never pass test-amd64-i386-libvirt-xsm 13 migrate-support-check fail never pass test-amd64-amd64-libvirt-vhd 12 migrate-support-check fail never pass test-amd64-i386-libvirt-qemuu-debianhvm-amd64-xsm 11 migrate-support-check fail never pass test-amd64-amd64-qemuu-nested-amd 17 debian-hvm-install/l1/l2 fail never pass test-amd64-amd64-xl-qemuu-ws16-amd64 17 guest-stop fail never pass test-amd64-i386-xl-qemuu-ws16-amd64 17 guest-stop fail never pass version targeted for testing: qemuu 31eac32a8cba966c374b39bc36afdcb2eb255ed6 baseline version: qemuu 7d56239f159afc2e7bd42623947e56ba48f37836 Last test of basis 75570 2018-11-04 20:23:49 Z 4 days Testing same since 75582 2018-11-08 16:21:39 Z 0 days 1 attempts ------------------------------------------------------------ People who touched revisions under test: Alberto Garcia <be...@igalia.com> Alex Bennée <alex.ben...@linaro.org> Alexander Graf <ag...@suse.de> Brad Smith <b...@comstyle.com> Brijesh Singh <brijesh.si...@amd.com> Chai Wen <chai...@baidu.com> Christian Borntraeger <borntrae...@de.ibm.com> Cleber Rosa <cr...@redhat.com> Collin Walling <wall...@linux.ibm.com> Cornelia Huck <coh...@redhat.com> Daniel P. Berrangé <berra...@redhat.com> Eric Farman <far...@linux.ibm.com> Farhan Ali <al...@linux.ibm.com> Forrest Liu <forre...@synology.com> Gerd Hoffmann <kra...@redhat.com> Halil Pasic <pa...@linux.ibm.com> John Snow <js...@redhat.com> Kevin Wolf <kw...@redhat.com> Laszlo Ersek <ler...@redhat.com> Leonid Bloch <lbl...@janustech.com> Li Qiang <liq...@163.com> Li Qiang <liq...@gmail.com> Mao Zhongyi <maozhon...@cmss.chinamobile.com> Max Reitz <mre...@redhat.com> Michael S. Tsirkin <m...@redhat.com> Michael Walle <mich...@walle.cc> Ni Xun <ni...@baidu.com> Peter Maydell <peter.mayd...@linaro.org> Peter Xu <pet...@redhat.com> Philippe Mathieu-Daudé <f4...@amsat.org> Philippe Mathieu-Daudé <phi...@redhat.com> Richard Henderson <richard.hender...@linaro.org> Singh, Brijesh <brijesh.si...@amd.com> Stefan Weil <s...@weilnetz.de> Thomas Huth <th...@redhat.com> Yaowei Bai <baiyao...@cmss.chinamobile.com> Yongji Xie <elohi...@gmail.com> Yongji Xie <xieyon...@baidu.com> yuchenlin <yuchen...@synology.com> jobs: build-amd64-xsm pass build-i386-xsm pass build-amd64 pass build-armhf pass build-i386 pass build-amd64-libvirt pass build-armhf-libvirt pass build-i386-libvirt pass build-amd64-pvops pass build-armhf-pvops pass build-i386-pvops pass test-amd64-amd64-xl pass test-armhf-armhf-xl fail test-amd64-i386-xl pass test-amd64-amd64-libvirt-qemuu-debianhvm-amd64-xsm fail test-amd64-i386-libvirt-qemuu-debianhvm-amd64-xsm pass test-amd64-amd64-xl-qemuu-debianhvm-amd64-xsm pass test-amd64-i386-xl-qemuu-debianhvm-amd64-xsm fail test-amd64-amd64-libvirt-xsm pass test-amd64-i386-libvirt-xsm pass test-amd64-amd64-xl-xsm pass test-amd64-i386-xl-xsm pass test-amd64-amd64-qemuu-nested-amd fail test-amd64-amd64-xl-pvhv2-amd pass test-amd64-i386-qemuu-rhel6hvm-amd pass test-amd64-amd64-xl-qemuu-debianhvm-amd64 fail test-amd64-i386-xl-qemuu-debianhvm-amd64 pass test-amd64-i386-freebsd10-amd64 pass test-amd64-amd64-xl-qemuu-ovmf-amd64 fail test-amd64-i386-xl-qemuu-ovmf-amd64 pass test-amd64-amd64-xl-qemuu-win7-amd64 fail test-amd64-i386-xl-qemuu-win7-amd64 fail test-amd64-amd64-xl-qemuu-ws16-amd64 fail test-amd64-i386-xl-qemuu-ws16-amd64 fail test-amd64-amd64-xl-credit1 pass test-armhf-armhf-xl-credit1 fail test-amd64-amd64-xl-credit2 pass test-armhf-armhf-xl-credit2 fail test-amd64-amd64-xl-qemuu-dmrestrict-amd64-dmrestrict pass test-amd64-i386-xl-qemuu-dmrestrict-amd64-dmrestrict fail test-amd64-i386-freebsd10-i386 pass test-amd64-amd64-xl-qemuu-win10-i386 fail test-amd64-i386-xl-qemuu-win10-i386 fail test-amd64-amd64-qemuu-nested-intel fail test-amd64-amd64-xl-pvhv2-intel fail test-amd64-i386-qemuu-rhel6hvm-intel pass test-amd64-amd64-libvirt pass test-armhf-armhf-libvirt fail test-amd64-i386-libvirt pass test-armhf-armhf-xl-midway fail test-amd64-amd64-xl-multivcpu pass test-armhf-armhf-xl-multivcpu fail test-amd64-amd64-pair pass test-amd64-i386-pair pass test-amd64-amd64-libvirt-pair pass test-amd64-i386-libvirt-pair pass test-amd64-amd64-amd64-pvgrub pass test-amd64-amd64-i386-pvgrub fail test-amd64-amd64-xl-pvshim fail test-amd64-i386-xl-pvshim fail test-amd64-amd64-pygrub pass test-amd64-amd64-xl-qcow2 pass test-armhf-armhf-libvirt-raw fail test-amd64-i386-xl-raw fail test-amd64-amd64-xl-rtds pass test-armhf-armhf-xl-rtds fail test-amd64-amd64-xl-qemuu-debianhvm-amd64-shadow pass test-amd64-i386-xl-qemuu-debianhvm-amd64-shadow fail test-amd64-amd64-xl-shadow pass test-amd64-i386-xl-shadow pass test-amd64-amd64-libvirt-vhd pass test-armhf-armhf-xl-vhd fail ------------------------------------------------------------ sg-report-flight on osstest.xs.citrite.net logs: /home/osstest/logs images: /home/osstest/images Logs, config files, etc. are available at http://osstest.xensource.com/osstest/logs Test harness code can be found at http://xenbits.xensource.com/gitweb?p=osstest.git;a=summary Push not applicable. (No revision log; it would be 2138 lines long.) _______________________________________________ Xen-devel mailing list Xen-devel@lists.xenproject.org https://lists.xenproject.org/mailman/listinfo/xen-devel