flight 128249 libvirt real [real]
http://logs.test-lab.xenproject.org/osstest/logs/128249/

Failures :-/ but no regressions.

Tests which did not succeed, but are not blocking:
 test-armhf-armhf-libvirt     14 saverestore-support-check    fail  like 123814
 test-armhf-armhf-libvirt-raw 13 saverestore-support-check    fail  like 123814
 test-amd64-i386-libvirt      13 migrate-support-check        fail   never pass
 test-amd64-amd64-libvirt     13 migrate-support-check        fail   never pass
 test-amd64-i386-libvirt-xsm  13 migrate-support-check        fail   never pass
 test-amd64-amd64-libvirt-xsm 13 migrate-support-check        fail   never pass
 test-arm64-arm64-libvirt-xsm 13 migrate-support-check        fail   never pass
 test-arm64-arm64-libvirt-xsm 14 saverestore-support-check    fail   never pass
 test-arm64-arm64-libvirt     13 migrate-support-check        fail   never pass
 test-arm64-arm64-libvirt     14 saverestore-support-check    fail   never pass
 test-amd64-amd64-libvirt-qemuu-debianhvm-amd64-xsm 11 migrate-support-check 
fail never pass
 test-arm64-arm64-libvirt-qcow2 12 migrate-support-check        fail never pass
 test-arm64-arm64-libvirt-qcow2 13 saverestore-support-check    fail never pass
 test-armhf-armhf-libvirt     13 migrate-support-check        fail   never pass
 test-amd64-i386-libvirt-qemuu-debianhvm-amd64-xsm 11 migrate-support-check 
fail never pass
 test-amd64-amd64-libvirt-vhd 12 migrate-support-check        fail   never pass
 test-armhf-armhf-libvirt-raw 12 migrate-support-check        fail   never pass

version targeted for testing:
 libvirt              199eee6aae7af3d813fbe98660c7e0fa1a8ae7b7
baseline version:
 libvirt              076a2b409667dd9f716a2a2085e1ffea9d58fe8b

Last test of basis   123814  2018-06-05 04:19:23 Z  117 days
Failing since        123840  2018-06-06 04:19:28 Z  116 days   98 attempts
Testing same since   128221  2018-09-29 09:03:38 Z    1 days    2 attempts

------------------------------------------------------------
People who touched revisions under test:
    Ales Musil <amu...@redhat.com>
  Andrea Bolognani <abolo...@redhat.com>
  Anya Harter <ahar...@redhat.com>
  Bing Niu <bing....@intel.com>
  Bjoern Walk <bw...@linux.ibm.com>
  Bobo Du <dubo...@126.com>
  Boris Fiuczynski <fiu...@linux.ibm.com>
  Brijesh Singh <brijesh.si...@amd.com>
  Changkuo Shi <shi.chang...@h3c.com>
  Chen Hanxiao <chenhanx...@gmail.com>
  Christian Ehrhardt <christian.ehrha...@canonical.com>
  Clementine Hayat <c...@lse.epita.fr>
  Cole Robinson <crobi...@redhat.com>
  Dan Kenigsberg <dan...@redhat.com>
  Daniel Nicoletti <dantt...@gmail.com>
  Daniel P. Berrangé <berra...@redhat.com>
  Daniel Veillard <veill...@redhat.com>
  Eric Blake <ebl...@redhat.com>
  Erik Skultety <eskul...@redhat.com>
  Fabiano Fidêncio <fabi...@fidencio.org>
  Fabiano Fidêncio <fiden...@redhat.com>
  Farhan Ali <al...@linux.ibm.com>
  Filip Alac <filipa...@gmail.com>
  Han Han <h...@redhat.com>
  intrigeri <intrigeri+libv...@boum.org>
  intrigeri <intrig...@boum.org>
  Jamie Strandboge <ja...@canonical.com>
  Jie Wang <wangjie88.huawei.com>
  Jim Fehlig <jfeh...@suse.com>
  Jiri Denemark <jdene...@redhat.com>
  John Ferlan <jfer...@redhat.com>
  Julio Faracco <jcfara...@gmail.com>
  Ján Tomko <jto...@redhat.com>
  Kashyap Chamarthy <kcham...@redhat.com>
  Katerina Koukiou <kkouk...@redhat.com>
  Laine Stump <la...@laine.org>
  Laszlo Ersek <ler...@redhat.com>
  Lin Ma <l...@suse.com>
  Lubomir Rintel <lkund...@v3.sk>
  Luyao Huang <lhu...@redhat.com>
  Marc Hartmayer <mhart...@linux.ibm.com>
  Marc Hartmayer <mhart...@linux.vnet.ibm.com>
  Marcos Paulo de Souza <marcos.souza....@gmail.com>
  Marek Marczykowski-Górecki <marma...@invisiblethingslab.com>
  Mark Asselstine <mark.asselst...@windriver.com>
  Martin Kletzander <mklet...@redhat.com>
  Matthias Bolte <matthias.bo...@googlemail.com>
  Michal Privoznik <mpriv...@redhat.com>
  Michal Prívozník <mpriv...@redhat.com>
  Nikolay Shirokovskiy <nshirokovs...@virtuozzo.com>
  Pavel Hrdina <phrd...@redhat.com>
  Peter Krempa <pkre...@redhat.com>
  Pino Toscano <ptosc...@redhat.com>
  Radostin Stoyanov <rstoyan...@gmail.com>
  Ramy Elkest <ramyelk...@gmail.com>
  ramyelkest <ramyelk...@gmail.com>
  Richard W.M. Jones <rjo...@redhat.com>
  Roman Bogorodskiy <bogorods...@gmail.com>
  Roman Bolshakov <r.bolsha...@yadro.com>
  Shi Lei <shi_...@massclouds.com>
  Shi Lei <shilei.massclo...@gmx.com>
  Shichangkuo <shi.chang...@h3c.com>
  Shivaprasad G Bhat <sb...@linux.vnet.ibm.com>
  Simon Kobyda <skob...@redhat.com>
  Stefan Bader <stefan.ba...@canonical.com>
  Stefan Berger <stef...@linux.vnet.ibm.com>
  Sukrit Bhatnagar <skrtbht...@gmail.com>
  Tomáš Golembiovský <tgole...@redhat.com>
  Vitaly Kuznetsov <vkuzn...@redhat.com>
  w00251574 <wangji...@huawei.com>
  Wang Huaqiang <huaqiang.w...@intel.com>
  Wang Yechao <wang.yechao...@zte.com.cn>
  Weilun Zhu <zhuwei...@huawei.com>
  Wu Zongyong <cordius...@huawei.com>
  xinhua.Cao <caoxin...@huawei.com>

jobs:
 build-amd64-xsm                                              pass    
 build-arm64-xsm                                              pass    
 build-i386-xsm                                               pass    
 build-amd64                                                  pass    
 build-arm64                                                  pass    
 build-armhf                                                  pass    
 build-i386                                                   pass    
 build-amd64-libvirt                                          pass    
 build-arm64-libvirt                                          pass    
 build-armhf-libvirt                                          pass    
 build-i386-libvirt                                           pass    
 build-amd64-pvops                                            pass    
 build-arm64-pvops                                            pass    
 build-armhf-pvops                                            pass    
 build-i386-pvops                                             pass    
 test-amd64-amd64-libvirt-qemuu-debianhvm-amd64-xsm           pass    
 test-amd64-i386-libvirt-qemuu-debianhvm-amd64-xsm            pass    
 test-amd64-amd64-libvirt-xsm                                 pass    
 test-arm64-arm64-libvirt-xsm                                 pass    
 test-amd64-i386-libvirt-xsm                                  pass    
 test-amd64-amd64-libvirt                                     pass    
 test-arm64-arm64-libvirt                                     pass    
 test-armhf-armhf-libvirt                                     pass    
 test-amd64-i386-libvirt                                      pass    
 test-amd64-amd64-libvirt-pair                                pass    
 test-amd64-i386-libvirt-pair                                 pass    
 test-arm64-arm64-libvirt-qcow2                               pass    
 test-armhf-armhf-libvirt-raw                                 pass    
 test-amd64-amd64-libvirt-vhd                                 pass    


------------------------------------------------------------
sg-report-flight on osstest.test-lab.xenproject.org
logs: /home/logs/logs
images: /home/logs/images

Logs, config files, etc. are available at
    http://logs.test-lab.xenproject.org/osstest/logs

Explanation of these reports, and of osstest in general, is at
    http://xenbits.xen.org/gitweb/?p=osstest.git;a=blob;f=README.email;hb=master
    http://xenbits.xen.org/gitweb/?p=osstest.git;a=blob;f=README;hb=master

Test harness code can be found at
    http://xenbits.xen.org/gitweb?p=osstest.git;a=summary


Pushing revision :

To xenbits.xen.org:/home/xen/git/libvirt.git
   076a2b4096..199eee6aae  199eee6aae7af3d813fbe98660c7e0fa1a8ae7b7 -> 
xen-tested-master

_______________________________________________
Xen-devel mailing list
Xen-devel@lists.xenproject.org
https://lists.xenproject.org/mailman/listinfo/xen-devel

Reply via email to