flight 127467 libvirt real [real] http://logs.test-lab.xenproject.org/osstest/logs/127467/
Regressions :-( Tests which did not succeed and are blocking, including tests which could not be run: build-i386-libvirt 6 libvirt-build fail REGR. vs. 123814 build-amd64-libvirt 6 libvirt-build fail REGR. vs. 123814 build-arm64-libvirt 6 libvirt-build fail REGR. vs. 123814 build-armhf-libvirt 6 libvirt-build fail REGR. vs. 123814 Tests which did not succeed, but are not blocking: test-armhf-armhf-libvirt-raw 1 build-check(1) blocked n/a test-arm64-arm64-libvirt-qcow2 1 build-check(1) blocked n/a test-amd64-amd64-libvirt-qemuu-debianhvm-amd64-xsm 1 build-check(1) blocked n/a test-amd64-i386-libvirt-xsm 1 build-check(1) blocked n/a test-arm64-arm64-libvirt 1 build-check(1) blocked n/a test-amd64-i386-libvirt 1 build-check(1) blocked n/a test-arm64-arm64-libvirt-xsm 1 build-check(1) blocked n/a test-amd64-amd64-libvirt-pair 1 build-check(1) blocked n/a test-amd64-i386-libvirt-qemuu-debianhvm-amd64-xsm 1 build-check(1) blocked n/a test-amd64-amd64-libvirt-xsm 1 build-check(1) blocked n/a test-armhf-armhf-libvirt 1 build-check(1) blocked n/a test-amd64-amd64-libvirt 1 build-check(1) blocked n/a test-amd64-i386-libvirt-pair 1 build-check(1) blocked n/a test-amd64-amd64-libvirt-vhd 1 build-check(1) blocked n/a version targeted for testing: libvirt d5a5cbb532f9d5c8a1ee2d127158c11a15dec971 baseline version: libvirt 076a2b409667dd9f716a2a2085e1ffea9d58fe8b Last test of basis 123814 2018-06-05 04:19:23 Z 97 days Failing since 123840 2018-06-06 04:19:28 Z 96 days 78 attempts Testing same since 127401 2018-09-08 04:22:31 Z 2 days 3 attempts ------------------------------------------------------------ People who touched revisions under test: Ales Musil <amu...@redhat.com> Andrea Bolognani <abolo...@redhat.com> Anya Harter <ahar...@redhat.com> Bing Niu <bing....@intel.com> Bjoern Walk <bw...@linux.ibm.com> Bobo Du <dubo...@126.com> Boris Fiuczynski <fiu...@linux.ibm.com> Brijesh Singh <brijesh.si...@amd.com> Changkuo Shi <shi.chang...@h3c.com> Chen Hanxiao <chenhanx...@gmail.com> Christian Ehrhardt <christian.ehrha...@canonical.com> Clementine Hayat <c...@lse.epita.fr> Cole Robinson <crobi...@redhat.com> Dan Kenigsberg <dan...@redhat.com> Daniel Nicoletti <dantt...@gmail.com> Daniel P. Berrangé <berra...@redhat.com> Daniel Veillard <veill...@redhat.com> Eric Blake <ebl...@redhat.com> Erik Skultety <eskul...@redhat.com> Fabiano Fidêncio <fabi...@fidencio.org> Farhan Ali <al...@linux.ibm.com> Filip Alac <filipa...@gmail.com> Han Han <h...@redhat.com> intrigeri <intrigeri+libv...@boum.org> intrigeri <intrig...@boum.org> Jamie Strandboge <ja...@canonical.com> Jie Wang <wangjie88.huawei.com> Jim Fehlig <jfeh...@suse.com> Jiri Denemark <jdene...@redhat.com> John Ferlan <jfer...@redhat.com> Julio Faracco <jcfara...@gmail.com> Ján Tomko <jto...@redhat.com> Kashyap Chamarthy <kcham...@redhat.com> Katerina Koukiou <kkouk...@redhat.com> Laine Stump <la...@laine.org> Laszlo Ersek <ler...@redhat.com> Lubomir Rintel <lkund...@v3.sk> Luyao Huang <lhu...@redhat.com> Marc Hartmayer <mhart...@linux.ibm.com> Marc Hartmayer <mhart...@linux.vnet.ibm.com> Marcos Paulo de Souza <marcos.souza....@gmail.com> Marek Marczykowski-Górecki <marma...@invisiblethingslab.com> Martin Kletzander <mklet...@redhat.com> Matthias Bolte <matthias.bo...@googlemail.com> Michal Privoznik <mpriv...@redhat.com> Michal Prívozník <mpriv...@redhat.com> Nikolay Shirokovskiy <nshirokovs...@virtuozzo.com> Pavel Hrdina <phrd...@redhat.com> Peter Krempa <pkre...@redhat.com> Pino Toscano <ptosc...@redhat.com> Radostin Stoyanov <rstoyan...@gmail.com> Ramy Elkest <ramyelk...@gmail.com> ramyelkest <ramyelk...@gmail.com> Richard W.M. Jones <rjo...@redhat.com> Roman Bogorodskiy <bogorods...@gmail.com> Roman Bolshakov <r.bolsha...@yadro.com> Shi Lei <shi_...@massclouds.com> Shi Lei <shilei.massclo...@gmx.com> Shichangkuo <shi.chang...@h3c.com> Shivaprasad G Bhat <sb...@linux.vnet.ibm.com> Simon Kobyda <skob...@redhat.com> Stefan Bader <stefan.ba...@canonical.com> Stefan Berger <stef...@linux.vnet.ibm.com> Sukrit Bhatnagar <skrtbht...@gmail.com> Tomáš Golembiovský <tgole...@redhat.com> Vitaly Kuznetsov <vkuzn...@redhat.com> w00251574 <wangji...@huawei.com> Wang Huaqiang <huaqiang.w...@intel.com> Weilun Zhu <zhuwei...@huawei.com> xinhua.Cao <caoxin...@huawei.com> jobs: build-amd64-xsm pass build-arm64-xsm pass build-i386-xsm pass build-amd64 pass build-arm64 pass build-armhf pass build-i386 pass build-amd64-libvirt fail build-arm64-libvirt fail build-armhf-libvirt fail build-i386-libvirt fail build-amd64-pvops pass build-arm64-pvops pass build-armhf-pvops pass build-i386-pvops pass test-amd64-amd64-libvirt-qemuu-debianhvm-amd64-xsm blocked test-amd64-i386-libvirt-qemuu-debianhvm-amd64-xsm blocked test-amd64-amd64-libvirt-xsm blocked test-arm64-arm64-libvirt-xsm blocked test-amd64-i386-libvirt-xsm blocked test-amd64-amd64-libvirt blocked test-arm64-arm64-libvirt blocked test-armhf-armhf-libvirt blocked test-amd64-i386-libvirt blocked test-amd64-amd64-libvirt-pair blocked test-amd64-i386-libvirt-pair blocked test-arm64-arm64-libvirt-qcow2 blocked test-armhf-armhf-libvirt-raw blocked test-amd64-amd64-libvirt-vhd blocked ------------------------------------------------------------ sg-report-flight on osstest.test-lab.xenproject.org logs: /home/logs/logs images: /home/logs/images Logs, config files, etc. are available at http://logs.test-lab.xenproject.org/osstest/logs Explanation of these reports, and of osstest in general, is at http://xenbits.xen.org/gitweb/?p=osstest.git;a=blob;f=README.email;hb=master http://xenbits.xen.org/gitweb/?p=osstest.git;a=blob;f=README;hb=master Test harness code can be found at http://xenbits.xen.org/gitweb?p=osstest.git;a=summary Not pushing. (No revision log; it would be 16877 lines long.) _______________________________________________ Xen-devel mailing list Xen-devel@lists.xenproject.org https://lists.xenproject.org/mailman/listinfo/xen-devel