flight 127322 linux-4.9 real [real]
http://logs.test-lab.xenproject.org/osstest/logs/127322/

Failures :-/ but no regressions.

Tests which did not succeed, but are not blocking:
 test-amd64-amd64-xl-qemut-win7-amd64 17 guest-stop            fail like 127006
 test-amd64-i386-xl-qemut-win7-amd64 17 guest-stop             fail like 127006
 test-amd64-i386-xl-qemuu-win7-amd64 17 guest-stop             fail like 127006
 test-amd64-amd64-xl-qemuu-win7-amd64 17 guest-stop            fail like 127006
 test-amd64-amd64-xl-qemuu-ws16-amd64 17 guest-stop            fail like 127006
 test-amd64-amd64-xl-qemuu-dmrestrict-amd64-dmrestrict 10 debian-hvm-install 
fail never pass
 test-amd64-amd64-libvirt-xsm 13 migrate-support-check        fail   never pass
 test-amd64-amd64-libvirt     13 migrate-support-check        fail   never pass
 test-amd64-i386-xl-qemuu-dmrestrict-amd64-dmrestrict 10 debian-hvm-install 
fail never pass
 test-amd64-amd64-xl-pvhv2-intel 12 guest-start                 fail never pass
 test-amd64-amd64-xl-pvhv2-amd 12 guest-start                  fail  never pass
 test-amd64-i386-xl-pvshim    12 guest-start                  fail   never pass
 test-amd64-i386-libvirt      13 migrate-support-check        fail   never pass
 test-arm64-arm64-xl-xsm      13 migrate-support-check        fail   never pass
 test-arm64-arm64-xl-xsm      14 saverestore-support-check    fail   never pass
 test-arm64-arm64-xl-credit2  13 migrate-support-check        fail   never pass
 test-arm64-arm64-libvirt-xsm 13 migrate-support-check        fail   never pass
 test-arm64-arm64-libvirt-xsm 14 saverestore-support-check    fail   never pass
 test-arm64-arm64-xl-credit2  14 saverestore-support-check    fail   never pass
 test-amd64-i386-libvirt-xsm  13 migrate-support-check        fail   never pass
 test-amd64-i386-libvirt-qemuu-debianhvm-amd64-xsm 11 migrate-support-check 
fail never pass
 test-amd64-amd64-libvirt-qemuu-debianhvm-amd64-xsm 11 migrate-support-check 
fail never pass
 test-amd64-amd64-libvirt-vhd 12 migrate-support-check        fail   never pass
 test-armhf-armhf-xl-arndale  13 migrate-support-check        fail   never pass
 test-armhf-armhf-xl-arndale  14 saverestore-support-check    fail   never pass
 test-armhf-armhf-libvirt     13 migrate-support-check        fail   never pass
 test-armhf-armhf-libvirt     14 saverestore-support-check    fail   never pass
 test-armhf-armhf-xl-credit2  13 migrate-support-check        fail   never pass
 test-armhf-armhf-xl-credit2  14 saverestore-support-check    fail   never pass
 test-amd64-amd64-qemuu-nested-amd 17 debian-hvm-install/l1/l2  fail never pass
 test-armhf-armhf-xl-rtds     13 migrate-support-check        fail   never pass
 test-armhf-armhf-xl-rtds     14 saverestore-support-check    fail   never pass
 test-armhf-armhf-xl-cubietruck 13 migrate-support-check        fail never pass
 test-armhf-armhf-xl-multivcpu 13 migrate-support-check        fail  never pass
 test-armhf-armhf-xl-cubietruck 14 saverestore-support-check    fail never pass
 test-armhf-armhf-xl          13 migrate-support-check        fail   never pass
 test-armhf-armhf-xl-multivcpu 14 saverestore-support-check    fail  never pass
 test-armhf-armhf-xl          14 saverestore-support-check    fail   never pass
 test-armhf-armhf-xl-vhd      12 migrate-support-check        fail   never pass
 test-armhf-armhf-xl-vhd      13 saverestore-support-check    fail   never pass
 test-amd64-amd64-xl-qemut-ws16-amd64 17 guest-stop             fail never pass
 test-amd64-i386-xl-qemut-ws16-amd64 17 guest-stop              fail never pass
 test-arm64-arm64-xl          13 migrate-support-check        fail   never pass
 test-arm64-arm64-xl          14 saverestore-support-check    fail   never pass
 test-amd64-i386-xl-qemuu-ws16-amd64 17 guest-stop              fail never pass
 test-armhf-armhf-libvirt-raw 12 migrate-support-check        fail   never pass
 test-armhf-armhf-libvirt-raw 13 saverestore-support-check    fail   never pass
 test-amd64-amd64-xl-qemut-win10-i386 10 windows-install        fail never pass
 test-amd64-amd64-xl-qemuu-win10-i386 10 windows-install        fail never pass
 test-amd64-i386-xl-qemuu-win10-i386 10 windows-install         fail never pass
 test-amd64-i386-xl-qemut-win10-i386 10 windows-install         fail never pass

version targeted for testing:
 linux                9eabacaf4ce59a07baacac5f31586de4ae7e9194
baseline version:
 linux                e8d49e4292d9156a081752dee3f5a0cd12857da9

Last test of basis   127006  2018-08-30 19:38:22 Z    6 days
Testing same since   127298  2018-09-05 07:46:52 Z    1 days    2 attempts

------------------------------------------------------------
People who touched revisions under test:
  Alberto Panizzo <albe...@amarulasolutions.com>
  Aleksander Morgado <aleksan...@aleksander.es>
  Alexander Sverdlin <alexander.sverd...@nokia.com>
  Alexander Usyskin <alexander.usys...@intel.com>
  Alexei Starovoitov <a...@kernel.org>
  Andi Kleen <a...@linux.intel.com>
  Andrew Morton <a...@linux-foundation.org>
  Andrey Ryabinin <aryabi...@virtuozzo.com>
  Anthony Brandon <anth...@amarulasolutions.com>
  Ariel Elior <ariel.el...@cavium.com>
  Arnd Bergmann <a...@arndb.de>
  Bart Van Assche <bart.vanass...@wdc.com>
  Bernd Edlinger <bernd.edlin...@hotmail.de>
  Bjørn Mork <bj...@mork.no>
  Calvin Walton <calvin.wal...@kepstin.ca>
  chen jie <chenj...@huawei.com>
  Christoffer Dall <christoffer.d...@arm.com>
  Claudio Imbrenda <imbre...@linux.vnet.ibm.com>
  Colin Ian King <colin.k...@canonical.com>
  Dan Carpenter <dan.carpen...@oracle.com>
  Dan Streetman <ddstr...@ieee.org>
  Daniel Borkmann <dan...@iogearbox.net>
  Daniel Rosenberg <dro...@google.com>
  Dave Airlie <airl...@redhat.com>
  David Howells <dhowe...@redhat.com>
  David S. Miller <da...@davemloft.net>
  Dong Aisheng <aisheng.d...@nxp.com>
  Eric Sandeen <sand...@redhat.com>
  Ethan Zhao <ethan.z...@oracle.com>
  Eugeniu Rosca <ero...@de.adit-jv.com>
  Eugeniu Rosca <roscaeuge...@gmail.com>
  Eyal Birger <eyal.bir...@gmail.com>
  Felipe Balbi <felipe.ba...@linux.intel.com>
  Florian Westphal <f...@strlen.de>
  Govindarajulu Varadarajan <gvara...@cisco.com>
  Greg Hackmann <ghackm...@android.com>
  Greg Hackmann <ghackm...@google.com>
  Greg Kroah-Hartman <gre...@linuxfoundation.org>
  Guenter Roeck <li...@roeck-us.net>
  Gustavo A. R. Silva <gust...@embeddedor.com>
  H. Nikolaus Schaller <h...@goldelico.com>
  Heiko Carstens <heiko.carst...@de.ibm.com>
  Heiko Stuebner <he...@sntech.de>
  Ingo Molnar <mi...@kernel.org>
  Jann Horn <ja...@google.com>
  Jens Axboe <ax...@kernel.dk>
  Jerome Brunet <jbru...@baylibre.com>
  Jia-Ju Bai <baijiaju1...@gmail.com>
  jie@chenj...@huwei.com <jie@chenj...@huwei.com>
  Jim Gill <jg...@vmware.com>
  Johannes Berg <johannes.b...@intel.com>
  Johannes Thumshirn <jthumsh...@suse.de>
  Johannes Weiner <han...@cmpxchg.org>
  Josh Poimboeuf <jpoim...@redhat.com>
  Julian Wiedmann <j...@linux.ibm.com>
  Kalle Valo <kv...@codeaurora.org>
  Kees Cook <keesc...@chromium.org>
  Kiran Kumar Modukuri <kiran.moduk...@gmail.com>
  Kirill Tkhai <ktk...@virtuozzo.com>
  Len Brown <len.br...@intel.com>
  Li Wang <liw...@redhat.com>
  Linus Torvalds <torva...@linux-foundation.org>
  Linus Walleij <linus.wall...@linaro.org>
  Lucas Stach <l.st...@pengutronix.de>
  Maciej W. Rozycki <ma...@mips.com>
  Manikanta Pubbisetty <mpubb...@codeaurora.org>
  Marc Kleine-Budde <m...@pengutronix.de>
  Marc Zyngier <marc.zyng...@arm.com>
  Mark Brown <broo...@kernel.org>
  Martin K. Petersen <martin.peter...@oracle.com>
  Martin Schwidefsky <schwidef...@de.ibm.com>
  Masami Hiramatsu <mhira...@kernel.org>
  Matthew Wilcox <wi...@infradead.org>
  Michael Buesch <m...@bues.ch>
  Michal Hocko <mho...@suse.com>
  Michal Kalderon <michal.kalde...@cavium.com>
  Mike Christie <mchri...@redhat.com>
  Mikhail Gavrilov <mikhail.v.gavri...@gmail.com>
  Miklos Szeredi <mszer...@redhat.com>
  Mikulas Patocka <mpato...@redhat.com>
  mpubb...@codeaurora.org <mpubb...@codeaurora.org>
  Nicholas Mc Guire <hof...@osadl.org>
  Nick Desaulniers <ndesaulni...@google.com>
  Paolo Bonzini <pbonz...@redhat.com>
  Paul Burton <paul.bur...@mips.com>
  Paul Menzel <pmen...@molgen.mpg.de>
  Paul Moore <p...@paul-moore.com>
  Pavel Shilovsky <pshi...@microsoft.com>
  Peter Senna Tschudin <peter.se...@gmail.com>
  Peter Zijlstra (Intel) <pet...@infradead.org>
  Philipp Zabel <p.za...@pengutronix.de>
  Phillip Lougher <phil...@squashfs.org.uk>
  Punit Agrawal <punit.agra...@arm.com>
  Rafael J. Wysocki <rafael.j.wyso...@intel.com>
  Rafał Miłecki <ra...@milecki.pl>
  Randy Dunlap <rdun...@infradead.org>
  Rian Hunter <r...@alum.mit.edu>
  Rob Clark <robdcl...@gmail.com>
  Sandipan Das <sandi...@linux.vnet.ibm.com>
  Sasha Levin <alexander.le...@microsoft.com>
  Scott Bauer <sba...@plzdonthack.me>
  Scott Bauer <scott.ba...@intel.com>
  Sean Paul <seanp...@chromium.org>
  Sebastian Ott <seb...@linux.ibm.com>
  Sebastian Reichel <sebastian.reic...@collabora.co.uk>
  Sekhar Nori <nsek...@ti.com>
  Shubhrajyoti Datta <shubhrajyoti.da...@xilinx.com>
  Steffen Klassert <steffen.klass...@secunet.com>
  Steve French <stfre...@microsoft.com>
  Steven Rostedt (VMware) <rost...@goodmis.org>
  Sudarsana Reddy Kalluru <sudarsana.kall...@cavium.com>
  Tejun Heo <t...@kernel.org>
  Theodore Ts'o <ty...@mit.edu>
  Thomas Gleixner <t...@linutronix.de>
  Thomas Gleixner <tglx@xxxxxxxxxxxxx>
  Thomas Petazzoni <thomas.petazz...@free-electrons.com>
  Tomas Winkler <tomas.wink...@intel.com>
  Tommi Rantala <tommi.t.rant...@nokia.com>
  Varun Prakash <va...@chelsio.com>
  Vineet Gupta <vgu...@synopsys.com>
  Vladimir Davydov <vdavydov....@gmail.com>
  Vlastimil Babka <vba...@suse.cz>
  Will Deacon <will.dea...@arm.com>
  Willy Tarreau <w...@1wt.eu>
  Wolfram Sang <w...@the-dreams.de>
  YueHaibing <yuehaib...@huawei.com>
  yujuan.qi <yujuan...@mediatek.com>

jobs:
 build-amd64-xsm                                              pass    
 build-arm64-xsm                                              pass    
 build-i386-xsm                                               pass    
 build-amd64                                                  pass    
 build-arm64                                                  pass    
 build-armhf                                                  pass    
 build-i386                                                   pass    
 build-amd64-libvirt                                          pass    
 build-arm64-libvirt                                          pass    
 build-armhf-libvirt                                          pass    
 build-i386-libvirt                                           pass    
 build-amd64-pvops                                            pass    
 build-arm64-pvops                                            pass    
 build-armhf-pvops                                            pass    
 build-i386-pvops                                             pass    
 build-amd64-rumprun                                          pass    
 build-i386-rumprun                                           pass    
 test-amd64-amd64-xl                                          pass    
 test-arm64-arm64-xl                                          pass    
 test-armhf-armhf-xl                                          pass    
 test-amd64-i386-xl                                           pass    
 test-amd64-amd64-xl-qemut-debianhvm-amd64-xsm                pass    
 test-amd64-i386-xl-qemut-debianhvm-amd64-xsm                 pass    
 test-amd64-amd64-libvirt-qemuu-debianhvm-amd64-xsm           pass    
 test-amd64-i386-libvirt-qemuu-debianhvm-amd64-xsm            pass    
 test-amd64-amd64-xl-qemuu-debianhvm-amd64-xsm                pass    
 test-amd64-i386-xl-qemuu-debianhvm-amd64-xsm                 pass    
 test-amd64-amd64-xl-qemut-stubdom-debianhvm-amd64-xsm        pass    
 test-amd64-i386-xl-qemut-stubdom-debianhvm-amd64-xsm         pass    
 test-amd64-amd64-libvirt-xsm                                 pass    
 test-arm64-arm64-libvirt-xsm                                 pass    
 test-amd64-i386-libvirt-xsm                                  pass    
 test-amd64-amd64-xl-xsm                                      pass    
 test-arm64-arm64-xl-xsm                                      pass    
 test-amd64-i386-xl-xsm                                       pass    
 test-amd64-amd64-qemuu-nested-amd                            fail    
 test-amd64-amd64-xl-pvhv2-amd                                fail    
 test-amd64-i386-qemut-rhel6hvm-amd                           pass    
 test-amd64-i386-qemuu-rhel6hvm-amd                           pass    
 test-amd64-amd64-xl-qemut-debianhvm-amd64                    pass    
 test-amd64-i386-xl-qemut-debianhvm-amd64                     pass    
 test-amd64-amd64-xl-qemuu-debianhvm-amd64                    pass    
 test-amd64-i386-xl-qemuu-debianhvm-amd64                     pass    
 test-amd64-i386-freebsd10-amd64                              pass    
 test-amd64-amd64-xl-qemuu-ovmf-amd64                         pass    
 test-amd64-i386-xl-qemuu-ovmf-amd64                          pass    
 test-amd64-amd64-rumprun-amd64                               pass    
 test-amd64-amd64-xl-qemut-win7-amd64                         fail    
 test-amd64-i386-xl-qemut-win7-amd64                          fail    
 test-amd64-amd64-xl-qemuu-win7-amd64                         fail    
 test-amd64-i386-xl-qemuu-win7-amd64                          fail    
 test-amd64-amd64-xl-qemut-ws16-amd64                         fail    
 test-amd64-i386-xl-qemut-ws16-amd64                          fail    
 test-amd64-amd64-xl-qemuu-ws16-amd64                         fail    
 test-amd64-i386-xl-qemuu-ws16-amd64                          fail    
 test-armhf-armhf-xl-arndale                                  pass    
 test-amd64-amd64-xl-credit2                                  pass    
 test-arm64-arm64-xl-credit2                                  pass    
 test-armhf-armhf-xl-credit2                                  pass    
 test-armhf-armhf-xl-cubietruck                               pass    
 test-amd64-amd64-xl-qemuu-dmrestrict-amd64-dmrestrict        fail    
 test-amd64-i386-xl-qemuu-dmrestrict-amd64-dmrestrict         fail    
 test-amd64-amd64-examine                                     pass    
 test-arm64-arm64-examine                                     pass    
 test-armhf-armhf-examine                                     pass    
 test-amd64-i386-examine                                      pass    
 test-amd64-i386-freebsd10-i386                               pass    
 test-amd64-i386-rumprun-i386                                 pass    
 test-amd64-amd64-xl-qemut-win10-i386                         fail    
 test-amd64-i386-xl-qemut-win10-i386                          fail    
 test-amd64-amd64-xl-qemuu-win10-i386                         fail    
 test-amd64-i386-xl-qemuu-win10-i386                          fail    
 test-amd64-amd64-qemuu-nested-intel                          pass    
 test-amd64-amd64-xl-pvhv2-intel                              fail    
 test-amd64-i386-qemut-rhel6hvm-intel                         pass    
 test-amd64-i386-qemuu-rhel6hvm-intel                         pass    
 test-amd64-amd64-libvirt                                     pass    
 test-armhf-armhf-libvirt                                     pass    
 test-amd64-i386-libvirt                                      pass    
 test-amd64-amd64-xl-multivcpu                                pass    
 test-armhf-armhf-xl-multivcpu                                pass    
 test-amd64-amd64-pair                                        pass    
 test-amd64-i386-pair                                         pass    
 test-amd64-amd64-libvirt-pair                                pass    
 test-amd64-i386-libvirt-pair                                 pass    
 test-amd64-amd64-amd64-pvgrub                                pass    
 test-amd64-amd64-i386-pvgrub                                 pass    
 test-amd64-amd64-xl-pvshim                                   pass    
 test-amd64-i386-xl-pvshim                                    fail    
 test-amd64-amd64-pygrub                                      pass    
 test-amd64-amd64-xl-qcow2                                    pass    
 test-armhf-armhf-libvirt-raw                                 pass    
 test-amd64-i386-xl-raw                                       pass    
 test-amd64-amd64-xl-rtds                                     pass    
 test-armhf-armhf-xl-rtds                                     pass    
 test-amd64-amd64-xl-qemuu-debianhvm-amd64-shadow             pass    
 test-amd64-i386-xl-qemuu-debianhvm-amd64-shadow              pass    
 test-amd64-amd64-xl-shadow                                   pass    
 test-amd64-i386-xl-shadow                                    pass    
 test-amd64-amd64-libvirt-vhd                                 pass    
 test-armhf-armhf-xl-vhd                                      pass    


------------------------------------------------------------
sg-report-flight on osstest.test-lab.xenproject.org
logs: /home/logs/logs
images: /home/logs/images

Logs, config files, etc. are available at
    http://logs.test-lab.xenproject.org/osstest/logs

Explanation of these reports, and of osstest in general, is at
    http://xenbits.xen.org/gitweb/?p=osstest.git;a=blob;f=README.email;hb=master
    http://xenbits.xen.org/gitweb/?p=osstest.git;a=blob;f=README;hb=master

Test harness code can be found at
    http://xenbits.xen.org/gitweb?p=osstest.git;a=summary


Pushing revision :

To xenbits.xen.org:/home/xen/git/linux-pvops.git
   e8d49e4292d9..9eabacaf4ce5  9eabacaf4ce59a07baacac5f31586de4ae7e9194 -> 
tested/linux-4.9

_______________________________________________
Xen-devel mailing list
Xen-devel@lists.xenproject.org
https://lists.xenproject.org/mailman/listinfo/xen-devel

Reply via email to