flight 126542 linux-4.14 real [real]
http://logs.test-lab.xenproject.org/osstest/logs/126542/

Regressions :-(

Tests which did not succeed and are blocking,
including tests which could not be run:
 test-amd64-amd64-examine      4 memdisk-try-append       fail REGR. vs. 126364
 test-amd64-i386-xl-qemut-debianhvm-amd64 13 guest-saverestore fail REGR. vs. 
126364
 test-amd64-amd64-xl-qemuu-ws16-amd64 16 guest-localmigrate/x10 fail REGR. vs. 
126364

Tests which did not succeed, but are not blocking:
 test-amd64-i386-xl-pvshim    12 guest-start                  fail   never pass
 test-amd64-i386-libvirt-xsm  13 migrate-support-check        fail   never pass
 test-amd64-i386-libvirt      13 migrate-support-check        fail   never pass
 test-amd64-amd64-libvirt     13 migrate-support-check        fail   never pass
 test-amd64-amd64-libvirt-xsm 13 migrate-support-check        fail   never pass
 test-amd64-i386-libvirt-qemuu-debianhvm-amd64-xsm 11 migrate-support-check 
fail never pass
 test-amd64-amd64-libvirt-qemuu-debianhvm-amd64-xsm 11 migrate-support-check 
fail never pass
 test-amd64-amd64-qemuu-nested-amd 17 debian-hvm-install/l1/l2  fail never pass
 test-amd64-amd64-libvirt-vhd 12 migrate-support-check        fail   never pass
 test-armhf-armhf-xl-credit2  13 migrate-support-check        fail   never pass
 test-armhf-armhf-xl-cubietruck 13 migrate-support-check        fail never pass
 test-armhf-armhf-xl-credit2  14 saverestore-support-check    fail   never pass
 test-armhf-armhf-xl-cubietruck 14 saverestore-support-check    fail never pass
 test-armhf-armhf-xl-rtds     13 migrate-support-check        fail   never pass
 test-armhf-armhf-xl-rtds     14 saverestore-support-check    fail   never pass
 test-amd64-i386-xl-qemut-win7-amd64 17 guest-stop              fail never pass
 test-amd64-amd64-xl-qemuu-win7-amd64 17 guest-stop             fail never pass
 test-armhf-armhf-libvirt     13 migrate-support-check        fail   never pass
 test-armhf-armhf-libvirt     14 saverestore-support-check    fail   never pass
 test-amd64-i386-xl-qemuu-win7-amd64 17 guest-stop              fail never pass
 test-armhf-armhf-libvirt-raw 12 migrate-support-check        fail   never pass
 test-armhf-armhf-libvirt-raw 13 saverestore-support-check    fail   never pass
 test-amd64-amd64-xl-qemut-win7-amd64 17 guest-stop             fail never pass
 test-amd64-amd64-xl-qemut-ws16-amd64 17 guest-stop             fail never pass
 test-armhf-armhf-xl          13 migrate-support-check        fail   never pass
 test-armhf-armhf-xl          14 saverestore-support-check    fail   never pass
 test-armhf-armhf-xl-vhd      12 migrate-support-check        fail   never pass
 test-armhf-armhf-xl-vhd      13 saverestore-support-check    fail   never pass
 test-armhf-armhf-xl-multivcpu 13 migrate-support-check        fail  never pass
 test-armhf-armhf-xl-multivcpu 14 saverestore-support-check    fail  never pass
 test-armhf-armhf-xl-arndale  13 migrate-support-check        fail   never pass
 test-armhf-armhf-xl-arndale  14 saverestore-support-check    fail   never pass
 test-amd64-i386-xl-qemuu-ws16-amd64 17 guest-stop              fail never pass
 test-amd64-i386-xl-qemut-ws16-amd64 17 guest-stop              fail never pass
 test-amd64-i386-xl-qemut-win10-i386 10 windows-install         fail never pass
 test-amd64-amd64-xl-qemut-win10-i386 10 windows-install        fail never pass
 test-amd64-i386-xl-qemuu-win10-i386 10 windows-install         fail never pass
 test-amd64-amd64-xl-qemuu-win10-i386 10 windows-install        fail never pass

version targeted for testing:
 linux                f4c88459f7c9320f587b839c3d24a2a9dc18a8a0
baseline version:
 linux                c5f7d3c4daf14ba3717fcc1497854d8c365bd742

Last test of basis   126364  2018-08-22 06:10:33 Z    3 days
Testing same since   126542  2018-08-24 11:40:05 Z    1 days    1 attempts

------------------------------------------------------------
People who touched revisions under test:
  "Yan, Zheng" <z...@redhat.com>
  Adam Ford <aford...@gmail.com>
  Ajay Gupta <ajayk...@gmail.com>
  Aleksa Sarai <asa...@suse.de>
  Alex Deucher <alexander.deuc...@amd.com>
  Alexander Aring <ar...@mojatatu.com>
  Alexander Duyck <alexander.h.du...@intel.com>
  Alexander Sverdlin <alexander.sverd...@nokia.com>
  Alexander Sverdlin <alexander.sverd...@nsn.com>
  Alexei Starovoitov <a...@kernel.org>
  Alexey Brodkin <abrod...@synopsys.com>
  Alexey Brodkin <alexey.brod...@synopsys.com>
  Alison Wang <alison.w...@nxp.com>
  Anders Roxell <anders.rox...@linaro.org>
  Andreas Ziegler <d...@andreas-ziegler.de>
  Andrew Bowers <andrewx.bow...@intel.com>
  Andrew Morton <a...@linux-foundation.org>
  Andrey Ryabinin <aryabi...@virtuozzo.com>
  Andrey Smirnov <andrew.smir...@gmail.com>
  Andrzej Hajda <a.ha...@samsung.com>
  Andy Gross <andy.gr...@linaro.org>
  Andy Lutomirski <l...@kernel.org>
  Andy Shevchenko <andy.shevche...@gmail.com>
  Anson Huang <anson.hu...@nxp.com>
  Ard Biesheuvel <ard.biesheu...@linaro.org>
  Arend van Spriel <arend.vanspr...@broadcom.com>
  Ariel Elior <ariel.el...@cavium.com>
  Arnaldo Carvalho de Melo <a...@redhat.com>
  Arun Kumar Neelakantam <ane...@codeaurora.org>
  Ayan Kumar halder <ayan.hal...@arm.com>
  Bart Van Assche <bart.vanass...@wdc.com>
  Bartosz Golaszewski <bgolaszew...@baylibre.com>
  Ben Skeggs <bske...@redhat.com>
  BingJing Chang <bingji...@synology.com>
  Bjorn Helgaas <bhelg...@google.com>
  Bob Copeland <bobcopel...@fb.com>
  Bob Copeland <m...@bobcopeland.com>
  Boris Brezillon <boris.brezil...@bootlin.com>
  Borislav Petkov <b...@suse.de>
  Casey Leedom <lee...@chelsio.com>
  Casey Schaufler <ca...@schaufler-ca.com>
  Catalin Marinas <catalin.mari...@arm.com>
  Chad Dupuis <chad.dup...@cavium.com>
  Chengguang Xu <cgxu...@gmx.com>
  Christoph Hellwig <h...@lst.de>
  Christophe JAILLET <christophe.jail...@wanadoo.fr>
  Chunfeng Yun <chunfeng....@mediatek.com>
  Cornelia Huck <coh...@redhat.com>
  Dan Carpenter <dan.carpen...@oracle.com>
  Dan Williams <dan.j.willi...@intel.com>
  Daniel Borkmann <dan...@iogearbox.net>
  Daniel Mack <dan...@zonque.org>
  Dave Jiang <dave.ji...@intel.com>
  David Lechner <da...@lechnology.com>
  David S. Miller <da...@davemloft.net>
  David Sterba <dste...@suse.com>
  Davide Caratti <dcara...@redhat.com>
  Dinh Nguyen <dingu...@kernel.org>
  Dirk Gouders <d...@gouders.net>
  Dmitry Osipenko <dig...@gmail.com>
  Dmitry Torokhov <dmitry.torok...@gmail.com>
  Dong Jia Shi <bjsdj...@linux.vnet.ibm.com>
  Dongjiu Geng <gengdong...@huawei.com>
  Doron Roberts-Kedes <doro...@fb.com>
  Douglas Anderson <diand...@chromium.org>
  Eli Cohen <e...@mellanox.com>
  Eric Dumazet <eduma...@google.com>
  Esben Haabendal <e...@deif.com>
  Fabio Estevam <fabio.este...@nxp.com>
  Fathi Boudra <fathi.bou...@linaro.org>
  Felipe Balbi <felipe.ba...@linux.intel.com>
  Florian Fainelli <f.faine...@gmail.com>
  Florian Westphal <f...@strlen.de>
  Ganesh Goudar <ganes...@chelsio.com>
  Gao Feng <gfree.w...@vip.163.com>
  Geert Uytterhoeven <ge...@linux-m68k.org>
  Gevorg Sahakyan <sahak...@synopsys.com>
  Govindarajulu Varadarajan <gvara...@cisco.com>
  Greg Kroah-Hartman <gre...@linuxfoundation.org>
  Greg Ungerer <g...@linux-m68k.org>
  Gregory CLEMENT <gregory.clem...@bootlin.com>
  Grigor Tovmasyan <grigor.tovmas...@synopsys.com>
  Grigor Tovmasyan <tovma...@synopsys.com>
  Guenter Roeck <li...@roeck-us.net>
  Gustavo A. R. Silva <gust...@embeddedor.com>
  Hangbin Liu <liuhang...@gmail.com>
  Hans de Goede <hdego...@redhat.com>
  Heikki Krogerus <heikki.kroge...@linux.intel.com>
  Heiko Stuebner <he...@sntech.de>
  Helge Deller <del...@gmx.de>
  Hoan Tran <hoan.t...@amperecomputing.com>
  Ilya Dryomov <idryo...@gmail.com>
  Ingo Molnar <mi...@kernel.org>
  Inki Dae <inki....@samsung.com>
  Jaegeuk Kim <jaeg...@kernel.org>
  Jakub Kicinski <jakub.kicin...@netronome.com>
  James Morris <james.mor...@microsoft.com>
  Jann Horn <ja...@google.com>
  Janne Huttunen <janne.huttu...@nokia.com>
  Jason Gerecke <jason.gere...@wacom.com>
  Jason Gerecke <killert...@gmail.com>
  Jason Gunthorpe <j...@mellanox.com>
  Jay Hsu <shih-chieh....@mediatek.com>
  Jeff Kirsher <jeffrey.t.kirs...@intel.com>
  Jeff Mahoney <je...@suse.com>
  Jeff Moyer <jmo...@redhat.com>
  Jeffrin Jose T (Rajagiri SET) <ahiliat...@gmail.com>
  Jeffrin Jose T <ahiliat...@gmail.com>
  Jens Axboe <ax...@kernel.dk>
  Jeremy Cline <jcl...@redhat.com>
  Jiri Kosina <jkos...@suse.cz>
  Jiri Olsa <jo...@kernel.org>
  Johan Hovold <jo...@kernel.org>
  Johannes Berg <johannes.b...@intel.com>
  John Allen <jal...@linux.ibm.com>
  John Allen <jal...@linux.vnet.ibm.com>
  John David Anglin <dave.ang...@bell.net>
  John Garry <john.ga...@huawei.com>
  Jon Hunter <jonath...@nvidia.com>
  Jonathan Cameron <jonathan.came...@huawei.com>
  Josh Poimboeuf <jpoim...@redhat.com>
  Juergen Gross <jgr...@suse.com>
  Kalle Valo <kv...@codeaurora.org>
  Kamal Heib <kamalhe...@gmail.com>
  Keerthy <j-keer...@ti.com>
  Kevin Hilman <khil...@baylibre.com>
  Kim Phillips <kim.phill...@arm.com>
  Laura Abbott <labb...@redhat.com>
  Lawrence Brakmo <bra...@fb.com>
  Leon Romanovsky <leo...@mellanox.com>
  Li RongQing <lirongq...@baidu.com>
  Linus Lüssing <linus.luess...@c0d3.blue>
  Linus Torvalds <torva...@linux-foundation.org>
  Linus Walleij <linus.wall...@linaro.org>
  Liviu Dudau <liviu.du...@arm.com>
  Lorenzo Pieralisi <lorenzo.pieral...@arm.com>
  Lubomir Rintel <lkund...@v3.sk>
  Lucas Stach <l.st...@pengutronix.de>
  Lukas Wunner <lu...@wunner.de>
  Maciej Purski <m.pur...@samsung.com>
  Madalin Bucur <madalin.bu...@nxp.com>
  Manish Rangankar <manish.rangan...@cavium.com>
  Manish Rangankar <manish.rangan...@qlogic.com>
  Marc Zyngier <marc.zyng...@arm.com>
  Marcelo Ricardo Leitner <marcelo.leit...@gmail.com>
  Marek Lindner <mareklind...@neomailbox.ch>
  Marek Szyprowski <m.szyprow...@samsung.com>
  Mark Rutland <mark.rutl...@arm.com>
  Martin Blumenstingl <martin.blumensti...@googlemail.com>
  Martin K. Petersen <martin.peter...@oracle.com>
  Masahiro Yamada <yamada.masah...@socionext.com>
  Mathias Nyman <mathias.ny...@linux.intel.com>
  Mathieu Malaterre <ma...@debian.org>
  Mathieu Poirier <mathieu.poir...@linaro.org>
  Matt Ranostay <matt.ranos...@konsulko.com>
  Matthijs van Duin <matthijsvand...@gmail.com>
  Mauricio Vasquez B <mauricio.vasq...@polito.it>
  Max Gurtuvoy <m...@mellanox.com>
  Michael Chan <michael.c...@broadcom.com>
  Michael Trimarchi <mich...@amarulasolutions.com>
  Michal Kalderon <michal.kalde...@cavium.com>
  Mika Westerberg <mika.westerb...@linux.intel.com>
  Mike Rapoport <r...@linux.vnet.ibm.com>
  Mikko Perttunen <mperttu...@nvidia.com>
  Minas Harutyunyan <hmi...@synopsys.com>
  Minas Harutyunyan <minas.harutyun...@synopsys.com>
  Minas Harutyunyan hmi...@synopsys.com>
  Myron Stowe <myron.st...@redhat.com>
  Nagaraj Annaiah <naga.anna...@gmail.com>
  Namhyung Kim <namhy...@kernel.org>
  Neal Cardwell <ncardw...@google.com>
  Neil Armstrong <narmstr...@baylibre.com>
  Neil Horman <nhor...@redhat.com>
  Nicholas Mc Guire <hof...@osadl.org>
  Nick Dyer <n...@shmanahar.org>
  Nishanth Menon <n...@ti.com>
  Or Gerlitz <ogerl...@mellanox.com>
  Pablo Neira Ayuso <pa...@netfilter.org>
  Paolo Bonzini <pbonz...@redhat.com>
  Paul Cercueil <p...@crapouillou.net>
  Paul Menzel <pmenzel+linux-hw...@molgen.mpg.de>
  Paul Moore <p...@paul-moore.com>
  Peng Hao <peng.h...@zte.com.cn>
  Peter Zijlstra <pet...@infradead.org>
  Qu Wenruo <w...@suse.com>
  Rafael J. Wysocki <rafael.j.wyso...@intel.com>
  Randy Dunlap <rdun...@infradead.org>
  Ravi Bangoria <ravi.bango...@linux.ibm.com>
  Ray Jui <ray....@broadcom.com>
  Rob Herring <r...@kernel.org>
  Robert Jarzmik <robert.jarz...@free.fr>
  Robin H. Johnson <robb...@gentoo.org>
  Roland Dreier <rol...@purestorage.com>
  Russell King <rmk+ker...@armlinux.org.uk>
  Ryan Hsu <ryan...@codeaurora.org>
  Sagi Grimberg <s...@grimberg.me>
  Sam Protsenko <semen.protse...@linaro.org>
  Sandipan Das <sandi...@linux.ibm.com>
  Sasha Levin <alexander.le...@microsoft.com>
  Saurav Kashyap <saurav.kash...@cavium.com>
  Scott Bauer <scott.ba...@intel.com>
  Scott Branden <scott.bran...@broadcom.com>
  Sekhar Nori <nsek...@ti.com>
  Sergei Shtylyov <sergei.shtyl...@cogentembedded.com>
  Shaohua Li <s...@fb.com>
  Shawn Guo <shawn...@kernel.org>
  Shuah Khan (Samsung OSG) <sh...@kernel.org>
  Simon Wunderlich <s...@simonwunderlich.de>
  Srinivas Kandagatla <srinivas.kandaga...@linaro.org>
  Stafford Horne <sho...@gmail.com>
  Stefan Agner <ste...@agner.ch>
  Stefan Schmidt <ste...@datenfreihafen.org>
  Stefan Wahren <stefan.wah...@i2se.com>
  Steffen Klassert <steffen.klass...@secunet.com>
  Stephen Hemminger <step...@networkplumber.org>
  Stephen Hemminger <sthem...@microsoft.com>
  Steven Rostedt (VMware) <rost...@goodmis.org>
  Sudarsana Reddy Kalluru <sudarsana.kall...@cavium.com>
  Sudip Mukherjee <sudipm.mukher...@gmail.com>
  Suzuki K Poulose <suzuki.poul...@arm.com>
  Sven Eckelmann <s...@narfation.org>
  Taeung Song <treeze.tae...@gmail.com>
  Takashi Iwai <ti...@suse.de>
  Tejun Heo <t...@kernel.org>
  Theodore Ts'o <ty...@mit.edu>
  Thierry Reding <tred...@nvidia.com>
  Thomas Gleixner <t...@linutronix.de>
  Thomas Richter <tmri...@linux.ibm.com>
  Timur Kristóf <timur.kris...@gmail.com>
  Tomasz Duszynski <tdusz...@gmail.com>
  Tony Lindgren <t...@atomide.com>
  Trond Myklebust <trond.mykleb...@hammerspace.com>
  Ursula Braun <ubr...@linux.ibm.com>
  Uwe Kleine-König <u.kleine-koe...@pengutronix.de>
  Vijay Immanuel <vij...@attalasystems.com>
  Vikas Gupta <vikas.gu...@broadcom.com>
  Vincent Pelletier <plr.vinc...@gmail.com>
  Vineet Gupta <vgu...@synopsys.com>
  Vinod Koul <vk...@kernel.org>
  Viresh Kumar <viresh.ku...@linaro.org>
  Vladimir Zapolskiy <vladimir_zapols...@mentor.com>
  Wei Yongjun <weiyongj...@huawei.com>
  Will Deacon <will.dea...@arm.com>
  Willem de Bruijn <will...@google.com>
  William Wu <william...@rock-chips.com>
  Wolfram Sang <w...@the-dreams.de>
  Yan, Zheng <z...@redhat.com>
  Yonghong Song <y...@fb.com>
  Yuchung Cheng <ych...@google.com>
  Yuiko Oshino <yuiko.osh...@microchip.com>
  Zeng Tao <prime.z...@hisilicon.com>
  Zhen Lei <thunder.leiz...@huawei.com>
  Zhenyu Wang <zhen...@linux.intel.com>
  Zhenzhong Duan <zhenzhong.d...@oracle.com>
  Zhizhou Zhang <zhizhouzh...@asrmicro.com>
  Zhouyang Jia <jiazhouyan...@gmail.com>

jobs:
 build-amd64-xsm                                              pass    
 build-i386-xsm                                               pass    
 build-amd64                                                  pass    
 build-armhf                                                  pass    
 build-i386                                                   pass    
 build-amd64-libvirt                                          pass    
 build-armhf-libvirt                                          pass    
 build-i386-libvirt                                           pass    
 build-amd64-pvops                                            pass    
 build-armhf-pvops                                            pass    
 build-i386-pvops                                             pass    
 build-amd64-rumprun                                          pass    
 build-i386-rumprun                                           pass    
 test-amd64-amd64-xl                                          pass    
 test-armhf-armhf-xl                                          pass    
 test-amd64-i386-xl                                           pass    
 test-amd64-amd64-xl-qemut-debianhvm-amd64-xsm                pass    
 test-amd64-i386-xl-qemut-debianhvm-amd64-xsm                 pass    
 test-amd64-amd64-libvirt-qemuu-debianhvm-amd64-xsm           pass    
 test-amd64-i386-libvirt-qemuu-debianhvm-amd64-xsm            pass    
 test-amd64-amd64-xl-qemuu-debianhvm-amd64-xsm                pass    
 test-amd64-i386-xl-qemuu-debianhvm-amd64-xsm                 pass    
 test-amd64-amd64-xl-qemut-stubdom-debianhvm-amd64-xsm        pass    
 test-amd64-i386-xl-qemut-stubdom-debianhvm-amd64-xsm         pass    
 test-amd64-amd64-libvirt-xsm                                 pass    
 test-amd64-i386-libvirt-xsm                                  pass    
 test-amd64-amd64-xl-xsm                                      pass    
 test-amd64-i386-xl-xsm                                       pass    
 test-amd64-amd64-qemuu-nested-amd                            fail    
 test-amd64-amd64-xl-pvhv2-amd                                pass    
 test-amd64-i386-qemut-rhel6hvm-amd                           pass    
 test-amd64-i386-qemuu-rhel6hvm-amd                           pass    
 test-amd64-amd64-xl-qemut-debianhvm-amd64                    pass    
 test-amd64-i386-xl-qemut-debianhvm-amd64                     fail    
 test-amd64-amd64-xl-qemuu-debianhvm-amd64                    pass    
 test-amd64-i386-xl-qemuu-debianhvm-amd64                     pass    
 test-amd64-i386-freebsd10-amd64                              pass    
 test-amd64-amd64-xl-qemuu-ovmf-amd64                         pass    
 test-amd64-i386-xl-qemuu-ovmf-amd64                          pass    
 test-amd64-amd64-rumprun-amd64                               pass    
 test-amd64-amd64-xl-qemut-win7-amd64                         fail    
 test-amd64-i386-xl-qemut-win7-amd64                          fail    
 test-amd64-amd64-xl-qemuu-win7-amd64                         fail    
 test-amd64-i386-xl-qemuu-win7-amd64                          fail    
 test-amd64-amd64-xl-qemut-ws16-amd64                         fail    
 test-amd64-i386-xl-qemut-ws16-amd64                          fail    
 test-amd64-amd64-xl-qemuu-ws16-amd64                         fail    
 test-amd64-i386-xl-qemuu-ws16-amd64                          fail    
 test-armhf-armhf-xl-arndale                                  pass    
 test-amd64-amd64-xl-credit2                                  pass    
 test-armhf-armhf-xl-credit2                                  pass    
 test-armhf-armhf-xl-cubietruck                               pass    
 test-amd64-amd64-xl-qemuu-dmrestrict-amd64-dmrestrict        pass    
 test-amd64-i386-xl-qemuu-dmrestrict-amd64-dmrestrict         pass    
 test-amd64-amd64-examine                                     pass    
 test-armhf-armhf-examine                                     pass    
 test-amd64-i386-examine                                      pass    
 test-amd64-i386-freebsd10-i386                               pass    
 test-amd64-i386-rumprun-i386                                 pass    
 test-amd64-amd64-xl-qemut-win10-i386                         fail    
 test-amd64-i386-xl-qemut-win10-i386                          fail    
 test-amd64-amd64-xl-qemuu-win10-i386                         fail    
 test-amd64-i386-xl-qemuu-win10-i386                          fail    
 test-amd64-amd64-qemuu-nested-intel                          pass    
 test-amd64-amd64-xl-pvhv2-intel                              pass    
 test-amd64-i386-qemut-rhel6hvm-intel                         pass    
 test-amd64-i386-qemuu-rhel6hvm-intel                         pass    
 test-amd64-amd64-libvirt                                     pass    
 test-armhf-armhf-libvirt                                     pass    
 test-amd64-i386-libvirt                                      pass    
 test-amd64-amd64-xl-multivcpu                                pass    
 test-armhf-armhf-xl-multivcpu                                pass    
 test-amd64-amd64-pair                                        pass    
 test-amd64-i386-pair                                         pass    
 test-amd64-amd64-libvirt-pair                                pass    
 test-amd64-i386-libvirt-pair                                 pass    
 test-amd64-amd64-amd64-pvgrub                                pass    
 test-amd64-amd64-i386-pvgrub                                 pass    
 test-amd64-amd64-xl-pvshim                                   pass    
 test-amd64-i386-xl-pvshim                                    fail    
 test-amd64-amd64-pygrub                                      pass    
 test-amd64-amd64-xl-qcow2                                    pass    
 test-armhf-armhf-libvirt-raw                                 pass    
 test-amd64-i386-xl-raw                                       pass    
 test-amd64-amd64-xl-rtds                                     pass    
 test-armhf-armhf-xl-rtds                                     pass    
 test-amd64-amd64-xl-qemuu-debianhvm-amd64-shadow             pass    
 test-amd64-i386-xl-qemuu-debianhvm-amd64-shadow              pass    
 test-amd64-amd64-xl-shadow                                   pass    
 test-amd64-i386-xl-shadow                                    pass    
 test-amd64-amd64-libvirt-vhd                                 pass    
 test-armhf-armhf-xl-vhd                                      pass    


------------------------------------------------------------
sg-report-flight on osstest.test-lab.xenproject.org
logs: /home/logs/logs
images: /home/logs/images

Logs, config files, etc. are available at
    http://logs.test-lab.xenproject.org/osstest/logs

Explanation of these reports, and of osstest in general, is at
    http://xenbits.xen.org/gitweb/?p=osstest.git;a=blob;f=README.email;hb=master
    http://xenbits.xen.org/gitweb/?p=osstest.git;a=blob;f=README;hb=master

Test harness code can be found at
    http://xenbits.xen.org/gitweb?p=osstest.git;a=summary


Not pushing.

(No revision log; it would be 5788 lines long.)

_______________________________________________
Xen-devel mailing list
Xen-devel@lists.xenproject.org
https://lists.xenproject.org/mailman/listinfo/xen-devel

Reply via email to