flight 126235 linux-4.14 real [real]
http://logs.test-lab.xenproject.org/osstest/logs/126235/

Failures :-/ but no regressions.

Tests which did not succeed, but are not blocking:
 test-amd64-i386-xl-pvshim    12 guest-start                  fail   never pass
 test-amd64-i386-libvirt-xsm  13 migrate-support-check        fail   never pass
 test-amd64-i386-libvirt      13 migrate-support-check        fail   never pass
 test-amd64-amd64-libvirt     13 migrate-support-check        fail   never pass
 test-amd64-amd64-libvirt-xsm 13 migrate-support-check        fail   never pass
 test-amd64-amd64-libvirt-qemuu-debianhvm-amd64-xsm 11 migrate-support-check 
fail never pass
 test-amd64-i386-libvirt-qemuu-debianhvm-amd64-xsm 11 migrate-support-check 
fail never pass
 test-amd64-amd64-qemuu-nested-amd 17 debian-hvm-install/l1/l2  fail never pass
 test-amd64-amd64-libvirt-vhd 12 migrate-support-check        fail   never pass
 test-armhf-armhf-xl-multivcpu 13 migrate-support-check        fail  never pass
 test-armhf-armhf-xl-multivcpu 14 saverestore-support-check    fail  never pass
 test-armhf-armhf-xl-credit2  13 migrate-support-check        fail   never pass
 test-armhf-armhf-xl-credit2  14 saverestore-support-check    fail   never pass
 test-armhf-armhf-xl-cubietruck 13 migrate-support-check        fail never pass
 test-armhf-armhf-xl-cubietruck 14 saverestore-support-check    fail never pass
 test-armhf-armhf-xl-rtds     13 migrate-support-check        fail   never pass
 test-armhf-armhf-xl-rtds     14 saverestore-support-check    fail   never pass
 test-armhf-armhf-libvirt     13 migrate-support-check        fail   never pass
 test-armhf-armhf-libvirt     14 saverestore-support-check    fail   never pass
 test-amd64-i386-xl-qemut-win7-amd64 17 guest-stop              fail never pass
 test-amd64-amd64-xl-qemuu-ws16-amd64 17 guest-stop             fail never pass
 test-amd64-amd64-xl-qemuu-win7-amd64 17 guest-stop             fail never pass
 test-amd64-i386-xl-qemuu-win7-amd64 17 guest-stop              fail never pass
 test-armhf-armhf-libvirt-raw 12 migrate-support-check        fail   never pass
 test-armhf-armhf-libvirt-raw 13 saverestore-support-check    fail   never pass
 test-amd64-amd64-xl-qemut-win7-amd64 17 guest-stop             fail never pass
 test-amd64-amd64-xl-qemut-ws16-amd64 17 guest-stop             fail never pass
 test-armhf-armhf-xl          13 migrate-support-check        fail   never pass
 test-armhf-armhf-xl          14 saverestore-support-check    fail   never pass
 test-armhf-armhf-xl-vhd      12 migrate-support-check        fail   never pass
 test-armhf-armhf-xl-vhd      13 saverestore-support-check    fail   never pass
 test-armhf-armhf-xl-arndale  13 migrate-support-check        fail   never pass
 test-armhf-armhf-xl-arndale  14 saverestore-support-check    fail   never pass
 test-amd64-i386-xl-qemuu-ws16-amd64 17 guest-stop              fail never pass
 test-amd64-i386-xl-qemut-ws16-amd64 17 guest-stop              fail never pass
 test-amd64-i386-xl-qemut-win10-i386 10 windows-install         fail never pass
 test-amd64-amd64-xl-qemut-win10-i386 10 windows-install        fail never pass
 test-amd64-amd64-xl-qemuu-win10-i386 10 windows-install        fail never pass
 test-amd64-i386-xl-qemuu-win10-i386 10 windows-install         fail never pass

version targeted for testing:
 linux                4cea13b66144903ae7310331b43e08f7b2d6aadb
baseline version:
 linux                1aa1166efaceef8972045b4aa25e6e0ab96d8a30

Last test of basis   125904  2018-08-14 12:54:15 Z    6 days
Failing since        125938  2018-08-16 02:43:17 Z    5 days    3 attempts
Testing same since   126235  2018-08-20 04:29:43 Z    1 days    1 attempts

------------------------------------------------------------
People who touched revisions under test:
  Abel Vesa <abelv...@linux.com>
  Al Viro <v...@zeniv.linux.org.uk>
  Alexander Syring <a...@asyring.de>
  Amit Pundir <amit.pun...@linaro.org>
  Andi Kleen <a...@linux.intel.com>
  Andrew Morton <a...@linux-foundation.org>
  Andrey Konovalov <andreyk...@google.com>
  Andrey Ryabinin <aryabi...@virtuozzo.com>
  Angelo Ruocco <angeloruocc...@gmail.com>
  Artem Bityutskiy <artem.bityuts...@intel.com>
  Bart Van Assche <bart.vanass...@wdc.com>
  Boris Brezillon <boris.brezil...@free-electrons.com>
  Borislav Petkov <b...@suse.de>
  Borislav Petkov <bpet...@suse.de>
  Chen-Yu Tsai <w...@csie.org>
  Chintan Pandya <cpan...@codeaurora.org>
  Chunfeng Yun <chunfeng....@mediatek.com>
  Dave Hansen <dave.han...@intel.com>
  David S. Miller <da...@davemloft.net>
  David Woodhouse <d...@amazon.co.uk>
  Don Brace <don.br...@microsemi.com>
  Eric Biggers <ebigg...@google.com>
  Fabio Estevam <fabio.este...@nxp.com>
  Greg Kroah-Hartman <gre...@linuxfoundation.org>
  Guenter Roeck <li...@roeck-us.net>
  Helge Deller <del...@gmx.de>
  Herbert Xu <herb...@gondor.apana.org.au>
  Himanshu Madhani <himanshu.madh...@cavium.com>
  Ingo Molnar <mi...@kernel.org>
  Isaac J. Manjarres <isa...@codeaurora.org>
  James Morse <james.mo...@arm.com>
  Jann Horn <ja...@google.com>
  Jean-François Têtu <jean-francois.t...@savoirfairelinux.com>
  Jens Axboe <ax...@kernel.dk>
  Jiri Kosina <jkos...@suse.cz>
  Johannes Thumshirn <jthumsh...@suse.de>
  John David Anglin <dave.ang...@bell.net>
  Josh Poimboeuf <jpoim...@redhat.com>
  Juergen Gross <jgr...@suse.com>
  Kees Cook <keesc...@chromium.org>
  Kishon Vijay Abraham I <kis...@ti.com>
  Konrad Rzeszutek Wilk <konrad.w...@oracle.com>
  Kuninori Morimoto <kuninori.morimoto...@renesas.com>
  Laurence Oberman <lober...@redhat.com>
  Lee Tibbert <lee.tibb...@gmail.com>
  Linus Torvalds <torva...@linux-foundation.org>
  Lukas Wunner <lu...@wunner.de>
  Marc-André Lureau <marcandre.lur...@redhat.com>
  Marcel Holtmann <mar...@holtmann.org>
  Mark Brown <broo...@kernel.org>
  Mark Salyzyn <saly...@android.com>
  Martin K. Petersen <martin.peter...@oracle.com>
  Masahiro Yamada <yamada.masah...@socionext.com>
  Masami Hiramatsu <mhira...@kernel.org>
  Maxime Ripard <maxime.rip...@free-electrons.com>
  Michael S. Tsirkin <m...@redhat.com>
  Michal Hocko <mho...@suse.com>
  Michal Hocko <mho...@suse.cz>
  Ming Lei <ming....@redhat.com>
  Mirko Montanari <mirkomontanar...@gmail.com>
  Nick Desaulniers <ndesaulni...@google.com>
  Nicolai Stange <nsta...@suse.de>
  Oleksandr Natalenko <oleksa...@natalenko.name>
  Oleksij Rempel <o.rem...@pengutronix.de>
  Paolo Bonzini <pbonz...@redhat.com>
  Paolo Valente <paolo.vale...@linaro.org>
  Pavankumar Kondeti <pkond...@codeaurora.org>
  Peter Zijlstra (Intel) <pet...@infradead.org>
  Peter Zijlstra <pet...@infradead.org>
  Pierre-Louis Bossart <pierre-louis.boss...@linux.intel.com>
  Prasad Sodagudi <psoda...@codeaurora.org>
  Quinn Tran <quinn.t...@cavium.com>
  Radim Krčmář <rkrc...@redhat.com>
  Rafael J. Wysocki <rafael.j.wyso...@intel.com>
  Randy Dunlap <rdun...@infradead.org>
  Ronald Tschalär <ron...@innovation.ch>
  Sean Christopherson <sean.j.christopher...@intel.com>
  Shawn Guo <shawn...@kernel.org>
  Sudip Mukherjee <sudipm.mukher...@gmail.com>
  Suravee Suthikulpanit <suravee.suthikulpa...@amd.com>
  Thierry Escande <thierry.esca...@collabora.com>
  Thomas Gleixner <t...@linutronix.de>
  Tim Chen <tim.c.c...@linux.intel.com>
  Tom Lendacky <thomas.lenda...@amd.com>
  Tony Luck <tony.l...@intel.com>
  Toshi Kani <toshi.k...@hpe.com>
  Tyler Baicar <tbai...@codeaurora.org>
  Vinod Koul <vinod.k...@intel.com>
  Vlastimil Babka <vba...@suse.cz>
  Wanpeng Li <wanpen...@tencent.com>

jobs:
 build-amd64-xsm                                              pass    
 build-i386-xsm                                               pass    
 build-amd64                                                  pass    
 build-armhf                                                  pass    
 build-i386                                                   pass    
 build-amd64-libvirt                                          pass    
 build-armhf-libvirt                                          pass    
 build-i386-libvirt                                           pass    
 build-amd64-pvops                                            pass    
 build-armhf-pvops                                            pass    
 build-i386-pvops                                             pass    
 build-amd64-rumprun                                          pass    
 build-i386-rumprun                                           pass    
 test-amd64-amd64-xl                                          pass    
 test-armhf-armhf-xl                                          pass    
 test-amd64-i386-xl                                           pass    
 test-amd64-amd64-xl-qemut-debianhvm-amd64-xsm                pass    
 test-amd64-i386-xl-qemut-debianhvm-amd64-xsm                 pass    
 test-amd64-amd64-libvirt-qemuu-debianhvm-amd64-xsm           pass    
 test-amd64-i386-libvirt-qemuu-debianhvm-amd64-xsm            pass    
 test-amd64-amd64-xl-qemuu-debianhvm-amd64-xsm                pass    
 test-amd64-i386-xl-qemuu-debianhvm-amd64-xsm                 pass    
 test-amd64-amd64-xl-qemut-stubdom-debianhvm-amd64-xsm        pass    
 test-amd64-i386-xl-qemut-stubdom-debianhvm-amd64-xsm         pass    
 test-amd64-amd64-libvirt-xsm                                 pass    
 test-amd64-i386-libvirt-xsm                                  pass    
 test-amd64-amd64-xl-xsm                                      pass    
 test-amd64-i386-xl-xsm                                       pass    
 test-amd64-amd64-qemuu-nested-amd                            fail    
 test-amd64-amd64-xl-pvhv2-amd                                pass    
 test-amd64-i386-qemut-rhel6hvm-amd                           pass    
 test-amd64-i386-qemuu-rhel6hvm-amd                           pass    
 test-amd64-amd64-xl-qemut-debianhvm-amd64                    pass    
 test-amd64-i386-xl-qemut-debianhvm-amd64                     pass    
 test-amd64-amd64-xl-qemuu-debianhvm-amd64                    pass    
 test-amd64-i386-xl-qemuu-debianhvm-amd64                     pass    
 test-amd64-i386-freebsd10-amd64                              pass    
 test-amd64-amd64-xl-qemuu-ovmf-amd64                         pass    
 test-amd64-i386-xl-qemuu-ovmf-amd64                          pass    
 test-amd64-amd64-rumprun-amd64                               pass    
 test-amd64-amd64-xl-qemut-win7-amd64                         fail    
 test-amd64-i386-xl-qemut-win7-amd64                          fail    
 test-amd64-amd64-xl-qemuu-win7-amd64                         fail    
 test-amd64-i386-xl-qemuu-win7-amd64                          fail    
 test-amd64-amd64-xl-qemut-ws16-amd64                         fail    
 test-amd64-i386-xl-qemut-ws16-amd64                          fail    
 test-amd64-amd64-xl-qemuu-ws16-amd64                         fail    
 test-amd64-i386-xl-qemuu-ws16-amd64                          fail    
 test-armhf-armhf-xl-arndale                                  pass    
 test-amd64-amd64-xl-credit2                                  pass    
 test-armhf-armhf-xl-credit2                                  pass    
 test-armhf-armhf-xl-cubietruck                               pass    
 test-amd64-amd64-xl-qemuu-dmrestrict-amd64-dmrestrict        pass    
 test-amd64-i386-xl-qemuu-dmrestrict-amd64-dmrestrict         pass    
 test-amd64-amd64-examine                                     pass    
 test-armhf-armhf-examine                                     pass    
 test-amd64-i386-examine                                      pass    
 test-amd64-i386-freebsd10-i386                               pass    
 test-amd64-i386-rumprun-i386                                 pass    
 test-amd64-amd64-xl-qemut-win10-i386                         fail    
 test-amd64-i386-xl-qemut-win10-i386                          fail    
 test-amd64-amd64-xl-qemuu-win10-i386                         fail    
 test-amd64-i386-xl-qemuu-win10-i386                          fail    
 test-amd64-amd64-qemuu-nested-intel                          pass    
 test-amd64-amd64-xl-pvhv2-intel                              pass    
 test-amd64-i386-qemut-rhel6hvm-intel                         pass    
 test-amd64-i386-qemuu-rhel6hvm-intel                         pass    
 test-amd64-amd64-libvirt                                     pass    
 test-armhf-armhf-libvirt                                     pass    
 test-amd64-i386-libvirt                                      pass    
 test-amd64-amd64-xl-multivcpu                                pass    
 test-armhf-armhf-xl-multivcpu                                pass    
 test-amd64-amd64-pair                                        pass    
 test-amd64-i386-pair                                         pass    
 test-amd64-amd64-libvirt-pair                                pass    
 test-amd64-i386-libvirt-pair                                 pass    
 test-amd64-amd64-amd64-pvgrub                                pass    
 test-amd64-amd64-i386-pvgrub                                 pass    
 test-amd64-amd64-xl-pvshim                                   pass    
 test-amd64-i386-xl-pvshim                                    fail    
 test-amd64-amd64-pygrub                                      pass    
 test-amd64-amd64-xl-qcow2                                    pass    
 test-armhf-armhf-libvirt-raw                                 pass    
 test-amd64-i386-xl-raw                                       pass    
 test-amd64-amd64-xl-rtds                                     pass    
 test-armhf-armhf-xl-rtds                                     pass    
 test-amd64-amd64-xl-qemuu-debianhvm-amd64-shadow             pass    
 test-amd64-i386-xl-qemuu-debianhvm-amd64-shadow              pass    
 test-amd64-amd64-xl-shadow                                   pass    
 test-amd64-i386-xl-shadow                                    pass    
 test-amd64-amd64-libvirt-vhd                                 pass    
 test-armhf-armhf-xl-vhd                                      pass    


------------------------------------------------------------
sg-report-flight on osstest.test-lab.xenproject.org
logs: /home/logs/logs
images: /home/logs/images

Logs, config files, etc. are available at
    http://logs.test-lab.xenproject.org/osstest/logs

Explanation of these reports, and of osstest in general, is at
    http://xenbits.xen.org/gitweb/?p=osstest.git;a=blob;f=README.email;hb=master
    http://xenbits.xen.org/gitweb/?p=osstest.git;a=blob;f=README;hb=master

Test harness code can be found at
    http://xenbits.xen.org/gitweb?p=osstest.git;a=summary


Pushing revision :

To xenbits.xen.org:/home/xen/git/linux-pvops.git
   1aa1166eface..4cea13b66144  4cea13b66144903ae7310331b43e08f7b2d6aadb -> 
tested/linux-4.14

_______________________________________________
Xen-devel mailing list
Xen-devel@lists.xenproject.org
https://lists.xenproject.org/mailman/listinfo/xen-devel

Reply via email to