flight 125754 freebsd-master real [real] http://logs.test-lab.xenproject.org/osstest/logs/125754/
Regressions :-( Tests which did not succeed and are blocking, including tests which could not be run: build-amd64-freebsd 7 freebsd-build fail REGR. vs. 125317 Tests which did not succeed, but are not blocking: build-amd64-freebsd-again 1 build-check(1) blocked n/a version targeted for testing: freebsd d2391fd58c49135f9f82508e62e00133d171674a baseline version: freebsd bf65d05707104df94117a293327d797d71a0118d Last test of basis 125317 2018-07-18 09:19:47 Z 16 days Failing since 125467 2018-07-20 09:19:59 Z 14 days 7 attempts Testing same since 125754 2018-08-03 09:18:56 Z 0 days 1 attempts ------------------------------------------------------------ People who touched revisions under test: 0mp <0...@freebsd.org> alc <a...@freebsd.org> allanjude <allanj...@freebsd.org> andrew <and...@freebsd.org> antoine <anto...@freebsd.org> araujo <ara...@freebsd.org> asomers <asom...@freebsd.org> avg <a...@freebsd.org> bapt <b...@freebsd.org> bde <b...@freebsd.org> br <b...@freebsd.org> brd <b...@freebsd.org> bwidawsk <bwida...@freebsd.org> bz <b...@freebsd.org> cem <c...@freebsd.org> cperciva <cperc...@freebsd.org> cy <c...@freebsd.org> dab <d...@freebsd.org> daichi <dai...@freebsd.org> davidcs <davi...@freebsd.org> delphij <delp...@freebsd.org> dim <d...@freebsd.org> eadler <ead...@freebsd.org> emaste <ema...@freebsd.org> eugen <eu...@freebsd.org> ganbold <ganb...@freebsd.org> gavin <ga...@freebsd.org> gjb <g...@freebsd.org> hselasky <hsela...@freebsd.org> ian <i...@freebsd.org> imp <i...@freebsd.org> jhb <j...@freebsd.org> jhibbits <jhibb...@freebsd.org> jhixson <jhix...@freebsd.org> kevans <kev...@freebsd.org> kib <k...@freebsd.org> leitao <lei...@freebsd.org> luporl <lup...@freebsd.org> lwhsu <lw...@freebsd.org> manu <m...@freebsd.org> marius <mar...@freebsd.org> markj <ma...@freebsd.org> Matthew Ahrens <mahr...@delphix.com> mav <m...@freebsd.org> mm <m...@freebsd.org> mmacy <mm...@freebsd.org> mmel <m...@freebsd.org> np <n...@freebsd.org> obrien <obr...@freebsd.org> oshogbo <osho...@freebsd.org> pfg <p...@freebsd.org> pkelsey <pkel...@freebsd.org> pstef <ps...@freebsd.org> rmacklem <rmack...@freebsd.org> royger <roy...@freebsd.org> rpokala <rpok...@freebsd.org> rrs <r...@freebsd.org> sef <s...@freebsd.org> shurd <sh...@freebsd.org> sjg <s...@freebsd.org> trasz <tr...@freebsd.org> truckman <truck...@freebsd.org> tsoome <tso...@freebsd.org> tuexen <tue...@freebsd.org> uqs <u...@freebsd.org> will <w...@freebsd.org> woodsb02 <woods...@freebsd.org> wulf <w...@freebsd.org> zleslie <zles...@freebsd.org> jobs: build-amd64-freebsd-again blocked build-amd64-freebsd fail ------------------------------------------------------------ sg-report-flight on osstest.test-lab.xenproject.org logs: /home/logs/logs images: /home/logs/images Logs, config files, etc. are available at http://logs.test-lab.xenproject.org/osstest/logs Explanation of these reports, and of osstest in general, is at http://xenbits.xen.org/gitweb/?p=osstest.git;a=blob;f=README.email;hb=master http://xenbits.xen.org/gitweb/?p=osstest.git;a=blob;f=README;hb=master Test harness code can be found at http://xenbits.xen.org/gitweb?p=osstest.git;a=summary Not pushing. (No revision log; it would be 6598 lines long.) _______________________________________________ Xen-devel mailing list Xen-devel@lists.xenproject.org https://lists.xenproject.org/mailman/listinfo/xen-devel