flight 124907 linux-4.14 real [real] http://logs.test-lab.xenproject.org/osstest/logs/124907/
Regressions :-( Tests which did not succeed and are blocking, including tests which could not be run: build-i386-libvirt 6 libvirt-build fail REGR. vs. 124389 Tests which did not succeed, but are not blocking: test-amd64-i386-libvirt-pair 1 build-check(1) blocked n/a test-amd64-i386-libvirt 1 build-check(1) blocked n/a test-amd64-i386-libvirt-qemuu-debianhvm-amd64-xsm 1 build-check(1) blocked n/a test-amd64-i386-libvirt-xsm 1 build-check(1) blocked n/a test-amd64-amd64-xl-qemuu-dmrestrict-amd64-dmrestrict 10 debian-hvm-install fail never pass test-amd64-i386-xl-qemuu-dmrestrict-amd64-dmrestrict 10 debian-hvm-install fail never pass test-amd64-amd64-libvirt 13 migrate-support-check fail never pass test-amd64-i386-xl-pvshim 12 guest-start fail never pass test-arm64-arm64-xl-xsm 13 migrate-support-check fail never pass test-arm64-arm64-xl-xsm 14 saverestore-support-check fail never pass test-arm64-arm64-libvirt-xsm 13 migrate-support-check fail never pass test-arm64-arm64-libvirt-xsm 14 saverestore-support-check fail never pass test-arm64-arm64-xl-credit2 13 migrate-support-check fail never pass test-arm64-arm64-xl-credit2 14 saverestore-support-check fail never pass test-amd64-amd64-libvirt-xsm 13 migrate-support-check fail never pass test-amd64-amd64-libvirt-qemuu-debianhvm-amd64-xsm 11 migrate-support-check fail never pass test-arm64-arm64-xl 13 migrate-support-check fail never pass test-arm64-arm64-xl 14 saverestore-support-check fail never pass test-armhf-armhf-xl 13 migrate-support-check fail never pass test-armhf-armhf-xl 14 saverestore-support-check fail never pass test-armhf-armhf-xl-arndale 13 migrate-support-check fail never pass test-armhf-armhf-xl-arndale 14 saverestore-support-check fail never pass test-amd64-amd64-qemuu-nested-amd 17 debian-hvm-install/l1/l2 fail never pass test-amd64-amd64-libvirt-vhd 12 migrate-support-check fail never pass test-amd64-i386-xl-qemut-win7-amd64 17 guest-stop fail never pass test-armhf-armhf-xl-xsm 13 migrate-support-check fail never pass test-armhf-armhf-xl-xsm 14 saverestore-support-check fail never pass test-armhf-armhf-libvirt-xsm 13 migrate-support-check fail never pass test-armhf-armhf-libvirt-xsm 14 saverestore-support-check fail never pass test-armhf-armhf-xl-credit2 13 migrate-support-check fail never pass test-armhf-armhf-xl-credit2 14 saverestore-support-check fail never pass test-armhf-armhf-xl-multivcpu 13 migrate-support-check fail never pass test-armhf-armhf-xl-multivcpu 14 saverestore-support-check fail never pass test-armhf-armhf-xl-cubietruck 13 migrate-support-check fail never pass test-armhf-armhf-xl-cubietruck 14 saverestore-support-check fail never pass test-armhf-armhf-xl-rtds 13 migrate-support-check fail never pass test-armhf-armhf-xl-rtds 14 saverestore-support-check fail never pass test-armhf-armhf-libvirt 13 migrate-support-check fail never pass test-armhf-armhf-libvirt 14 saverestore-support-check fail never pass test-amd64-amd64-xl-qemuu-ws16-amd64 17 guest-stop fail never pass test-amd64-amd64-xl-qemuu-win7-amd64 17 guest-stop fail never pass test-amd64-i386-xl-qemuu-win7-amd64 17 guest-stop fail never pass test-amd64-amd64-xl-qemut-win7-amd64 17 guest-stop fail never pass test-armhf-armhf-xl-vhd 12 migrate-support-check fail never pass test-armhf-armhf-xl-vhd 13 saverestore-support-check fail never pass test-amd64-i386-xl-qemuu-ws16-amd64 17 guest-stop fail never pass test-amd64-amd64-xl-qemut-ws16-amd64 17 guest-stop fail never pass test-armhf-armhf-libvirt-raw 12 migrate-support-check fail never pass test-armhf-armhf-libvirt-raw 13 saverestore-support-check fail never pass test-amd64-i386-xl-qemut-ws16-amd64 17 guest-stop fail never pass test-amd64-i386-xl-qemut-win10-i386 10 windows-install fail never pass test-amd64-amd64-xl-qemut-win10-i386 10 windows-install fail never pass test-amd64-amd64-xl-qemuu-win10-i386 10 windows-install fail never pass test-amd64-i386-xl-qemuu-win10-i386 10 windows-install fail never pass version targeted for testing: linux a26899e0baa4de07caf97f5e4d7298240e98fd0e baseline version: linux cda6fd4d9382205bb792255cd56a91062d404bc0 Last test of basis 124389 2018-06-19 04:33:40 Z 14 days Failing since 124456 2018-06-20 19:09:25 Z 13 days 8 attempts Testing same since 124744 2018-06-26 17:09:35 Z 7 days 4 attempts ------------------------------------------------------------ People who touched revisions under test: "Huang, Ying" <ying.hu...@intel.com> "Richard W.M. Jones" <rjo...@redhat.com> Adam Ford <aford...@gmail.com> Alexei Starovoitov <a...@kernel.org> Alexey Dobriyan <adobri...@gmail.com> Amir Goldstein <amir7...@gmail.com> Andres Rodriguez <andres.rodrig...@amd.com> Andrew Bowers <andrewx.bow...@intel.com> Andrew Morton <a...@linux-foundation.org> Andy Lutomirski <l...@kernel.org> Anna Schumaker <anna.schuma...@netapp.com> Anson Huang <anson.hu...@nxp.com> Ard Biesheuvel <ard.biesheu...@linaro.org> Arnaldo Carvalho de Melo <a...@redhat.com> Arnd Bergmann <a...@arndb.de> Arvind Yadav <arvind.yadav...@gmail.com> Ashish Samant <ashish.sam...@oracle.com> Balbir Singh <bsinghar...@gmail.com> Baolin Wang <baolin.w...@linaro.org> Ben Hutchings <ben.hutchi...@codethink.co.uk> Ben Hutchings <b...@decadent.org.uk> Benson Leung <ble...@chromium.org> Bhadram Varka <vbhad...@nvidia.com> Bin Liu <b-...@ti.com> Bjorn Andersson <bjorn.anders...@linaro.org> Bjørn Mork <bj...@mork.no> Bo Chen <che...@pdx.edu> Boris Brezillon <boris.brezil...@bootlin.com> Boris Ostrovsky <boris.ostrov...@oracle.com> Borislav Petkov <b...@suse.de> Catalin Marinas <catalin.mari...@arm.com> Changbin Du <changbin...@intel.com> Chen Yu <yu.c.c...@intel.com> Chengguang Xu <cgxu...@gmx.com> Chris Leech <cle...@redhat.com> Christoffer Dall <christoffer.d...@arm.com> Christophe JAILLET <christophe.jail...@wanadoo.fr> Clément Péron <peron.c...@gmail.com> Colin Ian King <colin.k...@canonical.com> Cong Wang <xiyou.wangc...@gmail.com> Dag Moxnes <dag.mox...@oracle.com> Dan Carpenter <dan.carpen...@oracle.com> Daniel Borkmann <dan...@iogearbox.net> Daniel Glöckner <d...@emlix.com> Daniel Lezcano <daniel.lezc...@linaro.org> Daniel Vetter <daniel.vet...@ffwll.ch> dann frazier <dann.fraz...@canonical.com> Dave Airlie <airl...@redhat.com> Dave Anderson <ander...@redhat.com> Dave Hansen <dave.han...@linux.intel.com> Dave Watson <davejwat...@fb.com> Dave Young <dyo...@redhat.com> David Ahern <dsah...@gmail.com> David Gilhooley <dgilhoo...@nvidia.com> David Howells <dhowe...@redhat.com> David S. Miller <da...@davemloft.net> David Sterba <dste...@suse.com> Davide Caratti <dcara...@redhat.com> Dennis Dalessandro <dennis.dalessan...@intel.com> Dennis Wassenberg <dennis.wassenb...@secunet.com> Dexuan Cui <de...@microsoft.com> Dmitry Torokhov <dmitry.torok...@gmail.com> Doug Ledford <dledf...@redhat.com> Emil Tantilov <emil.s.tanti...@intel.com> Emil Velikov <emil.veli...@collabora.com> Eric Dumazet <eduma...@google.com> Etienne Carriere <etienne.carri...@linaro.org> Evan Wang <xsw...@marvell.com> Even Xu <even...@intel.com> Evgeniy Polyakov <z...@ioremap.net> Ezequiel Garcia <ezequ...@collabora.com> Felix Kuehling <felix.kuehl...@amd.com> Florian Fainelli <f.faine...@gmail.com> Frank van der Linden <fllin...@amazon.com> Geert Uytterhoeven <geert+rene...@glider.be> Geert Uytterhoeven <ge...@linux-m68k.org> Greg Kroah-Hartman <gre...@linuxfoundation.org> Greg Thelen <gthe...@google.com> Guenter Roeck <li...@roeck-us.net> Hans de Goede <hdego...@redhat.com> Heikki Krogerus <heikki.kroge...@linux.intel.com> Helge Deller <del...@gmx.de> hu huajun <huhua...@linux.alibaba.com> Huang Ying <ying.hu...@intel.com> Hui Wang <hui.w...@canonical.com> Håkon Bugge <haakon.bu...@oracle.com> Igor Russkikh <igor.russk...@aquantia.com> Ilan Peer <ilan.p...@intel.com> Ingo Molnar <mi...@kernel.org> Jacek Tomaka <jacek.tom...@poczta.fm> jacek.tom...@poczta.fm <jacek.tom...@poczta.fm> Jacopo Mondi <jacopo+rene...@jmondi.org> Jakob Unterwurzacher <jakob.unterwurzac...@theobroma-systems.com> Jakub Kicinski <jakub.kicin...@netronome.com> James Hogan <jho...@kernel.org> Jan Kara <j...@suse.cz> Janusz Krzysztofik <jmkrzy...@gmail.com> Jason Gerecke <jason.gere...@wacom.com> Jason Gerecke <killert...@gmail.com> Jeff Kirsher <jeffrey.t.kirs...@intel.com> Jeffrey Hugo <jh...@codeaurora.org> Jens Axboe <ax...@kernel.dk> Jens Wiklander <jens.wiklan...@linaro.org> Jerome Brunet <jbru...@baylibre.com> Jianchao Wang <jianchao.w.w...@oracle.com> Jiang Biao <jiang.bi...@zte.com.cn> Jim Gill <jg...@vmware.com> Jingju Hou <jingju....@synaptics.com> Jiri Kosina <jkos...@suse.cz> Jisheng Zhang <jisheng.zh...@synaptics.com> Joerg Roedel <jroe...@suse.de> Johannes Berg <johannes.b...@intel.com> Johannes Weiner <han...@cmpxchg.org> John Fastabend <john.fastab...@gmail.com> Jon Maloy <jon.ma...@ericsson.com> Josef Bacik <jba...@fb.com> Julian Anastasov <j...@ssi.bg> Jun Piao <piao...@huawei.com> Kan Liang <kan.li...@linux.intel.com> Kees Cook <keesc...@chromium.org> Keith Busch <keith.bu...@intel.com> Kevin Wangtao <kevin.wang...@hisilicon.com> Kim Phillips <kim.phill...@arm.com> Krish Sadhukhan <krish.sadhuk...@oracle.com> Laura Abbott <labb...@redhat.com> Leon Romanovsky <leo...@mellanox.com> Liam Girdwood <liam.r.girdw...@linux.intel.com> Linus Torvalds <torva...@linux-foundation.org> Liu Bo <bo.li....@oracle.com> Loic Poulain <loic.poul...@linaro.org> Long Li <lon...@microsoft.com> Lorenzo Pieralisi <lorenzo.pieral...@arm.com> Luca Coelho <luciano.coe...@intel.com> Lukas Czerner <lczer...@redhat.com> Lukasz Majewski <lu...@denx.de> Marc Kleine-Budde <m...@pengutronix.de> Marc Zyngier <marc.zyng...@arm.com> Marian Rotariu <mrota...@bitdefender.com> Mark Brown <broo...@kernel.org> Mark Rutland <mark.rutl...@arm.com> Mark Syms <mark.s...@citrix.com> Martin Brandenburg <mar...@omnibond.com> Martin K. Petersen <martin.peter...@oracle.com> Martin KaFai Lau <ka...@fb.com> Martin Schwidefsky <schwidef...@de.ibm.com> Masami Hiramatsu <mhira...@kernel.org> Matan Barak <mat...@mellanox.com> Matheus Castello <math...@castello.eng.br> Mathieu Malaterre <ma...@debian.org> Matt Fleming <m...@codeblueprint.co.uk> Matt Redfearn <matt.redfe...@mips.com> Mel Gorman <mgor...@techsingularity.net> Michael Ellerman <m...@ellerman.id.au> Michael J. Ruhl <michael.j.r...@intel.com> Michael S. Tsirkin <m...@redhat.com> Michal Kalderon <michal.kalde...@cavium.com> Mika Westerberg <mika.westerb...@linux.intel.com> Mike Marshall <hub...@omnibond.com> Minchan Kim <minc...@kernel.org> Ming Lei <ming....@redhat.com> Neal Cardwell <ncardw...@google.com> Nick Dyer <nick.d...@shmanahar.org> Nick Dyer <n...@shmanahar.org> Oded Gabbay <oded.gab...@gmail.com> Oder Chiou <oder_ch...@realtek.com> oder_ch...@realtek.com <oder_ch...@realtek.com> Oleg Nesterov <o...@redhat.com> Olof Johansson <o...@lixom.net> Omar Sandoval <osan...@fb.com> Pablo Neira Ayuso <pa...@netfilter.org> Paolo Abeni <pab...@redhat.com> Paolo Bonzini <pbonz...@redhat.com> Parav Pandit <pa...@mellanox.com> Paulo Alcantara <palcant...@suse.de> Peter De Wachter <pdewa...@gmail.com> Peter Ganzhorn <peter.ganzh...@gmail.com> Peter Rosin <p...@axentia.se> Peter Zijlstra (Intel) <pet...@infradead.org> Peter Zijlstra <pet...@infradead.org> pgzh <peter.ganzh...@gmail.com> Qu Wenruo <w...@suse.com> Rafael J. Wysocki <rafael.j.wyso...@intel.com> Ramon Fried <rfr...@codeaurora.org> Randy Wright <rwri...@hpe.com> Rich Felker <dal...@libc.org> Richard Kuo <r...@codeaurora.org> Rob Clark <robdcl...@gmail.com> Rob Herring <r...@kernel.org> Roman Mashak <m...@mojatatu.com> Roman Pen <roman.peny...@profitbricks.com> Roopa Prabhu <ro...@cumulusnetworks.com> Russell King <rmk+ker...@armlinux.org.uk> Santosh Shilimkar <santosh.shilim...@oracle.com> Santosh Shilimkar <ssant...@kernel.org> Sara Sharon <sara.sha...@intel.com> Sasha Levin <alexander.le...@microsoft.com> Sean Paul <seanp...@chromium.org> Sebastian Reichel <sebastian.reic...@collabora.co.uk> Sebastian Sanchez <sebastian.sanc...@intel.com> Sekhar Nori <nsek...@ti.com> Shirish Pargaonkar <shirishpargaon...@gmail.com> Shivasharan S <shivasharan.srikanteshw...@broadcom.com> Simon Gaiser <si...@invisiblethingslab.com> Sinan Kaya <ok...@codeaurora.org> Soheil Hassas Yeganeh <soh...@google.com> Srinivas Kandagatla <srinivas.kandaga...@linaro.org> Srinivas Pandruvada <srinivas.pandruv...@linux.intel.com> Stefan Agner <ste...@agner.ch> Stefan Potyra <stefan.pot...@elektrobit.com> Stefan Raspl <ra...@linux.ibm.com> Stefan Raspl <stefan.ra...@linux.ibm.com> Stephen Boyd <sb...@kernel.org> Steve French <smfre...@gmail.com> Steve French <stfre...@microsoft.com> Steven Rostedt (VMware) <rost...@goodmis.org> Su Yue <suy.f...@cn.fujitsu.com> Sudarsana Kalluru <sudarsana.kall...@cavium.com> sxauwsk <sxau...@163.com> Taehee Yoo <ap420...@gmail.com> Takashi Iwai <ti...@suse.de> Tao Wang <kevin.wang...@hisilicon.com> Tejun Heo <t...@kernel.org> Tero Kristo <t-kri...@ti.com> Tetsuo Handa <penguin-ker...@i-love.sakura.ne.jp> Thadeu Lima de Souza Cascardo <casca...@canonical.com> Theodore Ts'o <ty...@mit.edu> Thierry Reding <tred...@nvidia.com> Thomas Gleixner <t...@linutronix.de> Tobias Jordan <tobias.jor...@elektrobit.com> Tobias Regnery <tobias.regn...@gmail.com> Tom Zanussi <tom.zanu...@linux.intel.com> Tomi Valkeinen <tomi.valkei...@ti.com> Tonny Lu <tonn...@tencent.com> Tony Lindgren <t...@atomide.com> Tony Luck <tony.l...@intel.com> Trond Myklebust <trond.mykleb...@primarydata.com> Tung Nguyen <tung.q.ngu...@dektech.com.au> Tyler Hicks <tyhi...@canonical.com> Ursula Braun <ubr...@linux.ibm.com>< van der Linden, Frank <fllin...@amazon.com> Vinson Lee <v...@freedesktop.org> Viresh Kumar <viresh.ku...@linaro.org> Vladimir Zapolskiy <vladimir_zapols...@mentor.com> Vlastimil Babka <vba...@suse.cz> Waiman Long <long...@redhat.com> Wanpeng Li <wanpen...@tencent.com> Wei Wang <wei...@google.com> Wen Yang <wen.yan...@zte.com.cn> Will Deacon <will.dea...@arm.com> Willem de Bruijn <will...@google.com> Wolfram Sang <w...@the-dreams.de> Xiangning Yu <yuxiangn...@gmail.com> Xiaowei Song <songxiao...@hisilicon.com> Yan Wang <yan.w...@linux.intel.com> Ying Xue <ying....@windriver.com> Zhang Rui <rui.zh...@intel.com> Zhouyang Jia <jiazhouyan...@gmail.com> Zhu Yanjun <yanjun....@oracle.com> Łukasz Stelmach <l.stelm...@samsung.com> jobs: build-amd64-xsm pass build-arm64-xsm pass build-armhf-xsm pass build-i386-xsm pass build-amd64 pass build-arm64 pass build-armhf pass build-i386 pass build-amd64-libvirt pass build-arm64-libvirt pass build-armhf-libvirt pass build-i386-libvirt fail build-amd64-pvops pass build-arm64-pvops pass build-armhf-pvops pass build-i386-pvops pass build-amd64-rumprun pass build-i386-rumprun pass test-amd64-amd64-xl pass test-arm64-arm64-xl pass test-armhf-armhf-xl pass test-amd64-i386-xl pass test-amd64-amd64-xl-qemut-debianhvm-amd64-xsm pass test-amd64-i386-xl-qemut-debianhvm-amd64-xsm pass test-amd64-amd64-libvirt-qemuu-debianhvm-amd64-xsm pass test-amd64-i386-libvirt-qemuu-debianhvm-amd64-xsm blocked test-amd64-amd64-xl-qemuu-debianhvm-amd64-xsm pass test-amd64-i386-xl-qemuu-debianhvm-amd64-xsm pass test-amd64-amd64-xl-qemut-stubdom-debianhvm-amd64-xsm pass test-amd64-i386-xl-qemut-stubdom-debianhvm-amd64-xsm pass test-amd64-amd64-libvirt-xsm pass test-arm64-arm64-libvirt-xsm pass test-armhf-armhf-libvirt-xsm pass test-amd64-i386-libvirt-xsm blocked test-amd64-amd64-xl-xsm pass test-arm64-arm64-xl-xsm pass test-armhf-armhf-xl-xsm pass test-amd64-i386-xl-xsm pass test-amd64-amd64-qemuu-nested-amd fail test-amd64-amd64-xl-pvhv2-amd pass test-amd64-i386-qemut-rhel6hvm-amd pass test-amd64-i386-qemuu-rhel6hvm-amd pass test-amd64-amd64-xl-qemut-debianhvm-amd64 pass test-amd64-i386-xl-qemut-debianhvm-amd64 pass test-amd64-amd64-xl-qemuu-debianhvm-amd64 pass test-amd64-i386-xl-qemuu-debianhvm-amd64 pass test-amd64-i386-freebsd10-amd64 pass test-amd64-amd64-xl-qemuu-ovmf-amd64 pass test-amd64-i386-xl-qemuu-ovmf-amd64 pass test-amd64-amd64-rumprun-amd64 pass test-amd64-amd64-xl-qemut-win7-amd64 fail test-amd64-i386-xl-qemut-win7-amd64 fail test-amd64-amd64-xl-qemuu-win7-amd64 fail test-amd64-i386-xl-qemuu-win7-amd64 fail test-amd64-amd64-xl-qemut-ws16-amd64 fail test-amd64-i386-xl-qemut-ws16-amd64 fail test-amd64-amd64-xl-qemuu-ws16-amd64 fail test-amd64-i386-xl-qemuu-ws16-amd64 fail test-armhf-armhf-xl-arndale pass test-amd64-amd64-xl-credit2 pass test-arm64-arm64-xl-credit2 pass test-armhf-armhf-xl-credit2 pass test-armhf-armhf-xl-cubietruck pass test-amd64-amd64-xl-qemuu-dmrestrict-amd64-dmrestrict fail test-amd64-i386-xl-qemuu-dmrestrict-amd64-dmrestrict fail test-amd64-amd64-examine pass test-arm64-arm64-examine pass test-armhf-armhf-examine pass test-amd64-i386-examine pass test-amd64-i386-freebsd10-i386 pass test-amd64-i386-rumprun-i386 pass test-amd64-amd64-xl-qemut-win10-i386 fail test-amd64-i386-xl-qemut-win10-i386 fail test-amd64-amd64-xl-qemuu-win10-i386 fail test-amd64-i386-xl-qemuu-win10-i386 fail test-amd64-amd64-qemuu-nested-intel pass test-amd64-amd64-xl-pvhv2-intel pass test-amd64-i386-qemut-rhel6hvm-intel pass test-amd64-i386-qemuu-rhel6hvm-intel pass test-amd64-amd64-libvirt pass test-armhf-armhf-libvirt pass test-amd64-i386-libvirt blocked test-amd64-amd64-xl-multivcpu pass test-armhf-armhf-xl-multivcpu pass test-amd64-amd64-pair pass test-amd64-i386-pair pass test-amd64-amd64-libvirt-pair pass test-amd64-i386-libvirt-pair blocked test-amd64-amd64-amd64-pvgrub pass test-amd64-amd64-i386-pvgrub pass test-amd64-amd64-xl-pvshim pass test-amd64-i386-xl-pvshim fail test-amd64-amd64-pygrub pass test-amd64-amd64-xl-qcow2 pass test-armhf-armhf-libvirt-raw pass test-amd64-i386-xl-raw pass test-amd64-amd64-xl-rtds pass test-armhf-armhf-xl-rtds pass test-amd64-amd64-xl-qemuu-debianhvm-amd64-shadow pass test-amd64-i386-xl-qemuu-debianhvm-amd64-shadow pass test-amd64-amd64-xl-shadow pass test-amd64-i386-xl-shadow pass test-amd64-amd64-libvirt-vhd pass test-armhf-armhf-xl-vhd pass ------------------------------------------------------------ sg-report-flight on osstest.test-lab.xenproject.org logs: /home/logs/logs images: /home/logs/images Logs, config files, etc. are available at http://logs.test-lab.xenproject.org/osstest/logs Explanation of these reports, and of osstest in general, is at http://xenbits.xen.org/gitweb/?p=osstest.git;a=blob;f=README.email;hb=master http://xenbits.xen.org/gitweb/?p=osstest.git;a=blob;f=README;hb=master Test harness code can be found at http://xenbits.xen.org/gitweb?p=osstest.git;a=summary Not pushing. (No revision log; it would be 6505 lines long.) _______________________________________________ Xen-devel mailing list Xen-devel@lists.xenproject.org https://lists.xenproject.org/mailman/listinfo/xen-devel