flight 124899 qemu-mainline real [real] http://logs.test-lab.xenproject.org/osstest/logs/124899/
Failures and problems with tests :-( Tests which did not succeed and are blocking, including tests which could not be run: test-amd64-amd64-xl-qemuu-dmrestrict-amd64-dmrestrict 16 depriv-audit-qemu/create/privcmd running test-amd64-i386-xl-qemuu-dmrestrict-amd64-dmrestrict 16 depriv-audit-qemu/create/privcmd running test-amd64-amd64-xl-qemuu-dmrestrict-amd64-dmrestrict 17 depriv-audit-qemu/create/gntdev running test-amd64-i386-xl-qemuu-dmrestrict-amd64-dmrestrict 17 depriv-audit-qemu/create/gntdev running test-amd64-i386-xl-qemuu-dmrestrict-amd64-dmrestrict 18 depriv-audit-qemu/create/evtchn running test-amd64-amd64-xl-qemuu-dmrestrict-amd64-dmrestrict 18 depriv-audit-qemu/create/evtchn running test-amd64-amd64-xl-qemuu-dmrestrict-amd64-dmrestrict 19 depriv-audit-qemu/create/other running test-amd64-i386-xl-qemuu-dmrestrict-amd64-dmrestrict 19 depriv-audit-qemu/create/other running test-amd64-amd64-xl-qemuu-dmrestrict-amd64-dmrestrict 20 depriv-audit-qemu/create/xenstore running test-amd64-i386-xl-qemuu-dmrestrict-amd64-dmrestrict 20 depriv-audit-qemu/create/xenstore running Tests which did not succeed, but are not blocking: test-amd64-amd64-xl-qemuu-win7-amd64 17 guest-stop fail like 124232 test-armhf-armhf-libvirt-xsm 14 saverestore-support-check fail like 124232 test-armhf-armhf-libvirt 14 saverestore-support-check fail like 124232 test-amd64-i386-xl-qemuu-win7-amd64 17 guest-stop fail like 124232 test-armhf-armhf-libvirt-raw 13 saverestore-support-check fail like 124232 test-amd64-amd64-xl-qemuu-ws16-amd64 17 guest-stop fail like 124232 test-amd64-i386-libvirt-xsm 13 migrate-support-check fail never pass test-amd64-i386-xl-pvshim 12 guest-start fail never pass test-amd64-i386-libvirt 13 migrate-support-check fail never pass test-arm64-arm64-xl-credit2 13 migrate-support-check fail never pass test-arm64-arm64-xl-credit2 14 saverestore-support-check fail never pass test-arm64-arm64-libvirt-xsm 13 migrate-support-check fail never pass test-arm64-arm64-libvirt-xsm 14 saverestore-support-check fail never pass test-arm64-arm64-xl 13 migrate-support-check fail never pass test-arm64-arm64-xl 14 saverestore-support-check fail never pass test-amd64-amd64-libvirt-xsm 13 migrate-support-check fail never pass test-amd64-amd64-libvirt 13 migrate-support-check fail never pass test-amd64-i386-libvirt-qemuu-debianhvm-amd64-xsm 11 migrate-support-check fail never pass test-amd64-amd64-libvirt-qemuu-debianhvm-amd64-xsm 11 migrate-support-check fail never pass test-arm64-arm64-xl-xsm 13 migrate-support-check fail never pass test-arm64-arm64-xl-xsm 14 saverestore-support-check fail never pass test-armhf-armhf-xl-arndale 13 migrate-support-check fail never pass test-armhf-armhf-xl-arndale 14 saverestore-support-check fail never pass test-amd64-amd64-qemuu-nested-amd 17 debian-hvm-install/l1/l2 fail never pass test-amd64-i386-xl-qemuu-dmrestrict-amd64-dmrestrict 15 depriv-audit-qemu/create fail never pass test-amd64-amd64-xl-qemuu-dmrestrict-amd64-dmrestrict 15 depriv-audit-qemu/create fail never pass test-amd64-amd64-libvirt-vhd 12 migrate-support-check fail never pass test-armhf-armhf-xl-credit2 13 migrate-support-check fail never pass test-armhf-armhf-xl-credit2 14 saverestore-support-check fail never pass test-armhf-armhf-xl-xsm 13 migrate-support-check fail never pass test-armhf-armhf-xl-xsm 14 saverestore-support-check fail never pass test-armhf-armhf-xl-rtds 13 migrate-support-check fail never pass test-armhf-armhf-xl-rtds 14 saverestore-support-check fail never pass test-armhf-armhf-xl-multivcpu 13 migrate-support-check fail never pass test-armhf-armhf-xl-multivcpu 14 saverestore-support-check fail never pass test-armhf-armhf-libvirt-xsm 13 migrate-support-check fail never pass test-armhf-armhf-xl 13 migrate-support-check fail never pass test-armhf-armhf-xl 14 saverestore-support-check fail never pass test-armhf-armhf-libvirt 13 migrate-support-check fail never pass test-armhf-armhf-xl-cubietruck 13 migrate-support-check fail never pass test-armhf-armhf-xl-cubietruck 14 saverestore-support-check fail never pass test-armhf-armhf-libvirt-raw 12 migrate-support-check fail never pass test-armhf-armhf-xl-vhd 12 migrate-support-check fail never pass test-armhf-armhf-xl-vhd 13 saverestore-support-check fail never pass test-amd64-i386-xl-qemuu-ws16-amd64 17 guest-stop fail never pass test-amd64-amd64-xl-qemuu-win10-i386 10 windows-install fail never pass test-amd64-i386-xl-qemuu-win10-i386 10 windows-install fail never pass version targeted for testing: qemuu 281bd281222776229d5dbf84d1a5c6d8d9d2a34b baseline version: qemuu 2ef2f16781af9dee6ba6517755e9073ba5799fa2 Last test of basis 124232 2018-06-16 05:04:26 Z 17 days Failing since 124398 2018-06-19 10:36:52 Z 14 days 9 attempts Testing same since 124899 2018-07-01 14:16:58 Z 2 days 1 attempts ------------------------------------------------------------ People who touched revisions under test: Aaron Lindsay <alind...@codeaurora.org> Aleksandar Markovic <aleksandar.marko...@mips.com> Alex Bennée <alex.ben...@linaro.org> Alexey Kardashevskiy <a...@ozlabs.ru> Amol Surati <suratia...@gmail.com> Andrew Jeffery <and...@aj.id.au> Anthony PERARD <anthony.per...@citrix.com> Anton Nefedov <anton.nefe...@virtuozzo.com> Arfrever Frehtes Taifersar Arahesis <arfrever....@gmail.com> Babu Moger <babu.mo...@amd.com> BALATON Zoltan <bala...@eik.bme.hu> Christian Borntraeger <borntrae...@de.ibm.com> Cleber Rosa <cr...@redhat.com> Collin Walling <wall...@linux.ibm.com> Cornelia Huck <coh...@redhat.com> Cédric Le Goater <c...@kaod.org> Daniel Henrique Barboza <danielhb...@gmail.com> Daniel P. Berrangé <berra...@redhat.com> David Gibson <da...@gibson.dropbear.id.au> David Hildenbrand <da...@redhat.com> Dr. David Alan Gilbert <dgilb...@redhat.com> Edgar E. Iglesias <edgar.igles...@xilinx.com> Eduardo Habkost <ehabk...@redhat.com> Emilio G. Cota <c...@braap.org> Eric Auger <eric.au...@redhat.com> Eric Blake <ebl...@redhat.com> Fam Zheng <f...@redhat.com> Geoffrey McRae <ge...@hostfission.com> Gerd Hoffmann <kra...@redhat.com> Greg Kurz <gr...@kaod.org> Halil Pasic <pa...@linux.ibm.com> Hervé Poussineau <hpous...@reactos.org> Igor Mammedov <imamm...@redhat.com> Jan Kiszka <jan.kis...@siemens.com> Jason J. Herne <jjhe...@linux.ibm.com> Jean-Christophe Dubois <j...@tribudubois.net> Jia He <hejia...@gmail.com> jia...@hxt-semitech.com Joel Stanley <j...@jms.id.au> John Arbuckle <programmingk...@gmail.com> John Snow <js...@redhat.com> Juan Quintela <quint...@redhat.com> Julia Suvorova <jus...@mail.ru> Justin Terry (VM) <jute...@microsoft.com> Keith Busch <keith.bu...@intel.com> Keno Fischer <k...@juliacomputing.com> Kevin Wolf <kw...@redhat.com> Konrad Rzeszutek Wilk <konrad.w...@oracle.com> Laszlo Ersek <ler...@redhat.com> linzhecheng <linzhech...@huawei.com> liujunjie <liujunji...@huawei.com> Marc-André Lureau <marcandre.lur...@redhat.com> Maria Klimushenkova <maria.klimushenk...@ispras.ru> Mark Cave-Ayland <mark.cave-ayl...@ilande.co.uk> Markus Armbruster <arm...@redhat.com> Martin Schrodt <mar...@schrodt.org> Matthias Maier <tam...@43-1.org> Max Filippov <jcmvb...@gmail.com> Max Reitz <mre...@redhat.com> Michael S. Tsirkin <m...@redhat.com> Nia Alarie <nia.ala...@gmail.com> Nishanth Aravamudan <naravamu...@digitalocean.com> Paolo Bonzini <pbonz...@redhat.com> Pavel Balaev <m...@void.so> Pavel Dovgalyuk <pavel.dovga...@ispras.ru> Peter Maydell <peter.mayd...@linaro.org> Peter Xu <pet...@redhat.com> Philippe Mathieu-Daudé <f4...@amsat.org> Richard Henderson <richard.hender...@linaro.org> Richard Henderson <r...@twiddle.net> Sai Pavan Boddu <saip...@xilinx.com> Sebastian Bauer <m...@sebastianbauer.info> Sergio Lopez <s...@redhat.com> Shannon Zhao <zhaoshengl...@huawei.com> Stefan Hajnoczi <stefa...@redhat.com> Suraj Jitindar Singh <sjitindarsi...@gmail.com> Thomas Huth <th...@redhat.com> Tomeu Vizoso <tomeu.viz...@collabora.com> Viktor Mihajlovski <mihaj...@linux.vnet.ibm.com> Viktor Prutyanov <viktor.prutya...@virtuozzo.com> Vladimir Sementsov-Ogievskiy <vsement...@virtuozzo.com> Weiping Zhang <zhangweip...@didichuxing.com> Yongbok Kim <yongbok....@mips.com> Zheng Xiang <xiang.zh...@linaro.org> jobs: build-amd64-xsm pass build-arm64-xsm pass build-armhf-xsm pass build-i386-xsm pass build-amd64 pass build-arm64 pass build-armhf pass build-i386 pass build-amd64-libvirt pass build-arm64-libvirt pass build-armhf-libvirt pass build-i386-libvirt pass build-amd64-pvops pass build-arm64-pvops pass build-armhf-pvops pass build-i386-pvops pass test-amd64-amd64-xl pass test-arm64-arm64-xl pass test-armhf-armhf-xl pass test-amd64-i386-xl pass test-amd64-amd64-libvirt-qemuu-debianhvm-amd64-xsm pass test-amd64-i386-libvirt-qemuu-debianhvm-amd64-xsm pass test-amd64-amd64-xl-qemuu-debianhvm-amd64-xsm pass test-amd64-i386-xl-qemuu-debianhvm-amd64-xsm pass test-amd64-amd64-libvirt-xsm pass test-arm64-arm64-libvirt-xsm pass test-armhf-armhf-libvirt-xsm pass test-amd64-i386-libvirt-xsm pass test-amd64-amd64-xl-xsm pass test-arm64-arm64-xl-xsm pass test-armhf-armhf-xl-xsm pass test-amd64-i386-xl-xsm pass test-amd64-amd64-qemuu-nested-amd fail test-amd64-amd64-xl-pvhv2-amd pass test-amd64-i386-qemuu-rhel6hvm-amd pass test-amd64-amd64-xl-qemuu-debianhvm-amd64 pass test-amd64-i386-xl-qemuu-debianhvm-amd64 pass test-amd64-i386-freebsd10-amd64 pass test-amd64-amd64-xl-qemuu-ovmf-amd64 pass test-amd64-i386-xl-qemuu-ovmf-amd64 pass test-amd64-amd64-xl-qemuu-win7-amd64 fail test-amd64-i386-xl-qemuu-win7-amd64 fail test-amd64-amd64-xl-qemuu-ws16-amd64 fail test-amd64-i386-xl-qemuu-ws16-amd64 fail test-armhf-armhf-xl-arndale pass test-amd64-amd64-xl-credit2 pass test-arm64-arm64-xl-credit2 pass test-armhf-armhf-xl-credit2 pass test-armhf-armhf-xl-cubietruck pass test-amd64-amd64-xl-qemuu-dmrestrict-amd64-dmrestrict fail test-amd64-i386-xl-qemuu-dmrestrict-amd64-dmrestrict fail test-amd64-i386-freebsd10-i386 pass test-amd64-amd64-xl-qemuu-win10-i386 fail test-amd64-i386-xl-qemuu-win10-i386 fail test-amd64-amd64-qemuu-nested-intel pass test-amd64-amd64-xl-pvhv2-intel pass test-amd64-i386-qemuu-rhel6hvm-intel pass test-amd64-amd64-libvirt pass test-armhf-armhf-libvirt pass test-amd64-i386-libvirt pass test-amd64-amd64-xl-multivcpu pass test-armhf-armhf-xl-multivcpu pass test-amd64-amd64-pair pass test-amd64-i386-pair pass test-amd64-amd64-libvirt-pair pass test-amd64-i386-libvirt-pair pass test-amd64-amd64-amd64-pvgrub pass test-amd64-amd64-i386-pvgrub pass test-amd64-amd64-xl-pvshim pass test-amd64-i386-xl-pvshim fail test-amd64-amd64-pygrub pass test-amd64-amd64-xl-qcow2 pass test-armhf-armhf-libvirt-raw pass test-amd64-i386-xl-raw pass test-amd64-amd64-xl-rtds pass test-armhf-armhf-xl-rtds pass test-amd64-amd64-xl-qemuu-debianhvm-amd64-shadow pass test-amd64-i386-xl-qemuu-debianhvm-amd64-shadow pass test-amd64-amd64-xl-shadow pass test-amd64-i386-xl-shadow pass test-amd64-amd64-libvirt-vhd pass test-armhf-armhf-xl-vhd pass ------------------------------------------------------------ sg-report-flight on osstest.test-lab.xenproject.org logs: /home/logs/logs images: /home/logs/images Logs, config files, etc. are available at http://logs.test-lab.xenproject.org/osstest/logs Explanation of these reports, and of osstest in general, is at http://xenbits.xen.org/gitweb/?p=osstest.git;a=blob;f=README.email;hb=master http://xenbits.xen.org/gitweb/?p=osstest.git;a=blob;f=README;hb=master Test harness code can be found at http://xenbits.xen.org/gitweb?p=osstest.git;a=summary Not pushing. (No revision log; it would be 10520 lines long.) _______________________________________________ Xen-devel mailing list Xen-devel@lists.xenproject.org https://lists.xenproject.org/mailman/listinfo/xen-devel