flight 124813 xen-unstable-smoke real [real]
http://logs.test-lab.xenproject.org/osstest/logs/124813/

Failures and problems with tests :-(

Tests which did not succeed and are blocking,
including tests which could not be run:
 build-arm64-xsm                 <job status>                 broken
 build-arm64-pvops               <job status>                 broken
 build-arm64-xsm               4 host-install(4)        broken REGR. vs. 124502

Tests which did not succeed, but are not blocking:
 test-arm64-arm64-xl-xsm       1 build-check(1)               blocked  n/a
 build-arm64-pvops             4 host-install(4)       broken baseline untested
 test-amd64-amd64-libvirt     13 migrate-support-check        fail   never pass
 test-armhf-armhf-xl          13 migrate-support-check        fail   never pass
 test-armhf-armhf-xl          14 saverestore-support-check    fail   never pass

version targeted for testing:
 xen                  1f64f6f7eeb7e8e3252063bc73086600528ec723
baseline version:
 xen                  437211cb696515ee5bd5dae0ab72866c9f382a33

Last test of basis   124502  2018-06-21 10:00:31 Z    7 days
Failing since        124698  2018-06-25 15:00:35 Z    3 days    3 attempts
Testing same since   124813  2018-06-28 18:00:58 Z    0 days    1 attempts

------------------------------------------------------------
People who touched revisions under test:
  Andrew Cooper <andrew.coop...@citrix.com>
  Daniel Kiper <daniel.ki...@oracle.com>
  Ian Jackson <ian.jack...@eu.citrix.com>
  Jan Beulich <jbeul...@suse.com>
  Juergen Gross <jgr...@suse.com>
  Kevin Tian <kevin.t...@intel.com>
  Olaf Hering <o...@aepfle.de>
  Paul Durrant <paul.durr...@citrix.com>
  Roger Pau Monne <roger....@citrix.com>
  Roger Pau Monné <roger....@citrix.com>
  Ross Lagerwall <ross.lagerw...@citrix.com>
  Wei Liu <wei.l...@citrix.com>

jobs:
 build-arm64-xsm                                              broken  
 build-amd64                                                  pass    
 build-armhf                                                  pass    
 build-amd64-libvirt                                          pass    
 build-amd64-pvops                                            pass    
 build-arm64-pvops                                            broken  
 build-armhf-pvops                                            pass    
 test-armhf-armhf-xl                                          pass    
 test-arm64-arm64-xl-xsm                                      blocked 
 test-amd64-amd64-xl-qemuu-debianhvm-i386                     pass    
 test-amd64-amd64-libvirt                                     pass    


------------------------------------------------------------
sg-report-flight on osstest.test-lab.xenproject.org
logs: /home/logs/logs
images: /home/logs/images

Logs, config files, etc. are available at
    http://logs.test-lab.xenproject.org/osstest/logs

Explanation of these reports, and of osstest in general, is at
    http://xenbits.xen.org/gitweb/?p=osstest.git;a=blob;f=README.email;hb=master
    http://xenbits.xen.org/gitweb/?p=osstest.git;a=blob;f=README;hb=master

Test harness code can be found at
    http://xenbits.xen.org/gitweb?p=osstest.git;a=summary

broken-job build-arm64-xsm broken
broken-job build-arm64-pvops broken
broken-step build-arm64-pvops host-install(4)
broken-step build-arm64-xsm host-install(4)

Not pushing.

(No revision log; it would be 502 lines long.)

_______________________________________________
Xen-devel mailing list
Xen-devel@lists.xenproject.org
https://lists.xenproject.org/mailman/listinfo/xen-devel

Reply via email to