flight 187549 qemu-mainline real [real]
http://logs.test-lab.xenproject.org/osstest/logs/187549/

Regressions :-(

Tests which did not succeed and are blocking,
including tests which could not be run:
 test-amd64-amd64-xl-qemuu-dmrestrict-amd64-dmrestrict 17 
depriv-audit-qemu/create fail REGR. vs. 187511
 build-armhf                   6 xen-build                fail REGR. vs. 187511

Tests which are failing intermittently (not blocking):
 test-amd64-amd64-xl-qemuu-debianhvm-i386-xsm 12 debian-hvm-install fail in 
187543 pass in 187549
 test-amd64-amd64-qemuu-freebsd12-amd64 21 guest-start/freebsd.repeat fail pass 
in 187543

Tests which did not succeed, but are not blocking:
 build-armhf-libvirt           1 build-check(1)               blocked  n/a
 test-armhf-armhf-libvirt      1 build-check(1)               blocked  n/a
 test-armhf-armhf-libvirt-vhd  1 build-check(1)               blocked  n/a
 test-armhf-armhf-xl           1 build-check(1)               blocked  n/a
 test-armhf-armhf-xl-arndale   1 build-check(1)               blocked  n/a
 test-armhf-armhf-xl-credit1   1 build-check(1)               blocked  n/a
 test-armhf-armhf-xl-credit2   1 build-check(1)               blocked  n/a
 test-armhf-armhf-xl-multivcpu  1 build-check(1)               blocked  n/a
 test-armhf-armhf-xl-qcow2     1 build-check(1)               blocked  n/a
 test-armhf-armhf-xl-raw       1 build-check(1)               blocked  n/a
 test-armhf-armhf-xl-rtds      1 build-check(1)               blocked  n/a
 test-amd64-amd64-xl-qemuu-dmrestrict-amd64-dmrestrict 18 
depriv-audit-qemu/create/privcmd blocked n/a
 test-amd64-amd64-xl-qemuu-dmrestrict-amd64-dmrestrict 19 
depriv-audit-qemu/create/gntdev blocked n/a
 test-amd64-amd64-xl-qemuu-dmrestrict-amd64-dmrestrict 20 
depriv-audit-qemu/create/evtchn blocked n/a
 test-amd64-amd64-xl-qemuu-dmrestrict-amd64-dmrestrict 21 
depriv-audit-qemu/create/other blocked n/a
 test-amd64-amd64-xl-qemuu-dmrestrict-amd64-dmrestrict 22 
depriv-audit-qemu/create/xenstore blocked n/a
 test-armhf-armhf-libvirt 16 saverestore-support-check fail in 187543 like 
187511
 test-armhf-armhf-xl         15 migrate-support-check fail in 187543 never pass
 test-armhf-armhf-xl     16 saverestore-support-check fail in 187543 never pass
 test-armhf-armhf-xl-credit1 15 migrate-support-check fail in 187543 never pass
 test-armhf-armhf-xl-credit1 16 saverestore-support-check fail in 187543 never 
pass
 test-armhf-armhf-libvirt    15 migrate-support-check fail in 187543 never pass
 test-armhf-armhf-xl-rtds    15 migrate-support-check fail in 187543 never pass
 test-armhf-armhf-xl-rtds 16 saverestore-support-check fail in 187543 never pass
 test-armhf-armhf-xl-multivcpu 15 migrate-support-check fail in 187543 never 
pass
 test-armhf-armhf-xl-multivcpu 16 saverestore-support-check fail in 187543 
never pass
 test-armhf-armhf-libvirt-vhd 14 migrate-support-check fail in 187543 never pass
 test-armhf-armhf-libvirt-vhd 15 saverestore-support-check fail in 187543 never 
pass
 test-armhf-armhf-xl-raw     14 migrate-support-check fail in 187543 never pass
 test-armhf-armhf-xl-raw 15 saverestore-support-check fail in 187543 never pass
 test-armhf-armhf-xl-arndale 15 migrate-support-check fail in 187543 never pass
 test-armhf-armhf-xl-arndale 16 saverestore-support-check fail in 187543 never 
pass
 test-armhf-armhf-xl-credit2 15 migrate-support-check fail in 187543 never pass
 test-armhf-armhf-xl-credit2 16 saverestore-support-check fail in 187543 never 
pass
 test-armhf-armhf-xl-qcow2   14 migrate-support-check fail in 187543 never pass
 test-armhf-armhf-xl-qcow2 15 saverestore-support-check fail in 187543 never 
pass
 test-amd64-amd64-xl-qemuu-win7-amd64 19 guest-stop            fail like 187511
 test-amd64-amd64-qemuu-nested-amd 20 debian-hvm-install/l1/l2 fail like 187511
 test-amd64-amd64-xl-qemuu-ws16-amd64 19 guest-stop            fail like 187511
 test-amd64-amd64-libvirt-xsm 15 migrate-support-check        fail   never pass
 test-amd64-amd64-libvirt     15 migrate-support-check        fail   never pass
 test-amd64-amd64-libvirt-qemuu-debianhvm-amd64-xsm 13 migrate-support-check 
fail never pass
 test-arm64-arm64-xl-credit1  15 migrate-support-check        fail   never pass
 test-arm64-arm64-xl-xsm      15 migrate-support-check        fail   never pass
 test-arm64-arm64-xl-credit1  16 saverestore-support-check    fail   never pass
 test-arm64-arm64-xl-thunderx 15 migrate-support-check        fail   never pass
 test-arm64-arm64-xl-xsm      16 saverestore-support-check    fail   never pass
 test-arm64-arm64-xl-thunderx 16 saverestore-support-check    fail   never pass
 test-arm64-arm64-xl          15 migrate-support-check        fail   never pass
 test-arm64-arm64-xl          16 saverestore-support-check    fail   never pass
 test-arm64-arm64-xl-credit2  15 migrate-support-check        fail   never pass
 test-arm64-arm64-xl-credit2  16 saverestore-support-check    fail   never pass
 test-arm64-arm64-libvirt-xsm 15 migrate-support-check        fail   never pass
 test-arm64-arm64-libvirt-xsm 16 saverestore-support-check    fail   never pass
 test-amd64-amd64-libvirt-qcow2 14 migrate-support-check        fail never pass
 test-amd64-amd64-libvirt-raw 14 migrate-support-check        fail   never pass
 test-amd64-amd64-libvirt-vhd 14 migrate-support-check        fail   never pass
 test-arm64-arm64-libvirt-raw 14 migrate-support-check        fail   never pass
 test-arm64-arm64-libvirt-raw 15 saverestore-support-check    fail   never pass
 test-arm64-arm64-xl-vhd      14 migrate-support-check        fail   never pass
 test-arm64-arm64-xl-vhd      15 saverestore-support-check    fail   never pass

version targeted for testing:
 qemuu                ec08d9a51e6af3cd3edbdbf2ca6e97a1e2b5f0d1
baseline version:
 qemuu                7b87a25f49a301d3377f3e71e0b4a62540c6f6e4

Last test of basis   187511  2024-09-06 01:42:24 Z    1 days
Testing same since   187543  2024-09-06 16:02:24 Z    1 days    2 attempts

------------------------------------------------------------
People who touched revisions under test:
  Arman Nabiev <nabiev.arma...@gmail.com>
  Changbin Du <changbin...@huawei.com>
  Cleber Rosa <cr...@redhat.com>
  Cornelia Huck <coh...@redhat.com>
  Daniel P. Berrangé <berra...@redhat.com>
  Edgar E. Iglesias <edgar.igles...@amd.com>
  Fabiano Rosas <faro...@suse.de>
  Gao Shiyuan <gaoshiy...@baidu.com>
  Marcin Juszkiewicz <marcin.juszkiew...@linaro.org>
  Peter Maydell <peter.mayd...@linaro.org>
  Philippe Mathieu-Daudé <phi...@linaro.org>
  Richard Henderson <richard.hender...@linaro.org>
  Sebastian Huber <sebastian.hu...@embedded-brains.de>
  Steve Sistare <steven.sist...@oracle.com>
  Thomas Huth <th...@redhat.com>

jobs:
 build-amd64-xsm                                              pass    
 build-arm64-xsm                                              pass    
 build-i386-xsm                                               pass    
 build-amd64                                                  pass    
 build-arm64                                                  pass    
 build-armhf                                                  fail    
 build-i386                                                   pass    
 build-amd64-libvirt                                          pass    
 build-arm64-libvirt                                          pass    
 build-armhf-libvirt                                          blocked 
 build-i386-libvirt                                           pass    
 build-amd64-pvops                                            pass    
 build-arm64-pvops                                            pass    
 build-armhf-pvops                                            pass    
 build-i386-pvops                                             pass    
 test-amd64-amd64-xl                                          pass    
 test-amd64-coresched-amd64-xl                                pass    
 test-arm64-arm64-xl                                          pass    
 test-armhf-armhf-xl                                          blocked 
 test-amd64-amd64-libvirt-qemuu-debianhvm-amd64-xsm           pass    
 test-amd64-amd64-xl-qemuu-debianhvm-i386-xsm                 pass    
 test-amd64-amd64-libvirt-xsm                                 pass    
 test-arm64-arm64-libvirt-xsm                                 pass    
 test-amd64-amd64-xl-xsm                                      pass    
 test-arm64-arm64-xl-xsm                                      pass    
 test-amd64-amd64-qemuu-nested-amd                            fail    
 test-amd64-amd64-xl-pvhv2-amd                                pass    
 test-amd64-amd64-dom0pvh-xl-amd                              pass    
 test-amd64-amd64-xl-qemuu-debianhvm-amd64                    pass    
 test-amd64-amd64-qemuu-freebsd11-amd64                       pass    
 test-amd64-amd64-qemuu-freebsd12-amd64                       fail    
 test-amd64-amd64-xl-qemuu-ovmf-amd64                         pass    
 test-amd64-amd64-xl-qemuu-win7-amd64                         fail    
 test-amd64-amd64-xl-qemuu-ws16-amd64                         fail    
 test-armhf-armhf-xl-arndale                                  blocked 
 test-amd64-amd64-xl-credit1                                  pass    
 test-arm64-arm64-xl-credit1                                  pass    
 test-armhf-armhf-xl-credit1                                  blocked 
 test-amd64-amd64-xl-credit2                                  pass    
 test-arm64-arm64-xl-credit2                                  pass    
 test-armhf-armhf-xl-credit2                                  blocked 
 test-amd64-amd64-xl-qemuu-dmrestrict-amd64-dmrestrict        fail    
 test-amd64-amd64-qemuu-nested-intel                          pass    
 test-amd64-amd64-xl-pvhv2-intel                              pass    
 test-amd64-amd64-dom0pvh-xl-intel                            pass    
 test-amd64-amd64-libvirt                                     pass    
 test-armhf-armhf-libvirt                                     blocked 
 test-amd64-amd64-xl-multivcpu                                pass    
 test-armhf-armhf-xl-multivcpu                                blocked 
 test-amd64-amd64-pair                                        pass    
 test-amd64-amd64-libvirt-pair                                pass    
 test-amd64-amd64-xl-pvshim                                   pass    
 test-amd64-amd64-pygrub                                      pass    
 test-amd64-amd64-libvirt-qcow2                               pass    
 test-amd64-amd64-xl-qcow2                                    pass    
 test-armhf-armhf-xl-qcow2                                    blocked 
 test-amd64-amd64-libvirt-raw                                 pass    
 test-arm64-arm64-libvirt-raw                                 pass    
 test-amd64-amd64-xl-raw                                      pass    
 test-armhf-armhf-xl-raw                                      blocked 
 test-amd64-amd64-xl-rtds                                     pass    
 test-armhf-armhf-xl-rtds                                     blocked 
 test-amd64-amd64-xl-qemuu-debianhvm-amd64-shadow             pass    
 test-amd64-amd64-xl-shadow                                   pass    
 test-arm64-arm64-xl-thunderx                                 pass    
 test-amd64-amd64-libvirt-vhd                                 pass    
 test-armhf-armhf-libvirt-vhd                                 blocked 
 test-amd64-amd64-xl-vhd                                      pass    
 test-arm64-arm64-xl-vhd                                      pass    


------------------------------------------------------------
sg-report-flight on osstest.test-lab.xenproject.org
logs: /home/logs/logs
images: /home/logs/images

Logs, config files, etc. are available at
    http://logs.test-lab.xenproject.org/osstest/logs

Explanation of these reports, and of osstest in general, is at
    http://xenbits.xen.org/gitweb/?p=osstest.git;a=blob;f=README.email;hb=master
    http://xenbits.xen.org/gitweb/?p=osstest.git;a=blob;f=README;hb=master

Test harness code can be found at
    http://xenbits.xen.org/gitweb?p=osstest.git;a=summary


Not pushing.

(No revision log; it would be 2250 lines long.)

Reply via email to