flight 187546 linux-linus real [real]
http://logs.test-lab.xenproject.org/osstest/logs/187546/

Regressions :-(

Tests which did not succeed and are blocking,
including tests which could not be run:
 build-armhf                   6 xen-build                fail REGR. vs. 187504

Tests which did not succeed, but are not blocking:
 build-armhf-libvirt           1 build-check(1)               blocked  n/a
 test-armhf-armhf-examine      1 build-check(1)               blocked  n/a
 test-armhf-armhf-libvirt      1 build-check(1)               blocked  n/a
 test-armhf-armhf-libvirt-vhd  1 build-check(1)               blocked  n/a
 test-armhf-armhf-xl           1 build-check(1)               blocked  n/a
 test-armhf-armhf-xl-arndale   1 build-check(1)               blocked  n/a
 test-armhf-armhf-xl-credit1   1 build-check(1)               blocked  n/a
 test-armhf-armhf-xl-credit2   1 build-check(1)               blocked  n/a
 test-armhf-armhf-xl-multivcpu  1 build-check(1)               blocked  n/a
 test-armhf-armhf-xl-qcow2     1 build-check(1)               blocked  n/a
 test-armhf-armhf-xl-raw       1 build-check(1)               blocked  n/a
 test-armhf-armhf-xl-rtds      1 build-check(1)               blocked  n/a
 test-amd64-amd64-xl-qemut-win7-amd64 19 guest-stop            fail like 187504
 test-amd64-amd64-xl-qemuu-win7-amd64 19 guest-stop            fail like 187504
 test-amd64-amd64-xl-qemuu-ws16-amd64 19 guest-stop            fail like 187504
 test-amd64-amd64-xl-qemut-ws16-amd64 19 guest-stop            fail like 187504
 test-amd64-amd64-qemuu-nested-amd 20 debian-hvm-install/l1/l2 fail like 187504
 test-amd64-amd64-libvirt-xsm 15 migrate-support-check        fail   never pass
 test-amd64-amd64-libvirt     15 migrate-support-check        fail   never pass
 test-arm64-arm64-xl-xsm      15 migrate-support-check        fail   never pass
 test-arm64-arm64-xl-xsm      16 saverestore-support-check    fail   never pass
 test-arm64-arm64-libvirt-xsm 15 migrate-support-check        fail   never pass
 test-arm64-arm64-xl-credit1  15 migrate-support-check        fail   never pass
 test-arm64-arm64-xl-credit1  16 saverestore-support-check    fail   never pass
 test-arm64-arm64-libvirt-xsm 16 saverestore-support-check    fail   never pass
 test-arm64-arm64-xl-credit2  15 migrate-support-check        fail   never pass
 test-arm64-arm64-xl-credit2  16 saverestore-support-check    fail   never pass
 test-arm64-arm64-xl          15 migrate-support-check        fail   never pass
 test-arm64-arm64-xl          16 saverestore-support-check    fail   never pass
 test-arm64-arm64-xl-thunderx 15 migrate-support-check        fail   never pass
 test-arm64-arm64-xl-thunderx 16 saverestore-support-check    fail   never pass
 test-amd64-amd64-libvirt-qemuu-debianhvm-amd64-xsm 13 migrate-support-check 
fail never pass
 test-amd64-amd64-libvirt-qcow2 14 migrate-support-check        fail never pass
 test-amd64-amd64-libvirt-raw 14 migrate-support-check        fail   never pass
 test-amd64-amd64-libvirt-vhd 14 migrate-support-check        fail   never pass
 test-arm64-arm64-libvirt-raw 14 migrate-support-check        fail   never pass
 test-arm64-arm64-libvirt-raw 15 saverestore-support-check    fail   never pass
 test-arm64-arm64-xl-vhd      14 migrate-support-check        fail   never pass
 test-arm64-arm64-xl-vhd      15 saverestore-support-check    fail   never pass

version targeted for testing:
 linux                b31c4492884252a8360f312a0ac2049349ddf603
baseline version:
 linux                c763c43396883456ef57e5e78b64d3c259c4babc

Last test of basis   187504  2024-09-05 10:21:11 Z    2 days
Failing since        187510  2024-09-05 23:42:38 Z    1 days    3 attempts
Testing same since   187546  2024-09-07 03:27:08 Z    0 days    1 attempts

------------------------------------------------------------
People who touched revisions under test:
  Adam Queler <quele...@gmail.com>
  Adrian Hunter <adrian.hun...@intel.com>
  Adrián Larumbe <adrian.laru...@collabora.com>
  Aleksandr Mishin <amis...@t-argos.ru>
  Alex Deucher <alexander.deuc...@amd.com>
  Alexander Stein <alexander.st...@ew.tq-group.com>
  Alexandre Ghiti <alexgh...@rivosinc.com>
  Alexei Starovoitov <a...@kernel.org>
  Alice Ryhl <alicer...@google.com>
  Amit Pundir <amit.pun...@linaro.org>
  Andreas Hindborg <a.hindb...@kernel.org>
  Andreas Hindborg <a.hindb...@samsung.com>
  Andrew Jeffery <and...@codeconstruct.com.au>
  Andrii Nakryiko <and...@kernel.org>
  Andy Shevchenko <andriy.shevche...@linux.intel.com>
  Anton Blanchard <ant...@tenstorrent.com>
  Anuj Gupta <anuj2...@samsung.com>
  Arkadiusz Kubalewski <arkadiusz.kubalew...@intel.com>
  Arunpravin Paneer Selvam <arunpravin.paneersel...@amd.com>
  Baochen Qiang <quic_bqi...@quicinc.com>
  Bard Liao <yung-chuan.l...@linux.intel.com>
  Bartosz Golaszewski <bartosz.golaszew...@linaro.org>
  Bjorn Helgaas <bhelg...@google.com>
  Boqun Feng <boqun.f...@gmail.com>
  Boris Brezillon <boris.brezil...@collabora.com>
  Breno Leitao <lei...@debian.org>
  Brian Norris <briannor...@chromium.org>
  Bryan O'Donoghue <bryan.odonog...@linaro.org>
  Catalin Marinas <catalin.mari...@arm.com>
  Chandan Kumar Rout <chandanx.r...@intel.com>
  Charles Han <hanchunc...@inspur.com>
  Charlie Jenkins <char...@rivosinc.com>
  Chen-Yu Tsai <we...@chromium.org>
  Cheng-Jui Wang <cheng-jui.w...@mediatek.com>
  Chi Zhiling <chizhil...@kylinos.cn>
  Christian Brauner <brau...@kernel.org>
  Christoffer Sandberg <c...@tuxedo.de>
  Christoph Hellwig <h...@lst.de>
  Christophe Leroy <christophe.le...@csgroup.eu>
  Cong Wang <cong.w...@bytedance.com>
  Daiwei Li <daiwe...@google.com>
  Dan Carpenter <dan.carpen...@linaro.org>
  Daniele Ceraolo Spurio <daniele.ceraolospu...@intel.com>
  Danilo Krummrich <d...@kernel.org>
  Dave Airlie <airl...@redhat.com>
  David Gow <david...@google.com>
  David Howells <dhowe...@redhat.com>
  David S. Miller <da...@davemloft.net>
  Dawid Osuchowski <dawid.osuchow...@linux.intel.com>
  Dillon Varone <dillon.var...@amd.com>
  Dirk Behme <dirk.be...@de.bosch.com>
  Dmitry Baryshkov <dmitry.barysh...@linaro.org>
  Douglas Anderson <diand...@chromium.org>
  Eduard Zingerman <eddy...@gmail.com>
  Eric Dumazet <eduma...@google.com>
  Fabio Estevam <feste...@gmail.com>
  Frank Li <frank...@nxp.com>
  Gautham R. Shenoy <gautham.she...@amd.com>
  Geert Uytterhoeven <geert+rene...@glider.be>
  Georg Gottleuber <g...@tuxedocomputers.com>
  George Kuruvinakunnel <george.kuruvinakun...@intel.com>
  Guillaume Nault <gna...@redhat.com>
  Hamza Mahfooz <hamza.mahf...@amd.com>
  Hans de Goede <hdego...@redhat.com>
  Hayes Wang <hayesw...@realtek.com>
  hongchi.peng <hongchi.p...@siengine.com>
  Ilpo Järvinen <ilpo.jarvi...@linux.intel.com>
  Imre Deak <imre.d...@intel.com>
  Jack Xiao <jack.x...@amd.com>
  Jakub Kicinski <k...@kernel.org>
  Jamie Bainbridge <jamie.bainbri...@gmail.com>
  Jani Nikula <jani.nik...@intel.com>
  Jeff Johnson <quic_jjohn...@quicinc.com>
  Jens Axboe <ax...@kernel.dk>
  Jens Emil Schulz Østergaard <jensemil.schulzosterga...@microchip.com>
  Jeongjun Park <aha310...@gmail.com>
  Jinjie Ruan <ruanjin...@huawei.com>
  Jon Mulder <jon.e.mul...@gmail.com>
  Jonas Gorski <jonas.gor...@bisdn.de>
  Jonathan Bell <jonat...@raspberrypi.com>
  Joonas Lahtinen <joonas.lahti...@linux.intel.com>
  Jouni Högander <jouni.hogan...@intel.com>
  Jubilee Young <workingjubi...@gmail.com>
  Julien Panis <jpa...@baylibre.com>
  Kai Vehmanen <kai.vehma...@linux.intel.com>
  Kalle Valo <kv...@kernel.org>
  Kalle Valo <quic_kv...@quicinc.com>
  Keita Aihara <keita.aih...@sony.com>
  Keith Busch <kbu...@kernel.org>
  Krzysztof Kozlowski <krzysztof.kozlow...@linaro.org>
  Kuniyuki Iwashima <kun...@amazon.com>
  Larysa Zaremba <larysa.zare...@intel.com>
  Laurentiu Mihalcea <laurentiu.mihal...@nxp.com>
  Leo Li <sunpeng...@amd.com>
  Leonardo Bras <leob...@redhat.com>
  Li Nan <linan...@huawei.com>
  Liao Chen <liaoch...@huawei.com>
  Linus Torvalds <torva...@linux-foundation.org>
  Linus Walleij <linus.wall...@linaro.org>
  Liviu Dudau <liviu.du...@arm.com>
  Luiz Augusto von Dentz <luiz.von.de...@intel.com>
  Luke D. Jones <l...@ljones.dev>
  Maarten Lankhorst <maarten.lankho...@linux.intel.com>
  Maarten Lankhorst,,, <maarten.lankho...@linux.intel.com>
  Maciej Fijalkowski <maciej.fijalkow...@intel.com>
  Manivannan Sadhasivam <manivannan.sadhasi...@linaro.org>
  Marc Kleine-Budde <m...@pengutronix.de>
  Marek Marczykowski-Górecki <marma...@invisiblethingslab.com>
  Mario Limonciello <mario.limoncie...@amd.com>
  Mark Brown <broo...@kernel.org>
  Mark Rutland <mark.rutl...@arm.com>
  Markus Schneider-Pargmann <m...@baylibre.com>
  Markuss Broks <markuss.br...@gmail.com>
  Martin Jocic <martin.jo...@kvaser.com>
  Martin KaFai Lau <martin....@kernel.org>
  Mary Guillemard <mary.guillem...@collabora.com>
  Masami Hiramatsu (Google) <mhira...@kernel.org>
  Matt Coster <matt.cos...@imgtec.com>
  Matt Johnston <m...@codeconstruct.com.au>
  Matt Roper <matthew.d.ro...@intel.com>
  Matteo Martelli <matteomartel...@gmail.com>
  Maurizio Lombardi <mlomb...@redhat.com>
  Maxim Levitsky <mlevi...@redhat.com>
  Maxime Ripard <mrip...@kernel.org>
  Maxime Ripard <mrip...@redhat.com>
  Maximilien Perreault <maximilienperrea...@gmail.com>
  Michael Ellerman <m...@ellerman.id.au>
  Michael Vetter <jub...@iodoru.org>
  Miguel Ojeda <oj...@kernel.org>
  Mikko Tiihonen <mikko.tiiho...@iki.fi>
  Mikulas Patocka <mpato...@redhat.com>
  Mohan Kumar <mkum...@nvidia.com>
  Nikolay Aleksandrov <ra...@blackwall.org>
  Nysal Jan K.A. <ny...@linux.ibm.com>
  Oliver Neukum <oneu...@suse.com>
  Palmer Dabbelt <pal...@rivosinc.com>
  Paolo Abeni <pab...@redhat.com>
  Paolo Bonzini <pbonz...@redhat.com>
  Paul E. McKenney <paul...@kernel.org>
  Paulo Alcantara (Red Hat) <p...@manguebit.com>
  Paulo Alcantara <p...@manguebit.com>
  Pawel Dembicki <paweldembi...@gmail.com>
  Pucha Himasekhar Reddy <himasekharx.reddy.pu...@intel.com> (A Contingent 
worker at Intel)
  Puranjay Mohan <puran...@kernel.org>
  Rae Moar <rm...@google.com>
  Rafael J. Wysocki <rafael.j.wyso...@intel.com>
  Ravi Bangoria <ravi.bango...@amd.com>
  Rick Edgecombe <rick.p.edgeco...@intel.com>
  Ritu Chaudhary <ri...@nvidia.com>
  Rob Herring (Arm) <r...@kernel.org>
  robelin <robe...@nvidia.com>
  Rodrigo Vivi <rodrigo.v...@intel.com>
  Roger Quadros <rog...@kernel.org>
  Ryan Walklin <r...@testtoast.com>
  Sam Protsenko <semen.protse...@linaro.org>
  Sameer Pujar <spu...@nvidia.com>
  Samuel Holland <samuel.holl...@sifive.com>
  Sean Anderson <sean.ander...@linux.dev>
  Sean Christopherson <sea...@google.com>
  Seunghwan Baek <sh8267.b...@samsung.com>
  Shuah Khan <sk...@linuxfoundation.org>
  Simon Arlott <si...@octiron.net>
  Simon Horman <ho...@kernel.org>
  Simon Horman <ho...@kernel.org> # build-tested
  Souradeep Chakrabarti <schakraba...@linux.microsoft.com>
  Srinivas Kandagatla <srinivas.kandaga...@linaro.org>
  Stanislav Fomichev <s...@fomichev.me>
  Stefan Wahren <wahre...@gmx.net>
  Stephen Hemminger <step...@networkplumber.org>
  Steve French <stfre...@microsoft.com>
  Steven Rostedt (Google) <rost...@goodmis.org>
  Steven Rostedt <rost...@goodmis.org>
  Takashi Iwai <ti...@suse.de>
  Terry Cheong <htche...@chromium.org>
  Thomas Zimmermann <tzimmerm...@suse.de>
  Toke Høiland-Jørgensen <t...@redhat.com>
  Tom Dohrmann <erbse...@gmx.de>
  Tony Nguyen <anthony.l.ngu...@intel.com>
  Tvrtko Ursulin <tursu...@igalia.com>
  Tze-nan Wu <tze-nan...@mediatek.com>
  Ulf Hansson <ulf.hans...@linaro.org>
  Uwe Kleine-König <u.kleine-koe...@baylibre.com>
  Uwe Kleine-König <uklei...@kernel.org>
  Vadim Fedorenko <vad...@meta.com>
  Vadim Fedorenko <vadim.fedore...@linux.dev>
  Vasiliy Kovalev <kova...@altlinux.org>
  Ville Syrjälä <ville.syrj...@linux.intel.com>
  Vincent Woltmann <vinc...@woltmann.art>
  Vinicius Costa Gomes <vinicius.go...@intel.com>
  Vinod Govindapillai <vinod.govindapil...@intel.com>
  Viresh Kumar <viresh.ku...@linaro.org>
  Vitaly Kuznetsov <vkuzn...@redhat.com>
  Wedson Almeida Filho <wedso...@gmail.com>
  Werner Sembach <w...@tuxedocomputers.com>
  Will Deacon <w...@kernel.org>
  xingwei lee <xrivende...@gmail.com>
  Yan Zhao <yan.y.z...@intel.com>
  Yanghui Li <yanghui...@mediatek.com>
  yuxin wang <wang1315768...@163.com>
  Zhang Yi <zhan...@everest-semi.com>
  Zheng Yejian <zhengyej...@huaweicloud.com>

jobs:
 build-amd64-xsm                                              pass    
 build-arm64-xsm                                              pass    
 build-i386-xsm                                               pass    
 build-amd64                                                  pass    
 build-arm64                                                  pass    
 build-armhf                                                  fail    
 build-i386                                                   pass    
 build-amd64-libvirt                                          pass    
 build-arm64-libvirt                                          pass    
 build-armhf-libvirt                                          blocked 
 build-i386-libvirt                                           pass    
 build-amd64-pvops                                            pass    
 build-arm64-pvops                                            pass    
 build-armhf-pvops                                            pass    
 build-i386-pvops                                             pass    
 test-amd64-amd64-xl                                          pass    
 test-amd64-coresched-amd64-xl                                pass    
 test-arm64-arm64-xl                                          pass    
 test-armhf-armhf-xl                                          blocked 
 test-amd64-amd64-libvirt-qemuu-debianhvm-amd64-xsm           pass    
 test-amd64-amd64-xl-qemut-stubdom-debianhvm-amd64-xsm        pass    
 test-amd64-amd64-xl-qemut-debianhvm-i386-xsm                 pass    
 test-amd64-amd64-xl-qemuu-debianhvm-i386-xsm                 pass    
 test-amd64-amd64-libvirt-xsm                                 pass    
 test-arm64-arm64-libvirt-xsm                                 pass    
 test-amd64-amd64-xl-xsm                                      pass    
 test-arm64-arm64-xl-xsm                                      pass    
 test-amd64-amd64-qemuu-nested-amd                            fail    
 test-amd64-amd64-xl-pvhv2-amd                                pass    
 test-amd64-amd64-dom0pvh-xl-amd                              pass    
 test-amd64-amd64-xl-qemut-debianhvm-amd64                    pass    
 test-amd64-amd64-xl-qemuu-debianhvm-amd64                    pass    
 test-amd64-amd64-qemuu-freebsd11-amd64                       pass    
 test-amd64-amd64-qemuu-freebsd12-amd64                       pass    
 test-amd64-amd64-xl-qemuu-ovmf-amd64                         pass    
 test-amd64-amd64-xl-qemut-win7-amd64                         fail    
 test-amd64-amd64-xl-qemuu-win7-amd64                         fail    
 test-amd64-amd64-xl-qemut-ws16-amd64                         fail    
 test-amd64-amd64-xl-qemuu-ws16-amd64                         fail    
 test-armhf-armhf-xl-arndale                                  blocked 
 test-amd64-amd64-examine-bios                                pass    
 test-amd64-amd64-xl-credit1                                  pass    
 test-arm64-arm64-xl-credit1                                  pass    
 test-armhf-armhf-xl-credit1                                  blocked 
 test-amd64-amd64-xl-credit2                                  pass    
 test-arm64-arm64-xl-credit2                                  pass    
 test-armhf-armhf-xl-credit2                                  blocked 
 test-amd64-amd64-xl-qemuu-dmrestrict-amd64-dmrestrict        pass    
 test-amd64-amd64-examine                                     pass    
 test-arm64-arm64-examine                                     pass    
 test-armhf-armhf-examine                                     blocked 
 test-amd64-amd64-qemuu-nested-intel                          pass    
 test-amd64-amd64-xl-pvhv2-intel                              pass    
 test-amd64-amd64-dom0pvh-xl-intel                            pass    
 test-amd64-amd64-libvirt                                     pass    
 test-armhf-armhf-libvirt                                     blocked 
 test-amd64-amd64-xl-multivcpu                                pass    
 test-armhf-armhf-xl-multivcpu                                blocked 
 test-amd64-amd64-pair                                        pass    
 test-amd64-amd64-libvirt-pair                                pass    
 test-amd64-amd64-xl-pvshim                                   pass    
 test-amd64-amd64-pygrub                                      pass    
 test-amd64-amd64-libvirt-qcow2                               pass    
 test-amd64-amd64-xl-qcow2                                    pass    
 test-armhf-armhf-xl-qcow2                                    blocked 
 test-amd64-amd64-libvirt-raw                                 pass    
 test-arm64-arm64-libvirt-raw                                 pass    
 test-amd64-amd64-xl-raw                                      pass    
 test-armhf-armhf-xl-raw                                      blocked 
 test-amd64-amd64-xl-rtds                                     pass    
 test-armhf-armhf-xl-rtds                                     blocked 
 test-amd64-amd64-xl-qemuu-debianhvm-amd64-shadow             pass    
 test-amd64-amd64-xl-shadow                                   pass    
 test-arm64-arm64-xl-thunderx                                 pass    
 test-amd64-amd64-examine-uefi                                pass    
 test-amd64-amd64-libvirt-vhd                                 pass    
 test-armhf-armhf-libvirt-vhd                                 blocked 
 test-amd64-amd64-xl-vhd                                      pass    
 test-arm64-arm64-xl-vhd                                      pass    


------------------------------------------------------------
sg-report-flight on osstest.test-lab.xenproject.org
logs: /home/logs/logs
images: /home/logs/images

Logs, config files, etc. are available at
    http://logs.test-lab.xenproject.org/osstest/logs

Explanation of these reports, and of osstest in general, is at
    http://xenbits.xen.org/gitweb/?p=osstest.git;a=blob;f=README.email;hb=master
    http://xenbits.xen.org/gitweb/?p=osstest.git;a=blob;f=README;hb=master

Test harness code can be found at
    http://xenbits.xen.org/gitweb?p=osstest.git;a=summary


Not pushing.

(No revision log; it would be 6620 lines long.)

Reply via email to