flight 124690 libvirt running [real] http://logs.test-lab.xenproject.org/osstest/logs/124690/
Regressions :-( Tests which did not succeed and are blocking, including tests which could not be run: build-amd64-pvops <job status> broken build-amd64 <job status> broken build-amd64-xsm <job status> broken build-i386 <job status> broken build-i386-pvops <job status> broken build-i386-xsm <job status> broken build-i386-pvops 4 host-install(4) broken REGR. vs. 123814 build-amd64-xsm 4 host-install(4) broken REGR. vs. 123814 build-amd64-pvops 4 host-install(4) broken REGR. vs. 123814 build-amd64 4 host-install(4) broken REGR. vs. 123814 build-i386-xsm 4 host-install(4) broken REGR. vs. 123814 build-i386 4 host-install(4) broken REGR. vs. 123814 build-arm64-libvirt 6 libvirt-build fail REGR. vs. 123814 test-armhf-armhf-libvirt-xsm <none executed> queued test-armhf-armhf-libvirt-raw <none executed> queued build-armhf-libvirt <none executed> queued test-armhf-armhf-libvirt <none executed> queued build-armhf-xsm 2 hosts-allocate running build-armhf-pvops 2 hosts-allocate running build-armhf 4 host-install(4) running build-armhf 3 syslog-server running Tests which did not succeed, but are not blocking: test-arm64-arm64-libvirt-xsm 1 build-check(1) blocked n/a test-amd64-amd64-libvirt-xsm 1 build-check(1) blocked n/a test-amd64-i386-libvirt-qemuu-debianhvm-amd64-xsm 1 build-check(1) blocked n/a build-i386-libvirt 1 build-check(1) blocked n/a build-amd64-libvirt 1 build-check(1) blocked n/a test-amd64-i386-libvirt 1 build-check(1) blocked n/a test-amd64-i386-libvirt-xsm 1 build-check(1) blocked n/a test-amd64-i386-libvirt-pair 1 build-check(1) blocked n/a test-amd64-amd64-libvirt-pair 1 build-check(1) blocked n/a test-amd64-amd64-libvirt 1 build-check(1) blocked n/a test-amd64-amd64-libvirt-vhd 1 build-check(1) blocked n/a test-arm64-arm64-libvirt-qcow2 1 build-check(1) blocked n/a test-amd64-amd64-libvirt-qemuu-debianhvm-amd64-xsm 1 build-check(1) blocked n/a test-arm64-arm64-libvirt 1 build-check(1) blocked n/a version targeted for testing: libvirt a0d6894af1b1dbe9ec59508748240931c7e72dbd baseline version: libvirt 076a2b409667dd9f716a2a2085e1ffea9d58fe8b Last test of basis 123814 2018-06-05 04:19:23 Z 21 days Failing since 123840 2018-06-06 04:19:28 Z 20 days 18 attempts Testing same since (not found) 0 attempts ------------------------------------------------------------ People who touched revisions under test: Andrea Bolognani <abolo...@redhat.com> Anya Harter <ahar...@redhat.com> Brijesh Singh <brijesh.si...@amd.com> Chen Hanxiao <chenhanx...@gmail.com> Christian Ehrhardt <christian.ehrha...@canonical.com> Cole Robinson <crobi...@redhat.com> Daniel Nicoletti <dantt...@gmail.com> Daniel P. Berrangé <berra...@redhat.com> Erik Skultety <eskul...@redhat.com> Fabiano Fidêncio <fabi...@fidencio.org> Filip Alac <filipa...@gmail.com> intrigeri <intrigeri+libv...@boum.org> intrigeri <intrig...@boum.org> Jamie Strandboge <ja...@canonical.com> Jiri Denemark <jdene...@redhat.com> John Ferlan <jfer...@redhat.com> Julio Faracco <jcfara...@gmail.com> Ján Tomko <jto...@redhat.com> Katerina Koukiou <kkouk...@redhat.com> Laine Stump <la...@laine.org> Laszlo Ersek <ler...@redhat.com> Luyao Huang <lhu...@redhat.com> Marc Hartmayer <mhart...@linux.ibm.com> Martin Kletzander <mklet...@redhat.com> Michal Privoznik <mpriv...@redhat.com> Pavel Hrdina <phrd...@redhat.com> Peter Krempa <pkre...@redhat.com> Pino Toscano <ptosc...@redhat.com> Radostin Stoyanov <rstoyan...@gmail.com> Ramy Elkest <ramyelk...@gmail.com> ramyelkest <ramyelk...@gmail.com> Roman Bogorodskiy <bogorods...@gmail.com> Stefan Bader <stefan.ba...@canonical.com> Stefan Berger <stef...@linux.vnet.ibm.com> Weilun Zhu <zhuwei...@huawei.com> jobs: build-amd64-xsm broken build-arm64-xsm pass build-armhf-xsm preparing build-i386-xsm broken build-amd64 broken build-arm64 pass build-armhf running build-i386 broken build-amd64-libvirt blocked build-arm64-libvirt fail build-armhf-libvirt queued build-i386-libvirt blocked build-amd64-pvops broken build-arm64-pvops pass build-armhf-pvops preparing build-i386-pvops broken test-amd64-amd64-libvirt-qemuu-debianhvm-amd64-xsm blocked test-amd64-i386-libvirt-qemuu-debianhvm-amd64-xsm blocked test-amd64-amd64-libvirt-xsm blocked test-arm64-arm64-libvirt-xsm blocked test-armhf-armhf-libvirt-xsm queued test-amd64-i386-libvirt-xsm blocked test-amd64-amd64-libvirt blocked test-arm64-arm64-libvirt blocked test-armhf-armhf-libvirt queued test-amd64-i386-libvirt blocked test-amd64-amd64-libvirt-pair blocked test-amd64-i386-libvirt-pair blocked test-arm64-arm64-libvirt-qcow2 blocked test-armhf-armhf-libvirt-raw queued test-amd64-amd64-libvirt-vhd blocked ------------------------------------------------------------ sg-report-flight on osstest.test-lab.xenproject.org logs: /home/logs/logs images: /home/logs/images Logs, config files, etc. are available at http://logs.test-lab.xenproject.org/osstest/logs Explanation of these reports, and of osstest in general, is at http://xenbits.xen.org/gitweb/?p=osstest.git;a=blob;f=README.email;hb=master http://xenbits.xen.org/gitweb/?p=osstest.git;a=blob;f=README;hb=master Test harness code can be found at http://xenbits.xen.org/gitweb?p=osstest.git;a=summary broken-job build-amd64-pvops broken broken-job build-amd64 broken broken-job test-armhf-armhf-libvirt-xsm queued broken-job build-amd64-xsm broken broken-job test-armhf-armhf-libvirt-raw queued broken-job build-armhf-libvirt queued broken-job build-i386 broken broken-job build-i386-pvops broken broken-job build-i386-xsm broken broken-job test-armhf-armhf-libvirt queued broken-step build-i386-pvops host-install(4) broken-step build-amd64-xsm host-install(4) broken-step build-amd64-pvops host-install(4) broken-step build-amd64 host-install(4) broken-step build-i386-xsm host-install(4) broken-step build-i386 host-install(4) Not pushing. (No revision log; it would be 4432 lines long.) _______________________________________________ Xen-devel mailing list Xen-devel@lists.xenproject.org https://lists.xenproject.org/mailman/listinfo/xen-devel