flight 124691 qemu-mainline running [real] http://logs.test-lab.xenproject.org/osstest/logs/124691/
Failures and problems with tests :-( Tests which did not succeed and are blocking, including tests which could not be run: build-amd64-pvops <job status> broken build-amd64 <job status> broken build-i386-pvops <job status> broken build-i386-xsm <job status> broken build-amd64-xsm <job status> broken build-i386 <job status> broken build-i386-xsm 4 host-install(4) broken REGR. vs. 124232 build-i386-pvops 4 host-install(4) broken REGR. vs. 124232 build-amd64-xsm 4 host-install(4) broken REGR. vs. 124232 build-amd64 4 host-install(4) broken REGR. vs. 124232 build-amd64-pvops 4 host-install(4) broken REGR. vs. 124232 build-i386 4 host-install(4) broken REGR. vs. 124232 test-armhf-armhf-xl-vhd <none executed> queued build-armhf-libvirt <none executed> queued test-armhf-armhf-xl-xsm <none executed> queued test-armhf-armhf-libvirt-raw <none executed> queued test-armhf-armhf-xl-cubietruck <none executed> queued test-armhf-armhf-libvirt <none executed> queued test-armhf-armhf-libvirt-xsm <none executed> queued test-armhf-armhf-xl-arndale <none executed> queued test-armhf-armhf-xl-rtds <none executed> queued test-armhf-armhf-xl-credit2 <none executed> queued test-armhf-armhf-xl <none executed> queued test-armhf-armhf-xl-multivcpu <none executed> queued build-armhf-pvops 2 hosts-allocate running build-armhf-xsm 2 hosts-allocate running build-armhf 2 hosts-allocate running Tests which did not succeed, but are not blocking: test-amd64-amd64-xl-rtds 1 build-check(1) blocked n/a test-amd64-amd64-xl-shadow 1 build-check(1) blocked n/a test-amd64-amd64-xl-qemuu-debianhvm-amd64-xsm 1 build-check(1) blocked n/a test-amd64-amd64-pygrub 1 build-check(1) blocked n/a test-amd64-i386-xl-qemuu-win10-i386 1 build-check(1) blocked n/a test-amd64-i386-libvirt 1 build-check(1) blocked n/a test-amd64-amd64-libvirt 1 build-check(1) blocked n/a test-amd64-amd64-xl-qemuu-win10-i386 1 build-check(1) blocked n/a test-amd64-amd64-pair 1 build-check(1) blocked n/a test-amd64-i386-libvirt-pair 1 build-check(1) blocked n/a test-amd64-amd64-qemuu-nested-intel 1 build-check(1) blocked n/a test-amd64-i386-xl-qemuu-debianhvm-amd64-shadow 1 build-check(1) blocked n/a test-amd64-amd64-xl-qemuu-win7-amd64 1 build-check(1) blocked n/a test-amd64-i386-qemuu-rhel6hvm-intel 1 build-check(1) blocked n/a test-amd64-amd64-xl-pvhv2-amd 1 build-check(1) blocked n/a build-amd64-libvirt 1 build-check(1) blocked n/a test-amd64-i386-xl 1 build-check(1) blocked n/a test-amd64-amd64-libvirt-vhd 1 build-check(1) blocked n/a test-amd64-i386-qemuu-rhel6hvm-amd 1 build-check(1) blocked n/a test-amd64-amd64-xl-qemuu-debianhvm-amd64 1 build-check(1) blocked n/a test-amd64-i386-xl-shadow 1 build-check(1) blocked n/a test-amd64-amd64-amd64-pvgrub 1 build-check(1) blocked n/a test-amd64-i386-xl-xsm 1 build-check(1) blocked n/a test-amd64-amd64-xl-pvshim 1 build-check(1) blocked n/a test-amd64-i386-xl-pvshim 1 build-check(1) blocked n/a test-amd64-i386-pair 1 build-check(1) blocked n/a test-amd64-amd64-libvirt-pair 1 build-check(1) blocked n/a test-amd64-amd64-xl-pvhv2-intel 1 build-check(1) blocked n/a test-amd64-amd64-i386-pvgrub 1 build-check(1) blocked n/a test-amd64-i386-xl-raw 1 build-check(1) blocked n/a test-amd64-i386-freebsd10-amd64 1 build-check(1) blocked n/a test-amd64-i386-xl-qemuu-debianhvm-amd64-xsm 1 build-check(1) blocked n/a test-amd64-i386-xl-qemuu-dmrestrict-amd64-dmrestrict 1 build-check(1) blocked n/a test-amd64-amd64-qemuu-nested-amd 1 build-check(1) blocked n/a test-amd64-amd64-libvirt-qemuu-debianhvm-amd64-xsm 1 build-check(1) blocked n/a test-amd64-i386-xl-qemuu-ovmf-amd64 1 build-check(1) blocked n/a test-amd64-i386-libvirt-xsm 1 build-check(1) blocked n/a test-amd64-i386-xl-qemuu-win7-amd64 1 build-check(1) blocked n/a test-amd64-amd64-xl-xsm 1 build-check(1) blocked n/a test-amd64-i386-freebsd10-i386 1 build-check(1) blocked n/a test-amd64-amd64-xl-credit2 1 build-check(1) blocked n/a test-amd64-i386-xl-qemuu-debianhvm-amd64 1 build-check(1) blocked n/a test-amd64-amd64-xl-qcow2 1 build-check(1) blocked n/a test-amd64-amd64-xl-qemuu-debianhvm-amd64-shadow 1 build-check(1) blocked n/a test-amd64-i386-libvirt-qemuu-debianhvm-amd64-xsm 1 build-check(1) blocked n/a test-amd64-i386-xl-qemuu-ws16-amd64 1 build-check(1) blocked n/a test-amd64-amd64-xl 1 build-check(1) blocked n/a test-amd64-amd64-libvirt-xsm 1 build-check(1) blocked n/a test-amd64-amd64-xl-multivcpu 1 build-check(1) blocked n/a build-i386-libvirt 1 build-check(1) blocked n/a test-amd64-amd64-xl-qemuu-ws16-amd64 1 build-check(1) blocked n/a test-amd64-amd64-xl-qemuu-dmrestrict-amd64-dmrestrict 1 build-check(1) blocked n/a test-amd64-amd64-xl-qemuu-ovmf-amd64 1 build-check(1) blocked n/a test-arm64-arm64-xl-credit2 13 migrate-support-check fail never pass test-arm64-arm64-xl-credit2 14 saverestore-support-check fail never pass test-arm64-arm64-libvirt-xsm 13 migrate-support-check fail never pass test-arm64-arm64-libvirt-xsm 14 saverestore-support-check fail never pass test-arm64-arm64-xl 13 migrate-support-check fail never pass test-arm64-arm64-xl 14 saverestore-support-check fail never pass test-arm64-arm64-xl-xsm 13 migrate-support-check fail never pass test-arm64-arm64-xl-xsm 14 saverestore-support-check fail never pass version targeted for testing: qemuu 518d23a976b7dad77cfef3e41c3531ac89229b00 baseline version: qemuu 2ef2f16781af9dee6ba6517755e9073ba5799fa2 Last test of basis 124232 2018-06-16 05:04:26 Z 10 days Failing since 124398 2018-06-19 10:36:52 Z 7 days 5 attempts Testing same since (not found) 0 attempts ------------------------------------------------------------ People who touched revisions under test: Alex Bennée <alex.ben...@linaro.org> Alexey Kardashevskiy <a...@ozlabs.ru> Amol Surati <suratia...@gmail.com> Anthony PERARD <anthony.per...@citrix.com> Anton Nefedov <anton.nefe...@virtuozzo.com> Arfrever Frehtes Taifersar Arahesis <arfrever....@gmail.com> BALATON Zoltan <bala...@eik.bme.hu> Christian Borntraeger <borntrae...@de.ibm.com> Cleber Rosa <cr...@redhat.com> Collin Walling <wall...@linux.ibm.com> Cornelia Huck <coh...@redhat.com> Cédric Le Goater <c...@kaod.org> David Gibson <da...@gibson.dropbear.id.au> Dr. David Alan Gilbert <dgilb...@redhat.com> Edgar E. Iglesias <edgar.igles...@xilinx.com> Eduardo Habkost <ehabk...@redhat.com> Emilio G. Cota <c...@braap.org> Eric Auger <eric.au...@redhat.com> Eric Blake <ebl...@redhat.com> Fam Zheng <f...@redhat.com> Gerd Hoffmann <kra...@redhat.com> Greg Kurz <gr...@kaod.org> Halil Pasic <pa...@linux.ibm.com> Igor Mammedov <imamm...@redhat.com> Jason J. Herne <jjhe...@linux.ibm.com> John Arbuckle <programmingk...@gmail.com> Julia Suvorova <jus...@mail.ru> Kevin Wolf <kw...@redhat.com> Laszlo Ersek <ler...@redhat.com> liujunjie <liujunji...@huawei.com> Marc-André Lureau <marcandre.lur...@redhat.com> Mark Cave-Ayland <mark.cave-ayl...@ilande.co.uk> Markus Armbruster <arm...@redhat.com> Matthias Maier <tam...@43-1.org> Max Reitz <mre...@redhat.com> Peter Maydell <peter.mayd...@linaro.org> Peter Xu <pet...@redhat.com> Philippe Mathieu-Daudé <f4...@amsat.org> Richard Henderson <richard.hender...@linaro.org> Sebastian Bauer <m...@sebastianbauer.info> Suraj Jitindar Singh <sjitindarsi...@gmail.com> Thomas Huth <th...@redhat.com> Viktor Mihajlovski <mihaj...@linux.vnet.ibm.com> Vladimir Sementsov-Ogievskiy <vsement...@virtuozzo.com> Zheng Xiang <xiang.zh...@linaro.org> jobs: build-amd64-xsm broken build-arm64-xsm pass build-armhf-xsm preparing build-i386-xsm broken build-amd64 broken build-arm64 pass build-armhf preparing build-i386 broken build-amd64-libvirt blocked build-arm64-libvirt pass build-armhf-libvirt queued build-i386-libvirt blocked build-amd64-pvops broken build-arm64-pvops pass build-armhf-pvops preparing build-i386-pvops broken test-amd64-amd64-xl blocked test-arm64-arm64-xl pass test-armhf-armhf-xl queued test-amd64-i386-xl blocked test-amd64-amd64-libvirt-qemuu-debianhvm-amd64-xsm blocked test-amd64-i386-libvirt-qemuu-debianhvm-amd64-xsm blocked test-amd64-amd64-xl-qemuu-debianhvm-amd64-xsm blocked test-amd64-i386-xl-qemuu-debianhvm-amd64-xsm blocked test-amd64-amd64-libvirt-xsm blocked test-arm64-arm64-libvirt-xsm pass test-armhf-armhf-libvirt-xsm queued test-amd64-i386-libvirt-xsm blocked test-amd64-amd64-xl-xsm blocked test-arm64-arm64-xl-xsm pass test-armhf-armhf-xl-xsm queued test-amd64-i386-xl-xsm blocked test-amd64-amd64-qemuu-nested-amd blocked test-amd64-amd64-xl-pvhv2-amd blocked test-amd64-i386-qemuu-rhel6hvm-amd blocked test-amd64-amd64-xl-qemuu-debianhvm-amd64 blocked test-amd64-i386-xl-qemuu-debianhvm-amd64 blocked test-amd64-i386-freebsd10-amd64 blocked test-amd64-amd64-xl-qemuu-ovmf-amd64 blocked test-amd64-i386-xl-qemuu-ovmf-amd64 blocked test-amd64-amd64-xl-qemuu-win7-amd64 blocked test-amd64-i386-xl-qemuu-win7-amd64 blocked test-amd64-amd64-xl-qemuu-ws16-amd64 blocked test-amd64-i386-xl-qemuu-ws16-amd64 blocked test-armhf-armhf-xl-arndale queued test-amd64-amd64-xl-credit2 blocked test-arm64-arm64-xl-credit2 pass test-armhf-armhf-xl-credit2 queued test-armhf-armhf-xl-cubietruck queued test-amd64-amd64-xl-qemuu-dmrestrict-amd64-dmrestrict blocked test-amd64-i386-xl-qemuu-dmrestrict-amd64-dmrestrict blocked test-amd64-i386-freebsd10-i386 blocked test-amd64-amd64-xl-qemuu-win10-i386 blocked test-amd64-i386-xl-qemuu-win10-i386 blocked test-amd64-amd64-qemuu-nested-intel blocked test-amd64-amd64-xl-pvhv2-intel blocked test-amd64-i386-qemuu-rhel6hvm-intel blocked test-amd64-amd64-libvirt blocked test-armhf-armhf-libvirt queued test-amd64-i386-libvirt blocked test-amd64-amd64-xl-multivcpu blocked test-armhf-armhf-xl-multivcpu queued test-amd64-amd64-pair blocked test-amd64-i386-pair blocked test-amd64-amd64-libvirt-pair blocked test-amd64-i386-libvirt-pair blocked test-amd64-amd64-amd64-pvgrub blocked test-amd64-amd64-i386-pvgrub blocked test-amd64-amd64-xl-pvshim blocked test-amd64-i386-xl-pvshim blocked test-amd64-amd64-pygrub blocked test-amd64-amd64-xl-qcow2 blocked test-armhf-armhf-libvirt-raw queued test-amd64-i386-xl-raw blocked test-amd64-amd64-xl-rtds blocked test-armhf-armhf-xl-rtds queued test-amd64-amd64-xl-qemuu-debianhvm-amd64-shadow blocked test-amd64-i386-xl-qemuu-debianhvm-amd64-shadow blocked test-amd64-amd64-xl-shadow blocked test-amd64-i386-xl-shadow blocked test-amd64-amd64-libvirt-vhd blocked test-armhf-armhf-xl-vhd queued ------------------------------------------------------------ sg-report-flight on osstest.test-lab.xenproject.org logs: /home/logs/logs images: /home/logs/images Logs, config files, etc. are available at http://logs.test-lab.xenproject.org/osstest/logs Explanation of these reports, and of osstest in general, is at http://xenbits.xen.org/gitweb/?p=osstest.git;a=blob;f=README.email;hb=master http://xenbits.xen.org/gitweb/?p=osstest.git;a=blob;f=README;hb=master Test harness code can be found at http://xenbits.xen.org/gitweb?p=osstest.git;a=summary broken-job build-amd64-pvops broken broken-job build-amd64 broken broken-job build-i386-pvops broken broken-job test-armhf-armhf-xl-vhd queued broken-job build-i386-xsm broken broken-job build-armhf-libvirt queued broken-job test-armhf-armhf-xl-xsm queued broken-job build-amd64-xsm broken broken-job test-armhf-armhf-libvirt-raw queued broken-job test-armhf-armhf-xl-cubietruck queued broken-job test-armhf-armhf-libvirt queued broken-job test-armhf-armhf-libvirt-xsm queued broken-job test-armhf-armhf-xl-arndale queued broken-job test-armhf-armhf-xl-rtds queued broken-job test-armhf-armhf-xl-credit2 queued broken-job test-armhf-armhf-xl queued broken-job test-armhf-armhf-xl-multivcpu queued broken-job build-i386 broken broken-step build-i386-xsm host-install(4) broken-step build-i386-pvops host-install(4) broken-step build-amd64-xsm host-install(4) broken-step build-amd64 host-install(4) broken-step build-amd64-pvops host-install(4) broken-step build-i386 host-install(4) Not pushing. (No revision log; it would be 5402 lines long.) _______________________________________________ Xen-devel mailing list Xen-devel@lists.xenproject.org https://lists.xenproject.org/mailman/listinfo/xen-devel