flight 124729 linux-3.18 running [real] http://logs.test-lab.xenproject.org/osstest/logs/124729/
Failures and problems with tests :-( Tests which did not succeed and are blocking, including tests which could not be run: build-amd64-pvops <job status> broken build-i386-pvops <job status> broken build-i386-pvops 4 host-install(4) broken REGR. vs. 123837 build-amd64-pvops 4 host-install(4) broken REGR. vs. 123837 test-amd64-amd64-xl-qemut-win10-i386 <none executed> queued test-amd64-i386-xl-qemuu-ovmf-amd64 <none executed> queued test-amd64-i386-xl-qemuu-ws16-amd64 <none executed> queued test-amd64-i386-examine <none executed> queued test-amd64-amd64-xl-qemut-debianhvm-amd64 <none executed> queued test-amd64-amd64-libvirt-qemuu-debianhvm-amd64-xsm <none executed> queued test-armhf-armhf-xl-credit2 <none executed> queued test-amd64-i386-rumprun-i386 <none executed> queued test-amd64-i386-libvirt-qemuu-debianhvm-amd64-xsm <none executed> queued test-amd64-amd64-pair <none executed> queued test-armhf-armhf-examine <none executed> queued test-amd64-amd64-xl-qemuu-win10-i386 <none executed> queued test-amd64-amd64-xl-rtds <none executed> queued test-armhf-armhf-xl-arndale <none executed> queued test-amd64-amd64-libvirt-pair <none executed> queued test-amd64-amd64-amd64-pvgrub <none executed> queued test-amd64-i386-xl-qemut-stubdom-debianhvm-amd64-xsm <none executed> queued test-amd64-amd64-xl-qemuu-debianhvm-amd64-shadow <none executed> queued test-amd64-i386-xl-qemuu-win10-i386 <none executed> queued test-amd64-amd64-i386-pvgrub <none executed> queued test-amd64-amd64-libvirt <none executed> queued test-amd64-amd64-xl-qemuu-debianhvm-amd64 <none executed> queued test-amd64-i386-xl-raw <none executed> queued test-armhf-armhf-xl-xsm <none executed> queued test-armhf-armhf-libvirt-xsm <none executed> queued test-amd64-amd64-xl-qemuu-win7-amd64 <none executed> queued test-amd64-i386-libvirt <none executed> queued test-amd64-i386-xl-qemut-win10-i386 <none executed> queued test-armhf-armhf-xl-rtds <none executed> queued test-amd64-amd64-xl-pvshim <none executed> queued test-amd64-amd64-xl-shadow <none executed> queued test-armhf-armhf-xl-vhd <none executed> queued test-amd64-i386-freebsd10-i386 <none executed> queued build-amd64-rumprun <none executed> queued test-amd64-amd64-xl-qemuu-ovmf-amd64 <none executed> queued test-armhf-armhf-libvirt <none executed> queued test-amd64-i386-xl <none executed> queued test-amd64-amd64-xl-qemut-debianhvm-amd64-xsm <none executed> queued test-amd64-amd64-xl-credit2 <none executed> queued test-amd64-i386-xl-shadow <none executed> queued test-amd64-i386-qemut-rhel6hvm-amd <none executed> queued test-amd64-i386-xl-qemuu-debianhvm-amd64-shadow <none executed> queued test-amd64-amd64-libvirt-xsm <none executed> queued test-amd64-amd64-xl-qemuu-dmrestrict-amd64-dmrestrict <none executed> queued test-amd64-amd64-rumprun-amd64 <none executed> queued test-amd64-i386-qemuu-rhel6hvm-amd <none executed> queued test-amd64-i386-xl-qemut-debianhvm-amd64-xsm <none executed> queued test-amd64-amd64-xl-xsm <none executed> queued build-armhf-libvirt <none executed> queued test-amd64-amd64-xl-qemut-ws16-amd64 <none executed> queued test-amd64-amd64-qemuu-nested-intel <none executed> queued test-amd64-amd64-xl-qcow2 <none executed> queued test-amd64-i386-xl-qemuu-debianhvm-amd64 <none executed> queued test-amd64-amd64-xl-qemut-stubdom-debianhvm-amd64-xsm <none executed> queued test-amd64-i386-pair <none executed> queued test-armhf-armhf-libvirt-raw <none executed> queued test-amd64-amd64-xl-multivcpu <none executed> queued test-amd64-amd64-xl-pvhv2-amd <none executed> queued test-amd64-i386-freebsd10-amd64 <none executed> queued test-amd64-i386-xl-qemuu-win7-amd64 <none executed> queued test-amd64-i386-xl-qemut-debianhvm-amd64 <none executed> queued build-i386-rumprun <none executed> queued test-amd64-i386-xl-qemuu-debianhvm-amd64-xsm <none executed> queued build-i386-libvirt <none executed> queued test-amd64-i386-xl-qemut-win7-amd64 <none executed> queued test-amd64-amd64-xl-qemuu-ws16-amd64 <none executed> queued test-amd64-amd64-xl-qemuu-debianhvm-amd64-xsm <none executed> queued test-amd64-i386-xl-xsm <none executed> queued test-amd64-amd64-qemuu-nested-amd <none executed> queued test-amd64-i386-libvirt-xsm <none executed> queued test-armhf-armhf-xl-multivcpu <none executed> queued test-amd64-amd64-pygrub <none executed> queued test-amd64-i386-xl-qemuu-dmrestrict-amd64-dmrestrict <none executed> queued test-amd64-amd64-libvirt-vhd <none executed> queued test-amd64-i386-xl-pvshim <none executed> queued test-armhf-armhf-xl-cubietruck <none executed> queued test-amd64-i386-libvirt-pair <none executed> queued test-amd64-amd64-xl-pvhv2-intel <none executed> queued test-armhf-armhf-xl <none executed> queued build-amd64-libvirt <none executed> queued test-amd64-i386-qemuu-rhel6hvm-intel <none executed> queued test-amd64-i386-xl-qemut-ws16-amd64 <none executed> queued test-amd64-amd64-examine <none executed> queued test-amd64-amd64-xl <none executed> queued test-amd64-i386-qemut-rhel6hvm-intel <none executed> queued test-amd64-amd64-xl-qemut-win7-amd64 <none executed> queued build-i386-xsm 2 hosts-allocate running build-armhf-pvops 2 hosts-allocate running build-armhf 2 hosts-allocate running build-armhf-xsm 2 hosts-allocate running build-i386 4 host-install(4) running build-amd64-xsm 4 host-install(4) running build-i386 3 syslog-server running build-amd64 4 host-install(4) running build-amd64-xsm 3 syslog-server running build-amd64 3 syslog-server running Tests which did not succeed, but are not blocking: test-arm64-arm64-xl-xsm 1 build-check(1) blocked n/a test-arm64-arm64-xl 1 build-check(1) blocked n/a test-arm64-arm64-examine 1 build-check(1) blocked n/a test-arm64-arm64-libvirt-xsm 1 build-check(1) blocked n/a test-arm64-arm64-xl-credit2 1 build-check(1) blocked n/a build-arm64-pvops 6 kernel-build fail never pass version targeted for testing: linux 31767764c025981d818b09c004f6e357151a9ca3 baseline version: linux b0b357c20ca6171b8ac698351f5202402b7ad7d5 Last test of basis 123837 2018-06-06 01:50:06 Z 20 days Testing same since 124173 2018-06-13 14:40:49 Z 13 days 7 attempts ------------------------------------------------------------ People who touched revisions under test: Al Viro <v...@zeniv.linux.org.uk> Alexey Kodanev <alexey.koda...@oracle.com> Andrew Morton <a...@linux-foundation.org> Bjørn Mork <bj...@mork.no> Dan Carpenter <dan.carpen...@oracle.com> Daniele Palmas <dnl...@gmail.com> Dave Airlie <airl...@redhat.com> David S. Miller <da...@davemloft.net> Eric Biggers <ebigg...@google.com> Eric Dumazet <eduma...@google.com> Govindarajulu Varadarajan <gvara...@cisco.com> Greg Kroah-Hartman <gre...@linuxfoundation.org> Guenter Roeck <li...@roeck-us.net> Hugh Dickins <hu...@google.com> Jack Morgenstein <ja...@dev.mellanox.co.il> James Hogan <jho...@kernel.org> Jiri Pirko <j...@mellanox.com> Johannes Berg <johannes.b...@intel.com> Joonas Lahtinen <joonas.lahti...@linux.intel.com> Julia Lawall <julia.law...@lip6.fr> Linus Torvalds <torva...@linux-foundation.org> Maciej W. Rozycki <ma...@mips.com> Mel Gorman <mgor...@techsingularity.net> Minchan Kim <minc...@kernel.org> Neal Cardwell <ncardw...@google.com> Ondrej Zary <li...@rainbow-software.org> Paul Moore <p...@paul-moore.com> Sabrina Dubroca <s...@queasysnail.net> Sachin Grover <sgro...@codeaurora.org> Soheil Hassas Yeganeh <soh...@google.com> Steven Rostedt (VMware) <rost...@goodmis.org> Tariq Toukan <tar...@mellanox.com> Ville Syrjälä <ville.syrj...@linux.intel.com> Wei Wang <wei...@google.com> Wenwen Wang <wang6...@umn.edu> jobs: build-amd64-xsm running build-arm64-xsm pass build-armhf-xsm preparing build-i386-xsm preparing build-amd64 running build-arm64 pass build-armhf preparing build-i386 running build-amd64-libvirt queued build-arm64-libvirt pass build-armhf-libvirt queued build-i386-libvirt queued build-amd64-pvops broken build-arm64-pvops fail build-armhf-pvops preparing build-i386-pvops broken build-amd64-rumprun queued build-i386-rumprun queued test-amd64-amd64-xl queued test-arm64-arm64-xl blocked test-armhf-armhf-xl queued test-amd64-i386-xl queued test-amd64-amd64-xl-qemut-debianhvm-amd64-xsm queued test-amd64-i386-xl-qemut-debianhvm-amd64-xsm queued test-amd64-amd64-libvirt-qemuu-debianhvm-amd64-xsm queued test-amd64-i386-libvirt-qemuu-debianhvm-amd64-xsm queued test-amd64-amd64-xl-qemuu-debianhvm-amd64-xsm queued test-amd64-i386-xl-qemuu-debianhvm-amd64-xsm queued test-amd64-amd64-xl-qemut-stubdom-debianhvm-amd64-xsm queued test-amd64-i386-xl-qemut-stubdom-debianhvm-amd64-xsm queued test-amd64-amd64-libvirt-xsm queued test-arm64-arm64-libvirt-xsm blocked test-armhf-armhf-libvirt-xsm queued test-amd64-i386-libvirt-xsm queued test-amd64-amd64-xl-xsm queued test-arm64-arm64-xl-xsm blocked test-armhf-armhf-xl-xsm queued test-amd64-i386-xl-xsm queued test-amd64-amd64-qemuu-nested-amd queued test-amd64-amd64-xl-pvhv2-amd queued test-amd64-i386-qemut-rhel6hvm-amd queued test-amd64-i386-qemuu-rhel6hvm-amd queued test-amd64-amd64-xl-qemut-debianhvm-amd64 queued test-amd64-i386-xl-qemut-debianhvm-amd64 queued test-amd64-amd64-xl-qemuu-debianhvm-amd64 queued test-amd64-i386-xl-qemuu-debianhvm-amd64 queued test-amd64-i386-freebsd10-amd64 queued test-amd64-amd64-xl-qemuu-ovmf-amd64 queued test-amd64-i386-xl-qemuu-ovmf-amd64 queued test-amd64-amd64-rumprun-amd64 queued test-amd64-amd64-xl-qemut-win7-amd64 queued test-amd64-i386-xl-qemut-win7-amd64 queued test-amd64-amd64-xl-qemuu-win7-amd64 queued test-amd64-i386-xl-qemuu-win7-amd64 queued test-amd64-amd64-xl-qemut-ws16-amd64 queued test-amd64-i386-xl-qemut-ws16-amd64 queued test-amd64-amd64-xl-qemuu-ws16-amd64 queued test-amd64-i386-xl-qemuu-ws16-amd64 queued test-armhf-armhf-xl-arndale queued test-amd64-amd64-xl-credit2 queued test-arm64-arm64-xl-credit2 blocked test-armhf-armhf-xl-credit2 queued test-armhf-armhf-xl-cubietruck queued test-amd64-amd64-xl-qemuu-dmrestrict-amd64-dmrestrict queued test-amd64-i386-xl-qemuu-dmrestrict-amd64-dmrestrict queued test-amd64-amd64-examine queued test-arm64-arm64-examine blocked test-armhf-armhf-examine queued test-amd64-i386-examine queued test-amd64-i386-freebsd10-i386 queued test-amd64-i386-rumprun-i386 queued test-amd64-amd64-xl-qemut-win10-i386 queued test-amd64-i386-xl-qemut-win10-i386 queued test-amd64-amd64-xl-qemuu-win10-i386 queued test-amd64-i386-xl-qemuu-win10-i386 queued test-amd64-amd64-qemuu-nested-intel queued test-amd64-amd64-xl-pvhv2-intel queued test-amd64-i386-qemut-rhel6hvm-intel queued test-amd64-i386-qemuu-rhel6hvm-intel queued test-amd64-amd64-libvirt queued test-armhf-armhf-libvirt queued test-amd64-i386-libvirt queued test-amd64-amd64-xl-multivcpu queued test-armhf-armhf-xl-multivcpu queued test-amd64-amd64-pair queued test-amd64-i386-pair queued test-amd64-amd64-libvirt-pair queued test-amd64-i386-libvirt-pair queued test-amd64-amd64-amd64-pvgrub queued test-amd64-amd64-i386-pvgrub queued test-amd64-amd64-xl-pvshim queued test-amd64-i386-xl-pvshim queued test-amd64-amd64-pygrub queued test-amd64-amd64-xl-qcow2 queued test-armhf-armhf-libvirt-raw queued test-amd64-i386-xl-raw queued test-amd64-amd64-xl-rtds queued test-armhf-armhf-xl-rtds queued test-amd64-amd64-xl-qemuu-debianhvm-amd64-shadow queued test-amd64-i386-xl-qemuu-debianhvm-amd64-shadow queued test-amd64-amd64-xl-shadow queued test-amd64-i386-xl-shadow queued test-amd64-amd64-libvirt-vhd queued test-armhf-armhf-xl-vhd queued ------------------------------------------------------------ sg-report-flight on osstest.test-lab.xenproject.org logs: /home/logs/logs images: /home/logs/images Logs, config files, etc. are available at http://logs.test-lab.xenproject.org/osstest/logs Explanation of these reports, and of osstest in general, is at http://xenbits.xen.org/gitweb/?p=osstest.git;a=blob;f=README.email;hb=master http://xenbits.xen.org/gitweb/?p=osstest.git;a=blob;f=README;hb=master Test harness code can be found at http://xenbits.xen.org/gitweb?p=osstest.git;a=summary broken-job test-amd64-amd64-xl-qemut-win10-i386 queued broken-job test-amd64-i386-xl-qemuu-ovmf-amd64 queued broken-job test-amd64-i386-xl-qemuu-ws16-amd64 queued broken-job test-amd64-i386-examine queued broken-job test-amd64-amd64-xl-qemut-debianhvm-amd64 queued broken-job test-amd64-amd64-libvirt-qemuu-debianhvm-amd64-xsm queued broken-job test-armhf-armhf-xl-credit2 queued broken-job test-amd64-i386-rumprun-i386 queued broken-job test-amd64-i386-libvirt-qemuu-debianhvm-amd64-xsm queued broken-job test-amd64-amd64-pair queued broken-job test-armhf-armhf-examine queued broken-job test-amd64-amd64-xl-qemuu-win10-i386 queued broken-job test-amd64-amd64-xl-rtds queued broken-job test-armhf-armhf-xl-arndale queued broken-job test-amd64-amd64-libvirt-pair queued broken-job test-amd64-amd64-amd64-pvgrub queued broken-job test-amd64-i386-xl-qemut-stubdom-debianhvm-amd64-xsm queued broken-job test-amd64-amd64-xl-qemuu-debianhvm-amd64-shadow queued broken-job test-amd64-i386-xl-qemuu-win10-i386 queued broken-job test-amd64-amd64-i386-pvgrub queued broken-job test-amd64-amd64-libvirt queued broken-job test-amd64-amd64-xl-qemuu-debianhvm-amd64 queued broken-job test-amd64-i386-xl-raw queued broken-job test-armhf-armhf-xl-xsm queued broken-job build-amd64-pvops broken broken-job test-armhf-armhf-libvirt-xsm queued broken-job test-amd64-amd64-xl-qemuu-win7-amd64 queued broken-job test-amd64-i386-libvirt queued broken-job test-amd64-i386-xl-qemut-win10-i386 queued broken-job test-armhf-armhf-xl-rtds queued broken-job test-amd64-amd64-xl-pvshim queued broken-job test-amd64-amd64-xl-shadow queued broken-job test-armhf-armhf-xl-vhd queued broken-job test-amd64-i386-freebsd10-i386 queued broken-job build-amd64-rumprun queued broken-job test-amd64-amd64-xl-qemuu-ovmf-amd64 queued broken-job test-armhf-armhf-libvirt queued broken-job test-amd64-i386-xl queued broken-job test-amd64-amd64-xl-qemut-debianhvm-amd64-xsm queued broken-job test-amd64-amd64-xl-credit2 queued broken-job test-amd64-i386-xl-shadow queued broken-job test-amd64-i386-qemut-rhel6hvm-amd queued broken-job test-amd64-i386-xl-qemuu-debianhvm-amd64-shadow queued broken-job test-amd64-amd64-libvirt-xsm queued broken-job test-amd64-amd64-xl-qemuu-dmrestrict-amd64-dmrestrict queued broken-job test-amd64-amd64-rumprun-amd64 queued broken-job test-amd64-i386-qemuu-rhel6hvm-amd queued broken-job build-i386-pvops broken broken-job test-amd64-i386-xl-qemut-debianhvm-amd64-xsm queued broken-job test-amd64-amd64-xl-xsm queued broken-job build-armhf-libvirt queued broken-job test-amd64-amd64-xl-qemut-ws16-amd64 queued broken-job test-amd64-amd64-qemuu-nested-intel queued broken-job test-amd64-amd64-xl-qcow2 queued broken-job test-amd64-i386-xl-qemuu-debianhvm-amd64 queued broken-job test-amd64-amd64-xl-qemut-stubdom-debianhvm-amd64-xsm queued broken-job test-amd64-i386-pair queued broken-job test-armhf-armhf-libvirt-raw queued broken-job test-amd64-amd64-xl-multivcpu queued broken-job test-amd64-amd64-xl-pvhv2-amd queued broken-job test-amd64-i386-freebsd10-amd64 queued broken-job test-amd64-i386-xl-qemuu-win7-amd64 queued broken-job test-amd64-i386-xl-qemut-debianhvm-amd64 queued broken-job build-i386-rumprun queued broken-job test-amd64-i386-xl-qemuu-debianhvm-amd64-xsm queued broken-job build-i386-libvirt queued broken-job test-amd64-i386-xl-qemut-win7-amd64 queued broken-job test-amd64-amd64-xl-qemuu-ws16-amd64 queued broken-job test-amd64-amd64-xl-qemuu-debianhvm-amd64-xsm queued broken-job test-amd64-i386-xl-xsm queued broken-job test-amd64-amd64-qemuu-nested-amd queued broken-job test-amd64-i386-libvirt-xsm queued broken-job test-armhf-armhf-xl-multivcpu queued broken-job test-amd64-amd64-pygrub queued broken-job test-amd64-i386-xl-qemuu-dmrestrict-amd64-dmrestrict queued broken-job test-amd64-amd64-libvirt-vhd queued broken-job test-amd64-i386-xl-pvshim queued broken-job test-armhf-armhf-xl-cubietruck queued broken-job test-amd64-i386-libvirt-pair queued broken-job test-amd64-amd64-xl-pvhv2-intel queued broken-job test-armhf-armhf-xl queued broken-job build-amd64-libvirt queued broken-job test-amd64-i386-qemuu-rhel6hvm-intel queued broken-job test-amd64-i386-xl-qemut-ws16-amd64 queued broken-job test-amd64-amd64-examine queued broken-job test-amd64-amd64-xl queued broken-job test-amd64-i386-qemut-rhel6hvm-intel queued broken-job test-amd64-amd64-xl-qemut-win7-amd64 queued broken-step build-i386-pvops host-install(4) broken-step build-amd64-pvops host-install(4) Not pushing. (No revision log; it would be 888 lines long.) _______________________________________________ Xen-devel mailing list Xen-devel@lists.xenproject.org https://lists.xenproject.org/mailman/listinfo/xen-devel