flight 187219 xen-unstable-smoke real [real] http://logs.test-lab.xenproject.org/osstest/logs/187219/
Failures :-/ but no regressions. Tests which did not succeed, but are not blocking: test-amd64-amd64-libvirt 15 migrate-support-check fail never pass test-arm64-arm64-xl-xsm 15 migrate-support-check fail never pass test-arm64-arm64-xl-xsm 16 saverestore-support-check fail never pass test-armhf-armhf-xl 15 migrate-support-check fail never pass test-armhf-armhf-xl 16 saverestore-support-check fail never pass version targeted for testing: xen 98a462f8b169f93ab7463023f0ed94575f8225b4 baseline version: xen d61248b0fa2cdfc0be1d806c43d1b211a72b5d49 Last test of basis 187203 2024-08-10 01:02:14 Z 3 days Testing same since 187219 2024-08-12 23:00:28 Z 0 days 1 attempts ------------------------------------------------------------ People who touched revisions under test: Stefano Stabellini <stefano.stabell...@amd.com> jobs: build-arm64-xsm pass build-amd64 pass build-armhf pass build-amd64-libvirt pass test-armhf-armhf-xl pass test-arm64-arm64-xl-xsm pass test-amd64-amd64-xl-qemuu-debianhvm-amd64 pass test-amd64-amd64-libvirt pass ------------------------------------------------------------ sg-report-flight on osstest.test-lab.xenproject.org logs: /home/logs/logs images: /home/logs/images Logs, config files, etc. are available at http://logs.test-lab.xenproject.org/osstest/logs Explanation of these reports, and of osstest in general, is at http://xenbits.xen.org/gitweb/?p=osstest.git;a=blob;f=README.email;hb=master http://xenbits.xen.org/gitweb/?p=osstest.git;a=blob;f=README;hb=master Test harness code can be found at http://xenbits.xen.org/gitweb?p=osstest.git;a=summary Pushing revision : To xenbits.xen.org:/home/xen/git/xen.git d61248b0fa..98a462f8b1 98a462f8b169f93ab7463023f0ed94575f8225b4 -> smoke