flight 124705 freebsd-master real [real]
http://logs.test-lab.xenproject.org/osstest/logs/124705/

Regressions :-(

Tests which did not succeed and are blocking,
including tests which could not be run:
 build-amd64-freebsd           7 freebsd-build            fail REGR. vs. 124694

Tests which did not succeed, but are not blocking:
 build-amd64-freebsd-again     1 build-check(1)               blocked  n/a

version targeted for testing:
 freebsd              7be3b79d504b486f540662e934f081c849ff196c
baseline version:
 freebsd              c8b8ae9609edaaa7f1704c9ee9c7ced6fe172749

Last test of basis   124694  2018-06-25 14:10:30 Z    0 days
Testing same since   124705  2018-06-25 21:17:06 Z    0 days    1 attempts

------------------------------------------------------------
People who touched revisions under test:
  adrian <adr...@freebsd.org>
  adridg <adr...@freebsd.org>
  ae <a...@freebsd.org>
  ak <a...@freebsd.org>
  alc <a...@freebsd.org>
  allanjude <allanj...@freebsd.org>
  amdmi3 <amd...@freebsd.org>
  andreast <andre...@freebsd.org>
  andrew <and...@freebsd.org>
  anish <an...@freebsd.org>
  antoine <anto...@freebsd.org>
  araujo <ara...@freebsd.org>
  arichardson <arichard...@freebsd.org>
  arrowd <arr...@freebsd.org>
  asomers <asom...@freebsd.org>
  avg <a...@freebsd.org>
  avos <a...@freebsd.org>
  bapt <b...@freebsd.org>
  bcr <b...@freebsd.org>
  bcran <bc...@freebsd.org>
  bde <b...@freebsd.org>
  bdrewery <bdrew...@freebsd.org>
  benno <be...@freebsd.org>
  bhd <b...@freebsd.org>
  bhughes <bhug...@freebsd.org>
  bjk <b...@freebsd.org>
  bms <b...@freebsd.org>
  br <b...@freebsd.org>
  brd <b...@freebsd.org>
  Brian Behlendorf <behlendo...@llnl.gov>
  brooks <bro...@freebsd.org>
  bryanv <bry...@freebsd.org>
  bz <b...@freebsd.org>
  cem <c...@freebsd.org>
  chuck <ch...@freebsd.org>
  cmt <c...@freebsd.org>
  cognet <cog...@freebsd.org>
  cperciva <cperc...@freebsd.org>
  csjp <c...@freebsd.org>
  cy <c...@freebsd.org>
  dab <d...@freebsd.org>
  danfe <da...@freebsd.org>
  davidcs <davi...@freebsd.org>
  db <d...@freebsd.org>
  dch <d...@freebsd.org>
  dchagin <dcha...@freebsd.org>
  def <d...@freebsd.org>
  delphij <delp...@freebsd.org>
  des <d...@freebsd.org>
  dexter <dex...@freebsd.org>
  dexuan <dex...@freebsd.org>
  dim <d...@freebsd.org>
  dru <d...@freebsd.org>
  dteske <dte...@freebsd.org>
  dumbbell <dumbb...@freebsd.org>
  eadler <ead...@freebsd.org>
  ed <e...@freebsd.org>
  emaste <ema...@freebsd.org>
  emax <e...@freebsd.org>
  ericbsd <eric...@freebsd.org>
  erj <e...@freebsd.org>
  eugen <eu...@freebsd.org>
  fabient <fabi...@freebsd.org>
  feld <f...@freebsd.org>
  fernape <fern...@freebsd.org>
  fsu <f...@freebsd.org>
  gad <g...@freebsd.org>
  gahr <g...@freebsd.org>
  gallatin <galla...@freebsd.org>
  garga <ga...@freebsd.org>
  gavin <ga...@freebsd.org>
  gjb <g...@freebsd.org>
  glebius <gleb...@freebsd.org>
  gnn <g...@freebsd.org>
  gonzo <go...@freebsd.org>
  gordon <gor...@freebsd.org>
  grehan <gre...@freebsd.org>
  grembo <gre...@freebsd.org>
  grog <g...@freebsd.org>
  Guy Harris <g...@alum.mit.edu>
  hrs <h...@freebsd.org>
  hselasky <hsela...@freebsd.org>
  ian <i...@freebsd.org>
  imp <i...@freebsd.org>
  jah <j...@freebsd.org>
  jamie <ja...@freebsd.org>
  jasone <jas...@freebsd.org>
  jch <j...@freebsd.org>
  jeb <j...@freebsd.org>
  jeff <j...@freebsd.org>
  jhb <j...@freebsd.org>
  jhibbits <jhibb...@freebsd.org>
  jilles <jil...@freebsd.org>
  jkim <j...@freebsd.org>
  jlh <j...@freebsd.org>
  jmcneill <jmcne...@freebsd.org>
  jmg <j...@freebsd.org>
  jonathan <jonat...@freebsd.org>
  joneum <jon...@freebsd.org>
  jpaetzel <jpaet...@freebsd.org>
  jtl <j...@freebsd.org>
  junovitch <junovi...@freebsd.org>
  jwb <j...@freebsd.org>
  kan <k...@freebsd.org>
  karels <kar...@freebsd.org>
  ken <k...@freebsd.org>
  kevans <kev...@freebsd.org>
  kevlo <ke...@freebsd.org>
  kib <k...@freebsd.org>
  kibab <ki...@freebsd.org>
  kp <k...@freebsd.org>
  krion <kr...@freebsd.org>
  landonf <land...@freebsd.org>
  leitao <lei...@freebsd.org>
  leres <le...@freebsd.org>
  lev <l...@freebsd.org>
  lidl <l...@freebsd.org>
  lifanov <lifa...@freebsd.org>
  loos <l...@freebsd.org>
  lstewart <lstew...@freebsd.org>
  luporl <lup...@freebsd.org>
  lwhsu <lw...@freebsd.org>
  manu <m...@freebsd.org>
  marcel <mar...@freebsd.org>
  marius <mar...@freebsd.org>
  markj <ma...@freebsd.org>
  markm <ma...@freebsd.org>
  mav <m...@freebsd.org>
  maxim <ma...@freebsd.org>
  mckusick <mckus...@freebsd.org>
  melifaro <melif...@freebsd.org>
  mfechner <mfech...@freebsd.org>
  mizhka <miz...@freebsd.org>
  mjg <m...@freebsd.org>
  mjoras <mjo...@freebsd.org>
  mm <m...@freebsd.org>
  mmacy <mm...@freebsd.org>
  mmel <m...@freebsd.org>
  mp <m...@freebsd.org>
  mw <m...@freebsd.org>
  n_hibma <n_hi...@freebsd.org>
  ngie <n...@freebsd.org>
  novel <no...@freebsd.org>
  np <n...@freebsd.org>
  nwhitehorn <nwhiteh...@freebsd.org>
  nyan <n...@freebsd.org>
  obrien <obr...@freebsd.org>
  ohauer <oha...@freebsd.org>
  oleg <o...@freebsd.org>
  oshogbo <osho...@freebsd.org>
  pawel <pa...@freebsd.org>
  peter <pe...@freebsd.org>
  pfg <p...@freebsd.org>
  phil <p...@freebsd.org>
  philip <phi...@freebsd.org>
  phk <p...@freebsd.org>
  pi <p...@freebsd.org>
  pizzamig <pizza...@freebsd.org>
  pkelsey <pkel...@freebsd.org>
  pstef <ps...@freebsd.org>
  ram <r...@freebsd.org>
  rcyu <r...@freebsd.org>
  remko <re...@freebsd.org>
  rgrimes <rgri...@freebsd.org>
  riggs <ri...@freebsd.org>
  rlibby <rli...@freebsd.org>
  rmacklem <rmack...@freebsd.org>
  robak <ro...@freebsd.org>
  rodrigo <rodr...@freebsd.org>
  romain <rom...@freebsd.org>
  royger <roy...@freebsd.org>
  rpaulo <rpa...@freebsd.org>
  rpokala <rpok...@freebsd.org>
  rrs <r...@freebsd.org>
  rstone <rst...@freebsd.org>
  ru <r...@freebsd.org>
  sbruno <sbr...@freebsd.org>
  schweikh <schwe...@freebsd.org>
  scottl <sco...@freebsd.org>
  se <s...@freebsd.org>
  seanc <se...@freebsd.org>
  sef <s...@freebsd.org>
  sephe <se...@freebsd.org>
  sevan <se...@freebsd.org>
  sgalabov <sgala...@freebsd.org>
  shurd <sh...@freebsd.org>
  silby <si...@freebsd.org>
  sjg <s...@freebsd.org>
  skra <s...@freebsd.org>
  slavash <slav...@freebsd.org>
  smh <s...@freebsd.org>
  sobomax <sobo...@freebsd.org>
  stevek <ste...@freebsd.org>
  swills <swi...@freebsd.org>
  taras <ta...@freebsd.org>
  tcberner <tcber...@freebsd.org>
  theraven <thera...@freebsd.org>
  thj <t...@freebsd.org>
  tijl <t...@freebsd.org>
  trasz <tr...@freebsd.org>
  truckman <truck...@freebsd.org>
  tsoome <tso...@freebsd.org>
  tuexen <tue...@freebsd.org>
  tychon <tyc...@freebsd.org>
  ume <u...@freebsd.org>
  vangyzen <vangy...@freebsd.org>
  vmaffione <vmaffi...@freebsd.org>
  wblock <wbl...@freebsd.org>
  wen <w...@freebsd.org>
  will <w...@freebsd.org>
  wma <w...@freebsd.org>
  wollman <woll...@freebsd.org>
  wosch <wo...@freebsd.org>
  wulf <w...@freebsd.org>
  ygy <y...@freebsd.org>
  yuri <y...@freebsd.org>
  zbb <z...@freebsd.org>
  zec <z...@freebsd.org>
  zeising <zeis...@freebsd.org>

jobs:
 build-amd64-freebsd-again                                    blocked 
 build-amd64-freebsd                                          fail    


------------------------------------------------------------
sg-report-flight on osstest.test-lab.xenproject.org
logs: /home/logs/logs
images: /home/logs/images

Logs, config files, etc. are available at
    http://logs.test-lab.xenproject.org/osstest/logs

Explanation of these reports, and of osstest in general, is at
    http://xenbits.xen.org/gitweb/?p=osstest.git;a=blob;f=README.email;hb=master
    http://xenbits.xen.org/gitweb/?p=osstest.git;a=blob;f=README;hb=master

Test harness code can be found at
    http://xenbits.xen.org/gitweb?p=osstest.git;a=summary


Not pushing.

(No revision log; it would be 119410 lines long.)

_______________________________________________
Xen-devel mailing list
Xen-devel@lists.xenproject.org
https://lists.xenproject.org/mailman/listinfo/xen-devel

Reply via email to