flight 186966 xen-unstable-smoke real [real] http://logs.test-lab.xenproject.org/osstest/logs/186966/
Failures :-/ but no regressions. Tests which did not succeed, but are not blocking: test-amd64-amd64-libvirt 15 migrate-support-check fail never pass test-arm64-arm64-xl-xsm 15 migrate-support-check fail never pass test-arm64-arm64-xl-xsm 16 saverestore-support-check fail never pass test-armhf-armhf-xl 15 migrate-support-check fail never pass test-armhf-armhf-xl 16 saverestore-support-check fail never pass version targeted for testing: xen fa58fcdc8cc38b5b73a59209a630ea7170eac713 baseline version: xen c4bdb14b80a1751ba622f3e48a4b91401c67867d Last test of basis 186953 2024-07-22 20:03:59 Z 0 days Testing same since 186966 2024-07-23 13:00:22 Z 0 days 1 attempts ------------------------------------------------------------ People who touched revisions under test: Alessandro Zucchelli <alessandro.zucche...@bugseng.com> Jan Beulich <jbeul...@suse.com> Marek Marczykowski-Górecki <marma...@invisiblethingslab.com> Nicola Vetrini <nicola.vetr...@bugseng.com> Roger Pau Monné <roger....@citrix.com> Tamas K Lengyel <ta...@tklengyel.com> jobs: build-arm64-xsm pass build-amd64 pass build-armhf pass build-amd64-libvirt pass test-armhf-armhf-xl pass test-arm64-arm64-xl-xsm pass test-amd64-amd64-xl-qemuu-debianhvm-amd64 pass test-amd64-amd64-libvirt pass ------------------------------------------------------------ sg-report-flight on osstest.test-lab.xenproject.org logs: /home/logs/logs images: /home/logs/images Logs, config files, etc. are available at http://logs.test-lab.xenproject.org/osstest/logs Explanation of these reports, and of osstest in general, is at http://xenbits.xen.org/gitweb/?p=osstest.git;a=blob;f=README.email;hb=master http://xenbits.xen.org/gitweb/?p=osstest.git;a=blob;f=README;hb=master Test harness code can be found at http://xenbits.xen.org/gitweb?p=osstest.git;a=summary Pushing revision : To xenbits.xen.org:/home/xen/git/xen.git c4bdb14b80..fa58fcdc8c fa58fcdc8cc38b5b73a59209a630ea7170eac713 -> smoke