flight 186816 linux-linus real [real]
flight 186824 linux-linus real-retest [real]
http://logs.test-lab.xenproject.org/osstest/logs/186816/
http://logs.test-lab.xenproject.org/osstest/logs/186824/

Regressions :-(

Tests which did not succeed and are blocking,
including tests which could not be run:
 test-armhf-armhf-libvirt-vhd 17 guest-start/debian.repeat fail REGR. vs. 186811

Tests which are failing intermittently (not blocking):
 test-armhf-armhf-libvirt-vhd  8 xen-boot         fail in 186824 pass in 186816
 test-armhf-armhf-xl-credit2   8 xen-boot            fail pass in 186824-retest
 test-armhf-armhf-xl-arndale  10 host-ping-check-xen fail pass in 186824-retest
 test-amd64-amd64-xl-qemut-debianhvm-i386-xsm 12 debian-hvm-install fail pass 
in 186824-retest

Tests which did not succeed, but are not blocking:
 test-armhf-armhf-xl-credit2 15 migrate-support-check fail in 186824 never pass
 test-armhf-armhf-xl-credit2 16 saverestore-support-check fail in 186824 never 
pass
 test-armhf-armhf-xl-arndale 15 migrate-support-check fail in 186824 never pass
 test-armhf-armhf-xl-arndale 16 saverestore-support-check fail in 186824 never 
pass
 test-amd64-amd64-xl-qemut-win7-amd64 19 guest-stop            fail like 186811
 test-amd64-amd64-xl-qemuu-win7-amd64 19 guest-stop            fail like 186811
 test-armhf-armhf-libvirt      8 xen-boot                     fail  like 186811
 test-amd64-amd64-xl-qemuu-ws16-amd64 19 guest-stop            fail like 186811
 test-amd64-amd64-xl-qemut-ws16-amd64 19 guest-stop            fail like 186811
 test-amd64-amd64-qemuu-nested-amd 20 debian-hvm-install/l1/l2 fail like 186811
 test-amd64-amd64-libvirt-xsm 15 migrate-support-check        fail   never pass
 test-amd64-amd64-libvirt     15 migrate-support-check        fail   never pass
 test-arm64-arm64-xl-credit1  15 migrate-support-check        fail   never pass
 test-arm64-arm64-xl-credit1  16 saverestore-support-check    fail   never pass
 test-arm64-arm64-xl          15 migrate-support-check        fail   never pass
 test-arm64-arm64-xl-credit2  15 migrate-support-check        fail   never pass
 test-arm64-arm64-xl          16 saverestore-support-check    fail   never pass
 test-arm64-arm64-xl-credit2  16 saverestore-support-check    fail   never pass
 test-armhf-armhf-xl-credit1  15 migrate-support-check        fail   never pass
 test-armhf-armhf-xl-credit1  16 saverestore-support-check    fail   never pass
 test-arm64-arm64-xl-thunderx 15 migrate-support-check        fail   never pass
 test-arm64-arm64-xl-thunderx 16 saverestore-support-check    fail   never pass
 test-arm64-arm64-xl-xsm      15 migrate-support-check        fail   never pass
 test-arm64-arm64-xl-xsm      16 saverestore-support-check    fail   never pass
 test-amd64-amd64-libvirt-qemuu-debianhvm-amd64-xsm 13 migrate-support-check 
fail never pass
 test-armhf-armhf-xl-rtds     15 migrate-support-check        fail   never pass
 test-armhf-armhf-xl-rtds     16 saverestore-support-check    fail   never pass
 test-arm64-arm64-libvirt-xsm 15 migrate-support-check        fail   never pass
 test-arm64-arm64-libvirt-xsm 16 saverestore-support-check    fail   never pass
 test-amd64-amd64-libvirt-qcow2 14 migrate-support-check        fail never pass
 test-amd64-amd64-libvirt-raw 14 migrate-support-check        fail   never pass
 test-armhf-armhf-xl          15 migrate-support-check        fail   never pass
 test-armhf-armhf-xl          16 saverestore-support-check    fail   never pass
 test-amd64-amd64-libvirt-vhd 14 migrate-support-check        fail   never pass
 test-arm64-arm64-libvirt-raw 14 migrate-support-check        fail   never pass
 test-arm64-arm64-libvirt-raw 15 saverestore-support-check    fail   never pass
 test-arm64-arm64-xl-vhd      14 migrate-support-check        fail   never pass
 test-arm64-arm64-xl-vhd      15 saverestore-support-check    fail   never pass
 test-armhf-armhf-xl-qcow2    14 migrate-support-check        fail   never pass
 test-armhf-armhf-xl-qcow2    15 saverestore-support-check    fail   never pass
 test-armhf-armhf-xl-raw      14 migrate-support-check        fail   never pass
 test-armhf-armhf-xl-raw      15 saverestore-support-check    fail   never pass
 test-armhf-armhf-libvirt-vhd 14 migrate-support-check        fail   never pass
 test-armhf-armhf-libvirt-vhd 15 saverestore-support-check    fail   never pass
 test-armhf-armhf-xl-multivcpu 15 migrate-support-check        fail  never pass
 test-armhf-armhf-xl-multivcpu 16 saverestore-support-check    fail  never pass

version targeted for testing:
 linux                d67978318827d06f1c0fa4c31343a279e9df6fde
baseline version:
 linux                3e7819886281e077e82006fe4804b0d6b0f5643b

Last test of basis   186811  2024-07-15 23:14:03 Z    0 days
Testing same since   186816  2024-07-16 09:44:08 Z    0 days    1 attempts

------------------------------------------------------------
People who touched revisions under test:
  Abel Vesa <abel.v...@linaro.org>
  Adrian Hunter <adrian.hun...@intel.com>
  Alan Stern <st...@rowland.harvard.edu>
  Aleksandr Mezin <mezin.alexan...@gmail.com>
  Alex Vdovydchenko <xz...@yahoo.com>
  Alexey Makhalov <alexey.makha...@broadcom.com>
  Alina Yu <alina...@richtek.com>
  Alison Schofield <alison.schofi...@intel.com>
  Allen Pais <allen.l...@gmail.com>
  Amit Kumar Mahapatra <amit.kumar-mahapa...@amd.com>
  Amit Pundir <amit.pun...@linaro.org>
  Amna Waseem <amna.was...@axis.com>
  Andre Przywara <andre.przyw...@arm.com>
  Andrea della Porta <andrea.po...@suse.com>
  Andrea Parri <parri.and...@gmail.com>
  Andreas Kemnade <andr...@kemnade.info>
  Andrew Cooper <andrew.coop...@citrix.com>
  Andrew Davis <a...@ti.com>
  Andrew Jeffery <and...@codeconstruct.com.au>
  Andy Shevchenko <andriy.shevche...@linux.intel.com>
  Andy Shevchenko <andy.shevche...@gmail.com>
  Andy Shevchenko <a...@kernel.org>
  AngeloGioacchino Del Regno <angelogioacchino.delre...@collabora.com>
  Anna-Maria Behnsen <anna-ma...@linutronix.de>
  Anshuman Khandual <anshuman.khand...@arm.com>
  Armin Wolf <w_ar...@gmx.de>
  Arnd Bergmann <a...@arndb.de>
  Ashish Kalra <ashish.ka...@amd.com>
  Aubin Constans <aubin.const...@microchip.com>
  Bartosz Golaszewski <bartosz.golaszew...@linaro.org>
  Bastien Curutchet <bastien.curutc...@bootlin.com>
  Ben Walsh <b...@jubnut.com>
  Bert Karwatzki <spassw...@web.de>
  Biju Das <biju.das...@bp.renesas.com>
  Bjorn Andersson <anders...@kernel.org>
  Bjorn Helgaas <bhelg...@google.com>
  Borislav Petkov (AMD) <b...@alien8.de>
  Borislav Petkov <b...@alien8.de>
  Breno Leitao <lei...@debian.org>
  Brian Johannesmeyer <bjohannesme...@gmail.com>
  Bryan O'Donoghue <bryan.odonog...@linaro.org>
  Caleb Connolly <caleb.conno...@linaro.org> # OnePlus 8T
  Catalin Marinas <catalin.mari...@arm.com>
  Charles Keepax <ckee...@opensource.cirrus.com>
  Chen Ni <nic...@iscas.ac.cn>
  Chen Ridong <chenrid...@huawei.com>
  Chen-Yu Tsai <we...@chromium.org>
  Chris Packham <chris.pack...@alliedtelesis.co.nz>
  Christian Heusel <christ...@heusel.eu>
  Christian Loehle <christian.loe...@arm.com>
  Christian Marangi <ansuels...@gmail.com>
  Christophe JAILLET <christophe.jail...@wanadoo.fr>
  Christopher S. Hall <christopher.s.h...@intel.com>
  Ciprian Costea <ciprianmarian.cos...@oss.nxp.com>
  Colin Ian King <colin.i.k...@gmail.com>
  Conor Dooley <conor.doo...@microchip.com>
  Costa Shulyupin <costa.s...@redhat.com>
  Daisuke Nojiri <dnoj...@chromium.org>
  Dan Carpenter <dan.carpen...@linaro.org>
  Daniel Lezcano <daniel.lezc...@linaro.org>
  Dave Hansen <dave.han...@linux.intel.com>
  David Lechner <dlech...@baylibre.com>
  David Wang <00107...@163.com>
  Dev Jain <dev.j...@arm.com>
  Dmitry Safonov <0x7f454...@gmail.com>
  Dr. David Alan Gilbert <li...@treblig.org>
  Drew Fustini <dfust...@baylibre.com>
  Dustin L. Howett <dus...@howett.net>
  Eddie James <eaja...@linux.ibm.com>
  Eng Lee Teh <englee....@starfivetech.com>
  Etienne Buira <etienne.bu...@free.fr>
  Eugene Shalygin <eugene.shaly...@gmail.com>
  Fabio Estevam <feste...@denx.de>
  Fabio Estevam <feste...@gmail.com>
  Frank Li <frank...@nxp.com>
  Frederic Weisbecker <frede...@kernel.org>
  Frieder Schrempf <frieder.schre...@kontron.de>
  Gavin Shan <gs...@redhat.com>
  Geert Uytterhoeven <geert+rene...@glider.be>
  Greg Kroah-Hartman <gre...@linuxfoundation.org>
  Guenter Roeck <li...@roeck-us.net>
  Hagar Hemdan <hagar...@amazon.com>
  Haibo Chen <haibo.c...@nxp.com>
  Hanjun Guo <guohan...@huawei.com>
  Heiko Stuebner <heiko.stueb...@cherry.de>
  Hongyu Chen <hongyu.ch...@amlogic.com>
  Huichun Feng <foxhoundsk...@gmail.com>
  Ilkka Koskinen <il...@os.amperecomputing.com>
  Ilpo Järvinen <ilpo.jarvi...@linux.intel.com>
  Ingo Molnar <mi...@kernel.org>
  Jagadeesh Kona <quic_jk...@quicinc.com>
  Jai Arora <jai.ar...@samsung.com>
  James Morse <james.mo...@arm.com>
  Jarkko Sakkinen <jar...@kernel.org>
  Javier Carrasco <javier.carrasco.c...@gmail.com>
  Jean-Philippe Brucker <jean-phili...@linaro.org>
  Jeff Johnson <quic_jjohn...@quicinc.com>
  Ji Sheng Teoh <jisheng.t...@starfivetech.com>
  Jianyong Wu <jianyong...@arm.com>
  Jiaxun Yang <jiaxun.y...@flygoat.com>
  Jinjie Ruan <ruanjin...@huawei.com>
  Joe Hattori <j...@pf.is.s.u-tokyo.ac.jp>
  Joel Fernandes (Google) <j...@joelfernandes.org>
  Johannes Thumshirn <j...@kernel.org>
  Johannes Weiner <han...@cmpxchg.org>
  John Allen <john.al...@amd.com>
  Jonathan Cameron <jonathan.came...@huawei.com>
  Josh Poimboeuf <jpoim...@kernel.org>
  Julia Lawall <julia.law...@inria.fr>
  Junyi Zhao <junyi.z...@amlogic.com>
  Kai Huang <kai.hu...@intel.com>
  Kai-Heng Feng <kai.heng.f...@canonical.com>
  Kanak Shilledar <kanakshilledar...@protonmail.com>
  Kanak Shilledar <kanakshille...@gmail.com>
  Kelvin Zhang <kelvin.zh...@amlogic.com>
  Kent Gibson <warthog...@gmail.com>
  Kevin Brodsky <kevin.brod...@arm.com>
  Kirill A. Shutemov <kirill.shute...@linux.intel.com>
  Krzysztof Kozlowski <k...@kernel.org>
  Krzysztof Kozlowski <krzysztof.kozlow...@linaro.org>
  Krzysztof Wilczyński <k...@linux.com>
  Kuldeep Singh <kuldeep.si...@nxp.com>
  Lad Prabhakar <prabhakar.mahadev-lad...@bp.renesas.com>
  Lai Jiangshan <jiangshan....@antgroup.com>
  Lakshmi Sowjanya D <lakshmi.sowjany...@intel.com>
  Lee Jones <l...@kernel.org>
  Leem ChaeHoon <infinite....@gmail.com>
  Ley Foon Tan <leyfoon....@starfivetech.com>
  Li kunyu <ku...@nfschina.com>
  Li zeming <zem...@nfschina.com>
  Liming Sun <limi...@nvidia.com>
  Linus Torvalds <torva...@linux-foundation.org>
  Linus Walleij <linus.wall...@linaro.org>
  Liu Wei <liuwe...@cestc.cn>
  Manikandan Muralidharan <manikanda...@microchip.com>
  Manivannan Sadhasivam <manivannan.sadhasi...@linaro.org>
  Marc Zyngier <m...@kernel.org>
  Marcin Juszkiewicz <mar...@juszkiewicz.com.pl>
  Marco Elver <el...@google.com>
  Marius Zachmann <m...@mariuszachmann.de>
  Mark Brown <broo...@kernel.org>
  Mark Rutland <mark.rutl...@arm.com>
  Markus Stockhausen <markus.stockhau...@gmx.de>
  Martin Kaiser <mar...@kaiser.cx>
  Masahiro Yamada <masahi...@kernel.org>
  Mateusz Guzik <mjgu...@gmail.com>
  Michael Hennerich <michael.henner...@analog.com>
  Michal Koutný <mkou...@suse.com>
  Michał Mirosław <mirq-li...@rere.qmqm.pl>
  Miguel Luis <miguel.l...@oracle.com>
  Mike Rapoport (IBM) <r...@kernel.org>
  Miquel Raynal <miquel.ray...@bootlin.com>
  Muhammad Usama Anjum <usama.an...@collabora.com>
  Naina Mehta <quic_nainm...@quicinc.com>
  Naresh Solanki <naresh.sola...@9elements.com>
  Nathan Chancellor <nat...@kernel.org>
  Neil Armstrong <neil.armstr...@linaro.org>
  Neil Armstrong <neil.armstr...@linaro.org> # on SM8550-QRD, SM8650-QRD & 
SM8650-HDK
  Neil Armstrong <neil.armstr...@linaro.org> # on SM8650-QRD
  Nianyao Tang <tangnian...@huawei.com>
  Nicholas Piggin <npig...@gmail.com>
  Nicola Di Lieto <nicola.dili...@gmail.com>
  Nicolas Ferre <nicolas.fe...@microchip.com>
  Niklas Söderlund <niklas.soderlund+rene...@ragnatech.se>
  Nikolay Borisov <nik.bori...@suse.com>
  Noah Wang <noahwang.w...@outlook.com>
  Nuno Sa <nuno...@analog.com>
  Nícolas F. R. A. Prado <nfrapr...@collabora.com>
  Oleg Nesterov <o...@redhat.com>
  Pali Rohár <p...@kernel.org>
  Patrick Delaunay <patrick.delau...@foss.st.com>
  Paul E. McKenney <paul...@kernel.org>
  Peng Fan <peng....@nxp.com>
  Peter Collingbourne <p...@google.com>
  Peter Robinson <pbrobin...@gmail.com>
  Peter Zijlstra (Intel) <pet...@infradead.org>
  Peter Zijlstra <pet...@infradead.org>
  Prajna Rajendra Kumar <prajna.rajendraku...@microchip.com>
  Pratik Farkase <pratik.fark...@wsisweden.com>
  Pratik Farkase <pratikfarkas...@gmail.com>
  Puranjay Mohan <puran...@kernel.org>
  Qiuxu Zhuo <qiuxu.z...@intel.com>
  Raag Jadav <raag.ja...@intel.com>
  Radu Sabau <radu.sa...@analog.com>
  Rafael J. Wysocki <rafael.j.wyso...@intel.com>
  Rafael J. Wysocki <raf...@kernel.org>
  Randy Dunlap <rdun...@infradead.org>
  Richard Fitzgerald <r...@opensource.cirrus.com>
  Rob Barnes <robbar...@google.com>
  Rob Herring (Arm) <r...@kernel.org>
  Robert Marko <robima...@gmail.com>
  Russell King (Oracle) <rmk+ker...@armlinux.org.uk>
  Sander Vanheule <san...@svanheule.net>
  Sean Anderson <sean.ander...@linux.dev>
  Sean Christopherson <sea...@google.com>
  Sean Young <s...@mess.org>
  Sebastian Reichel <sebastian.reic...@collabora.com>
  Seongsu Park <sgsu.p...@samsung.com>
  Sergiu Cuciurean <sergiu.cuciur...@analog.com>
  Shenwei Wang <shenwei.w...@nxp.com>
  Shiji Yang <yangshij...@outlook.com>
  Shuah Khan <sk...@linuxfoundation.org>
  Simon Trimmer <sim...@opensource.cirrus.com>
  Stanislav Jakubek <stano.jaku...@gmail.com>
  Stanislav Spassov <stans...@amazon.de>
  Stefan Wahren <wahre...@gmx.net>
  Stephen Horvath <s.horv...@outlook.com.au>
  Sudeep Holla <sudeep.ho...@arm.com>
  Sunny Luo <sunny....@amlogic.com>
  Tao Liu <l...@redhat.com>
  Tejun Heo <t...@kernel.org>
  Thomas Bonnefille <thomas.bonnefi...@bootlin.com>
  Thomas Gleixner <t...@linutronix.de>
  Thomas Huth <th...@redhat.com>
  Thomas Weißschuh <li...@weissschuh.net>
  Thorsten Blum <thorsten.b...@toblux.com>
  Tim Merrifield <tim.merrifi...@broadcom.com>
  Tony Luck <tony.l...@intel.com>
  Trevor Gamblin <tgamb...@baylibre.com>
  Tzung-Bi Shih <tzun...@kernel.org>
  Ulf Hansson <ulf.hans...@linaro.org>
  Uros Bizjak <ubiz...@gmail.com>
  Uwe Kleine-König <u.kleine-koe...@baylibre.com>
  Uwe Kleine-König <u.kleine-koe...@pengutronix.de>
  Uwe Kleine-König <uklei...@baylibre.com>
  Uwe Kleine-König <uklei...@kernel.org>
  Vasyl Gomonovych <gomonov...@gmail.com>
  Vincent Whitchurch <vincent.whitchu...@axis.com>
  Vishnu Pajjuri <vis...@os.amperecomputing.com>
  Vitor Soares <vitor.soa...@toradex.com>
  Vladimir Oltean <vladimir.olt...@nxp.com>
  Waiman Long <long...@redhat.com>
  Wayne Tung <chinew...@gmail.com>
  Wenchao Hao <haowencha...@gmail.com>
  Wilken Gottwalt <wilken.gottw...@posteo.net>
  Will Deacon <w...@kernel.org>
  William Breathitt Gray <w...@kernel.org>
  Willy Tarreau <w...@1wt.eu>
  Wolfram Sang <wsa+rene...@sang-engineering.com>
  Xianwei Zhao <xianwei.z...@amlogic.com>
  Xiu Jianfeng <xiujianf...@huawei.com>
  Xu Yang <xu.yan...@nxp.com>
  Yang Li <yang....@linux.alibaba.com>
  Yazen Ghannam <yazen.ghan...@amd.com>
  Youwan Wang <you...@nfschina.com>
  Yu Liao <liaoy...@huawei.com>
  Zheng Yongjun <zhengyongj...@huawei.com>
  Zqiang <qiang.zhang1...@gmail.com>

jobs:
 build-amd64-xsm                                              pass    
 build-arm64-xsm                                              pass    
 build-i386-xsm                                               pass    
 build-amd64                                                  pass    
 build-arm64                                                  pass    
 build-armhf                                                  pass    
 build-i386                                                   pass    
 build-amd64-libvirt                                          pass    
 build-arm64-libvirt                                          pass    
 build-armhf-libvirt                                          pass    
 build-i386-libvirt                                           pass    
 build-amd64-pvops                                            pass    
 build-arm64-pvops                                            pass    
 build-armhf-pvops                                            pass    
 build-i386-pvops                                             pass    
 test-amd64-amd64-xl                                          pass    
 test-amd64-coresched-amd64-xl                                pass    
 test-arm64-arm64-xl                                          pass    
 test-armhf-armhf-xl                                          pass    
 test-amd64-amd64-libvirt-qemuu-debianhvm-amd64-xsm           pass    
 test-amd64-amd64-xl-qemut-stubdom-debianhvm-amd64-xsm        pass    
 test-amd64-amd64-xl-qemut-debianhvm-i386-xsm                 fail    
 test-amd64-amd64-xl-qemuu-debianhvm-i386-xsm                 pass    
 test-amd64-amd64-libvirt-xsm                                 pass    
 test-arm64-arm64-libvirt-xsm                                 pass    
 test-amd64-amd64-xl-xsm                                      pass    
 test-arm64-arm64-xl-xsm                                      pass    
 test-amd64-amd64-qemuu-nested-amd                            fail    
 test-amd64-amd64-xl-pvhv2-amd                                pass    
 test-amd64-amd64-dom0pvh-xl-amd                              pass    
 test-amd64-amd64-xl-qemut-debianhvm-amd64                    pass    
 test-amd64-amd64-xl-qemuu-debianhvm-amd64                    pass    
 test-amd64-amd64-qemuu-freebsd11-amd64                       pass    
 test-amd64-amd64-qemuu-freebsd12-amd64                       pass    
 test-amd64-amd64-xl-qemuu-ovmf-amd64                         pass    
 test-amd64-amd64-xl-qemut-win7-amd64                         fail    
 test-amd64-amd64-xl-qemuu-win7-amd64                         fail    
 test-amd64-amd64-xl-qemut-ws16-amd64                         fail    
 test-amd64-amd64-xl-qemuu-ws16-amd64                         fail    
 test-armhf-armhf-xl-arndale                                  fail    
 test-amd64-amd64-examine-bios                                pass    
 test-amd64-amd64-xl-credit1                                  pass    
 test-arm64-arm64-xl-credit1                                  pass    
 test-armhf-armhf-xl-credit1                                  pass    
 test-amd64-amd64-xl-credit2                                  pass    
 test-arm64-arm64-xl-credit2                                  pass    
 test-armhf-armhf-xl-credit2                                  fail    
 test-amd64-amd64-xl-qemuu-dmrestrict-amd64-dmrestrict        pass    
 test-amd64-amd64-examine                                     pass    
 test-arm64-arm64-examine                                     pass    
 test-armhf-armhf-examine                                     pass    
 test-amd64-amd64-qemuu-nested-intel                          pass    
 test-amd64-amd64-xl-pvhv2-intel                              pass    
 test-amd64-amd64-dom0pvh-xl-intel                            pass    
 test-amd64-amd64-libvirt                                     pass    
 test-armhf-armhf-libvirt                                     fail    
 test-amd64-amd64-xl-multivcpu                                pass    
 test-armhf-armhf-xl-multivcpu                                pass    
 test-amd64-amd64-pair                                        pass    
 test-amd64-amd64-libvirt-pair                                pass    
 test-amd64-amd64-xl-pvshim                                   pass    
 test-amd64-amd64-pygrub                                      pass    
 test-amd64-amd64-libvirt-qcow2                               pass    
 test-amd64-amd64-xl-qcow2                                    pass    
 test-armhf-armhf-xl-qcow2                                    pass    
 test-amd64-amd64-libvirt-raw                                 pass    
 test-arm64-arm64-libvirt-raw                                 pass    
 test-amd64-amd64-xl-raw                                      pass    
 test-armhf-armhf-xl-raw                                      pass    
 test-amd64-amd64-xl-rtds                                     pass    
 test-armhf-armhf-xl-rtds                                     pass    
 test-amd64-amd64-xl-qemuu-debianhvm-amd64-shadow             pass    
 test-amd64-amd64-xl-shadow                                   pass    
 test-arm64-arm64-xl-thunderx                                 pass    
 test-amd64-amd64-examine-uefi                                pass    
 test-amd64-amd64-libvirt-vhd                                 pass    
 test-armhf-armhf-libvirt-vhd                                 fail    
 test-amd64-amd64-xl-vhd                                      pass    
 test-arm64-arm64-xl-vhd                                      pass    


------------------------------------------------------------
sg-report-flight on osstest.test-lab.xenproject.org
logs: /home/logs/logs
images: /home/logs/images

Logs, config files, etc. are available at
    http://logs.test-lab.xenproject.org/osstest/logs

Explanation of these reports, and of osstest in general, is at
    http://xenbits.xen.org/gitweb/?p=osstest.git;a=blob;f=README.email;hb=master
    http://xenbits.xen.org/gitweb/?p=osstest.git;a=blob;f=README;hb=master

Test harness code can be found at
    http://xenbits.xen.org/gitweb?p=osstest.git;a=summary


Not pushing.

(No revision log; it would be 15284 lines long.)

Reply via email to