flight 186501 xen-unstable-smoke real [real] http://logs.test-lab.xenproject.org/osstest/logs/186501/
Failures :-/ but no regressions. Tests which did not succeed, but are not blocking: test-amd64-amd64-libvirt 15 migrate-support-check fail never pass test-arm64-arm64-xl-xsm 15 migrate-support-check fail never pass test-arm64-arm64-xl-xsm 16 saverestore-support-check fail never pass test-armhf-armhf-xl 15 migrate-support-check fail never pass test-armhf-armhf-xl 16 saverestore-support-check fail never pass version targeted for testing: xen 853f707cd9e2eb9410dbfbadbd5a01ac0252ef83 baseline version: xen 11ea49a3fda5f0cbd8546ee8bdc5e9c55736c828 Last test of basis 186486 2024-06-25 11:00:23 Z 0 days Testing same since 186501 2024-06-25 23:09:05 Z 0 days 1 attempts ------------------------------------------------------------ People who touched revisions under test: Alessandro Zucchelli <alessandro.zucche...@bugseng.com> Federico Serafini <federico.seraf...@bugseng.com> Nicola Vetrini <nicola.vetr...@bugseng.com> Stefano Stabellini <sstabell...@kernel.org> jobs: build-arm64-xsm pass build-amd64 pass build-armhf pass build-amd64-libvirt pass test-armhf-armhf-xl pass test-arm64-arm64-xl-xsm pass test-amd64-amd64-xl-qemuu-debianhvm-amd64 pass test-amd64-amd64-libvirt pass ------------------------------------------------------------ sg-report-flight on osstest.test-lab.xenproject.org logs: /home/logs/logs images: /home/logs/images Logs, config files, etc. are available at http://logs.test-lab.xenproject.org/osstest/logs Explanation of these reports, and of osstest in general, is at http://xenbits.xen.org/gitweb/?p=osstest.git;a=blob;f=README.email;hb=master http://xenbits.xen.org/gitweb/?p=osstest.git;a=blob;f=README;hb=master Test harness code can be found at http://xenbits.xen.org/gitweb?p=osstest.git;a=summary Pushing revision : To xenbits.xen.org:/home/xen/git/xen.git 11ea49a3fd..853f707cd9 853f707cd9e2eb9410dbfbadbd5a01ac0252ef83 -> smoke