flight 186445 linux-6.1 real [real]
flight 186450 linux-6.1 real-retest [real]
http://logs.test-lab.xenproject.org/osstest/logs/186445/
http://logs.test-lab.xenproject.org/osstest/logs/186450/

Failures :-/ but no regressions.

Tests which are failing intermittently (not blocking):
 test-amd64-amd64-xl-qemut-debianhvm-i386-xsm 12 debian-hvm-install fail pass 
in 186450-retest

Tests which did not succeed, but are not blocking:
 test-armhf-armhf-libvirt     16 saverestore-support-check    fail  like 186370
 test-amd64-amd64-xl-qemuu-win7-amd64 19 guest-stop            fail like 186370
 test-amd64-amd64-xl-qemuu-ws16-amd64 19 guest-stop            fail like 186370
 test-amd64-amd64-xl-qemut-win7-amd64 19 guest-stop            fail like 186370
 test-amd64-amd64-xl-qemut-ws16-amd64 19 guest-stop            fail like 186370
 test-amd64-amd64-qemuu-nested-amd 20 debian-hvm-install/l1/l2 fail like 186370
 test-amd64-amd64-libvirt     15 migrate-support-check        fail   never pass
 test-amd64-amd64-libvirt-xsm 15 migrate-support-check        fail   never pass
 test-amd64-amd64-libvirt-qemuu-debianhvm-amd64-xsm 13 migrate-support-check 
fail never pass
 test-arm64-arm64-xl-thunderx 15 migrate-support-check        fail   never pass
 test-arm64-arm64-xl-thunderx 16 saverestore-support-check    fail   never pass
 test-arm64-arm64-xl          15 migrate-support-check        fail   never pass
 test-arm64-arm64-xl          16 saverestore-support-check    fail   never pass
 test-arm64-arm64-xl-credit2  15 migrate-support-check        fail   never pass
 test-arm64-arm64-xl-credit2  16 saverestore-support-check    fail   never pass
 test-arm64-arm64-xl-xsm      15 migrate-support-check        fail   never pass
 test-arm64-arm64-xl-xsm      16 saverestore-support-check    fail   never pass
 test-arm64-arm64-libvirt-xsm 15 migrate-support-check        fail   never pass
 test-arm64-arm64-libvirt-xsm 16 saverestore-support-check    fail   never pass
 test-armhf-armhf-xl-multivcpu 15 migrate-support-check        fail  never pass
 test-armhf-armhf-xl-multivcpu 16 saverestore-support-check    fail  never pass
 test-armhf-armhf-xl-rtds     15 migrate-support-check        fail   never pass
 test-armhf-armhf-xl-rtds     16 saverestore-support-check    fail   never pass
 test-armhf-armhf-xl          15 migrate-support-check        fail   never pass
 test-armhf-armhf-xl          16 saverestore-support-check    fail   never pass
 test-amd64-amd64-libvirt-qcow2 14 migrate-support-check        fail never pass
 test-armhf-armhf-xl-credit2  15 migrate-support-check        fail   never pass
 test-armhf-armhf-xl-credit2  16 saverestore-support-check    fail   never pass
 test-armhf-armhf-xl-arndale  15 migrate-support-check        fail   never pass
 test-armhf-armhf-xl-arndale  16 saverestore-support-check    fail   never pass
 test-armhf-armhf-xl-credit1  15 migrate-support-check        fail   never pass
 test-armhf-armhf-xl-credit1  16 saverestore-support-check    fail   never pass
 test-amd64-amd64-libvirt-vhd 14 migrate-support-check        fail   never pass
 test-amd64-amd64-libvirt-raw 14 migrate-support-check        fail   never pass
 test-armhf-armhf-libvirt     15 migrate-support-check        fail   never pass
 test-arm64-arm64-xl-credit1  15 migrate-support-check        fail   never pass
 test-arm64-arm64-xl-credit1  16 saverestore-support-check    fail   never pass
 test-arm64-arm64-libvirt-raw 14 migrate-support-check        fail   never pass
 test-arm64-arm64-libvirt-raw 15 saverestore-support-check    fail   never pass
 test-armhf-armhf-xl-qcow2    14 migrate-support-check        fail   never pass
 test-armhf-armhf-xl-qcow2    15 saverestore-support-check    fail   never pass
 test-arm64-arm64-xl-vhd      14 migrate-support-check        fail   never pass
 test-arm64-arm64-xl-vhd      15 saverestore-support-check    fail   never pass
 test-armhf-armhf-xl-raw      14 migrate-support-check        fail   never pass
 test-armhf-armhf-xl-raw      15 saverestore-support-check    fail   never pass
 test-armhf-armhf-libvirt-vhd 14 migrate-support-check        fail   never pass
 test-armhf-armhf-libvirt-vhd 15 saverestore-support-check    fail   never pass

version targeted for testing:
 linux                a6398e37309000e35cedb5cc328a0f8d00d7d7b9
baseline version:
 linux                eb44d83053d66372327e69145e8d2fa7400a4991

Last test of basis   186370  2024-06-16 12:15:05 Z    5 days
Testing same since   186445  2024-06-21 12:46:38 Z    0 days    1 attempts

------------------------------------------------------------
People who touched revisions under test:
  "Csókás, Bence" <csokas.be...@prolan.hu>
  Aapo Vienamo <aapo.vien...@linux.intel.com>
  Adam Miotk <adam.mi...@arm.com>
  Alan Stern <st...@rowland.harvard.edu>
  Aleksandr Mishin <amis...@t-argos.ru>
  Alex Deucher <alexander.deuc...@amd.com>
  Alexander Shishkin <alexander.shish...@linux.intel.com>
  Alexey Kodanev <aleksei.koda...@bell-sw.com>
  Allen Pais <ap...@linux.microsoft.com>
  Amit Sunil Dhamne <ami...@google.com>
  Amjad Ouled-Ameur <amjad.ouled-am...@arm.com>
  Andi Shyti <andi.sh...@kernel.org>
  Andi Shyti <andi.sh...@linux.intel.com>
  Andrei Coardos <aboutphys...@gmail.com>
  Andrei Vagin <ava...@gmail.com>
  Andrew Morton <a...@linux-foundation.org>
  Andrii Nakryiko <and...@kernel.org>
  Andy Shevchenko <andriy.shevche...@linux.intel.com>
  Antonio Quartulli <a...@unstable.cc>
  Apurva Nandan <a-nan...@ti.com>
  Armin Wolf <w_ar...@gmx.de>
  Arpana Arland <arpanax.arl...@intel.com> (A Contingent worker at Intel)
  Baokun Li <libaok...@huawei.com>
  Baoquan He <b...@redhat.com>
  Bartosz Golaszewski <bartosz.golaszew...@linaro.org>
  Beleswar Padhi <b-pa...@ti.com>
  Ben Segall <bseg...@google.com>
  Benjamin Segall <bseg...@google.com>
  Benjamin Tissoires <bent...@kernel.org>
  Bjorn Andersson <anders...@kernel.org>
  Bjorn Helgaas <bhelg...@google.com>
  Björn Töpel <bj...@rivosinc.com>
  Borislav Petkov (AMD) <b...@alien8.de>
  Breno Leitao <lei...@debian.org>
  Chandan Kumar Rout <chandanx.r...@intel.com>
  Chen Hanxiao <chenhx.f...@fujitsu.com>
  Chris Maness <christopher.man...@gmail.com>
  Chris Wilson <ch...@chris-wilson.co.uk>
  Christian Brauner <brau...@kernel.org>
  Christoph Hellwig <h...@lst.de>
  Chuck Lever <chuck.le...@oracle.com>
  Cong Wang <cong.w...@bytedance.com>
  Cong Yang <yangco...@huaqin.corp-partner.google.com>
  Csókás, Bence <csokas.be...@prolan.hu>
  Damien Le Moal <dlem...@kernel.org>
  Dan Cross <cro...@gmail.com>
  Daniel Borkmann <dan...@iogearbox.net>
  Daniel Wagner <dwag...@suse.de>
  Daniel Wheeler <daniel.whee...@amd.com>
  Dave Jiang <dave.ji...@intel.com>
  David Hildenbrand <da...@redhat.com>
  David Howells <dhowe...@redhat.com>
  David Lechner <dlech...@baylibre.com>
  David S. Miller <da...@davemloft.net>
  David Sterba <dste...@suse.com>
  DelphineCCChiu <delphine_cc_c...@wiwynn.com>
  Dev Jain <dev.j...@arm.com>
  Dirk Behme <dirk.be...@de.bosch.com>
  Dmitry Baryshkov <dmitry.barysh...@linaro.org>
  Dmitry Torokhov <dmitry.torok...@gmail.com>
  Doug Brown <d...@schmorgal.com>
  Douglas Anderson <diand...@chromium.org>
  Duoming Zhou <duom...@zju.edu.cn>
  Emmanuel Grumbach <emmanuel.grumb...@intel.com>
  Eric Dumazet <eduma...@google.com>
  Filipe Manana <fdman...@suse.com>
  Florian Fainelli <florian.faine...@broadcom.com>
  Gabor Juhos <j4g...@gmail.com>
  Gal Pressman <g...@nvidia.com>
  Greg Kroah-Hartman <gre...@linuxfoundation.org>
  Gregor Herburger <gregor.herbur...@tq-group.com>
  Hagar Gamal Halim Hemdan <hagar...@amazon.com>
  Hagar Hemdan <hagar...@amazon.com>
  Haifeng Xu <haifeng...@shopee.com>
  Hailong.Liu <hailong....@oppo.com>
  Hamish Martin <hamish.mar...@alliedtelesis.co.nz>
  Hamza Mahfooz <hamza.mahf...@amd.com>
  Hangyu Hua <hbh...@gmail.com>
  Hans de Goede <hdego...@redhat.com>
  Hector Martin <mar...@marcan.st>
  Hersen Wu <hersenxs...@amd.com>
  Hugo Villeneuve <hvillene...@dimonoff.com>
  Ian Forbes <ian.for...@broadcom.com>
  Ilpo Järvinen <ilpo.jarvi...@linux.intel.com>
  Inki Dae <inki....@samsung.com>
  Jacob Keller <jacob.e.kel...@intel.com>
  Jakub Kicinski <k...@kernel.org>
  Jakub Sitnicki <ja...@cloudflare.com>
  Jani Nikula <jani.nik...@intel.com>
  Janusz Krzysztofik <janusz.krzyszto...@linux.intel.com>
  Jarkko Nikula <jarkko.nik...@linux.intel.com>
  Jason Andryuk <jandr...@gmail.com>
  Jason Andryuk <jason.andr...@amd.com>
  Jason Xing <kernelx...@tencent.com>
  Jean Delvare <jdelv...@suse.de>
  Jean-Baptiste Maneyrol <jean-baptiste.maney...@tdk.com>
  Jeff Layton <jlay...@kernel.org>
  Jens Axboe <ax...@kernel.dk>
  Jia Zhu <zhujia...@bytedance.com>
  Jie Wang <wangjie...@huawei.com>
  Jijie Shao <shaoji...@huawei.com>
  Jiri Kosina <jkos...@suse.com>
  Jiri Olsa <jo...@kernel.org>
  Jisheng Zhang <jszh...@kernel.org>
  Joerg Roedel <jroe...@suse.de>
  Johan Hovold <johan+lin...@kernel.org>
  Johannes Berg <johannes.b...@intel.com>
  John Ernberg <john.ernb...@actia.se>
  John Keeping <j...@metanate.com>
  Jon Hunter <jonath...@nvidia.com>
  Jonathan Cameron <jonathan.came...@huawei.com>
  Joshua Washington <joshw...@google.com>
  José Expósito <jose.exposit...@gmail.com>
  Jozsef Kadlecsik <kad...@netfilter.org>
  Kalle Valo <quic_kv...@quicinc.com>
  Karol Kolacinski <karol.kolacin...@intel.com>
  Keith Busch <kbu...@kernel.org>
  Kelsey Steele <kelseyste...@linux.microsoft.com>
  Kory Maincent <kory.mainc...@bootlin.com>
  Krzysztof Kozlowski <krzysztof.kozlow...@linaro.org>
  Krzysztof Wilczyński <kwilczyn...@kernel.org>
  Kuangyi Chiang <ki.chian...@gmail.com>
  Kun(llfl) <l...@linux.alibaba.com>
  Kuniyuki Iwashima <kun...@amazon.com>
  Kyle Tso <kyle...@google.com>
  Lars Kellogg-Stedman <l...@oddbit.com>
  Larysa Zaremba <larysa.zare...@intel.com>
  Lin Ma <li...@zju.edu.cn>
  Lingbo Kong <quic_ling...@quicinc.com>
  Linus Walleij <linus.wall...@linaro.org>
  Linux Kernel Functional Testing <l...@linaro.org>
  Lion Ackermann <nnam...@gmail.com>
  Luca Ceresoli <luca.ceres...@bootlin.com>
  Luiz Augusto von Dentz <luiz.von.de...@intel.com>
  Marc Ferland <marc.ferl...@sonatest.com>
  Marek Szyprowski <m.szyprow...@samsung.com>
  Mark Brown <broo...@kernel.org>
  Mark Rutland <mark.rutl...@arm.com>
  Martin K. Petersen <martin.peter...@oracle.com>
  Martin Krastev <martin.kras...@broadcom.com>
  Masami Hiramatsu (Google) <mhira...@kernel.org>
  Mathias Nyman <mathias.ny...@linux.intel.com>
  Mathieu Poirier <mathieu.poir...@linaro.org>
  Matthew Wilcox (Oracle) <wi...@infradead.org>
  Matthias Schiffer <matthias.schif...@ew.tq-group.com>
  Matthieu Baerts (NGI0) <matt...@kernel.org>
  Max Filippov <jcmvb...@gmail.com>
  Maxime Ripard <mrip...@kernel.org>
  Miaohe Lin <linmia...@huawei.com>
  Michael Ellerman <m...@ellerman.id.au>
  Michal Hocko <mho...@suse.com>
  Michal Wilczynski <michal.wilczyn...@intel.com>
  Mickaël Salaün <m...@digikod.net>
  Mika Westerberg <mika.westerb...@linux.intel.com>
  Miri Korenblit <miriam.rachel.korenb...@intel.com>
  Moshe Shemesh <mo...@mellanox.com>
  Moshe Shemesh <mo...@nvidia.com>
  Muhammad Usama Anjum <usama.an...@collabora.com>
  Nam Cao <nam...@linutronix.de>
  NeilBrown <ne...@suse.de>
  Nicolas Escande <nico.esca...@gmail.com>
  Nikita Zhandarovich <n.zhandarov...@fintech.ru>
  Nikolay Aleksandrov <ra...@blackwall.org>
  Nirmoy Das <nirmoy....@intel.com>
  Nuno Sa <nuno...@analog.com>
  Oleg Nesterov <o...@redhat.com>
  Oleksij Rempel <o.rem...@pengutronix.de>
  Olga Kornievskaia <ko...@netapp.com>
  Pablo Neira Ayuso <pa...@netfilter.org>
  Palmer Dabbelt <pal...@rivosinc.com>
  Paolo Abeni <pab...@redhat.com>
  Paul Greenwalt <paul.greenw...@intel.com>
  Pavel Machek (CIP) <pa...@denx.de>
  Peter Delevoryas <pe...@pjd.dev>
  Peter Zijlstra (Intel) <pet...@infradead.org>
  Petr Pavlu <petr.pa...@suse.com>
  Pierre Tomon <pierretom...@ik.me>
  Przemek Kitszel <przemyslaw.kits...@intel.com>
  Pucha Himasekhar Reddy <himasekharx.reddy.pu...@intel.com>
  Qu Wenruo <w...@suse.com>
  Randy Dunlap <rdun...@infradead.org>
  Rao Shoaib <rao.sho...@oracle.com>
  Remi Pommarel <r...@triplefau.lt>
  Richard Cochran <richardcoch...@gmail.com>
  Rick Wertenbroek <rick.wertenbr...@gmail.com>
  Rik van Riel <r...@surriel.com>
  Ron Economos <r...@w6rz.net>
  Russell King (Oracle) <rmk+ker...@armlinux.org.uk>
  Ryusuke Konishi <konishi.ryus...@gmail.com>
  Saeed Mahameed <sae...@nvidia.com>
  Salvatore Bonaccorso <car...@debian.org>
  Sam James <s...@gentoo.org>
  Samuel Holland <samuel.holl...@sifive.com>
  Sasha Levin <sas...@kernel.org>
  SeongJae Park <s...@kernel.org>
  Sergey Ryazanov <ryazanov....@gmail.com>
  Shahar S Matityahu <shahar.s.matity...@intel.com>
  Shay Drory <sh...@nvidia.com>
  Shichao Lai <shichao...@gmail.com>
  Shuah Khan <sk...@linuxfoundation.org>
  Sicong Huang <conge...@163.com>
  Steev Klimaszewski <st...@kali.org>
  Stephen Boyd <sb...@kernel.org>
  Steven Rostedt (Google) <rost...@goodmis.org>
  Su Yue <glass...@suse.com>
  Subbaraya Sundeep <sbha...@marvell.com>
  Sven Joachim <svenj...@gmx.de>
  Taehee Yoo <ap420...@gmail.com>
  Tariq Toukan <tar...@nvidia.com>
  Thadeu Lima de Souza Cascardo <casca...@igalia.com>
  Thomas Gleixner <t...@linutronix.de>
  Thomas Weißschuh <li...@weissschuh.net>
  Tomas Winkler <tomas.wink...@intel.com>
  Tony Nguyen <anthony.l.ngu...@intel.com>
  Trond Myklebust <trond.mykleb...@hammerspace.com>
  Ulf Hansson <ulf.hans...@linaro.org>
  Uwe Kleine-König <u.kleine-koe...@pengutronix.de>
  Vadym Krevs <vkr...@yahoo.com>
  Vamshi Gajjela <vamshigajj...@google.com>
  Vidya Srinivas <vidya.srini...@intel.com>
  Ville Syrjälä <ville.syrj...@linux.intel.com>
  Vinicius Costa Gomes <vinicius.go...@intel.com>
  Vinod Koul <vk...@kernel.org>
  Vlastimil Babka <vba...@suse.cz>
  Volodymyr Babchuk <volodymyr_babc...@epam.com>
  Wei Fu <fuwei...@gmail.com>
  Wen Gu <gu...@linux.alibaba.com>
  Wesley Cheng <quic_wch...@quicinc.com>
  Wolfram Sang <wsa+rene...@sang-engineering.com>
  Wolfram Sang <w...@kernel.org>
  Xiaolei Wang <xiaolei.w...@windriver.com>
  Xin Yin <yinxi...@bytedance.com>
  Yazen Ghannam <yazen.ghan...@amd.com>
  Yonglong Liu <liuyongl...@huawei.com>
  YonglongLi <liyongl...@chinatelecom.cn>
  Yongzhi Liu <hyperly...@gmail.com>
  Zack Rusin <zack.ru...@broadcom.com>
  Zack Rusin <za...@vmware.com>
  Ziwei Xiao <ziweix...@google.com>

jobs:
 build-amd64-xsm                                              pass    
 build-arm64-xsm                                              pass    
 build-i386-xsm                                               pass    
 build-amd64                                                  pass    
 build-arm64                                                  pass    
 build-armhf                                                  pass    
 build-i386                                                   pass    
 build-amd64-libvirt                                          pass    
 build-arm64-libvirt                                          pass    
 build-armhf-libvirt                                          pass    
 build-i386-libvirt                                           pass    
 build-amd64-pvops                                            pass    
 build-arm64-pvops                                            pass    
 build-armhf-pvops                                            pass    
 build-i386-pvops                                             pass    
 test-amd64-amd64-xl                                          pass    
 test-amd64-coresched-amd64-xl                                pass    
 test-arm64-arm64-xl                                          pass    
 test-armhf-armhf-xl                                          pass    
 test-amd64-amd64-libvirt-qemuu-debianhvm-amd64-xsm           pass    
 test-amd64-amd64-xl-qemut-stubdom-debianhvm-amd64-xsm        pass    
 test-amd64-amd64-xl-qemut-debianhvm-i386-xsm                 fail    
 test-amd64-amd64-xl-qemuu-debianhvm-i386-xsm                 pass    
 test-amd64-amd64-libvirt-xsm                                 pass    
 test-arm64-arm64-libvirt-xsm                                 pass    
 test-amd64-amd64-xl-xsm                                      pass    
 test-arm64-arm64-xl-xsm                                      pass    
 test-amd64-amd64-qemuu-nested-amd                            fail    
 test-amd64-amd64-xl-pvhv2-amd                                pass    
 test-amd64-amd64-dom0pvh-xl-amd                              pass    
 test-amd64-amd64-xl-qemut-debianhvm-amd64                    pass    
 test-amd64-amd64-xl-qemuu-debianhvm-amd64                    pass    
 test-amd64-amd64-qemuu-freebsd11-amd64                       pass    
 test-amd64-amd64-qemuu-freebsd12-amd64                       pass    
 test-amd64-amd64-xl-qemuu-ovmf-amd64                         pass    
 test-amd64-amd64-xl-qemut-win7-amd64                         fail    
 test-amd64-amd64-xl-qemuu-win7-amd64                         fail    
 test-amd64-amd64-xl-qemut-ws16-amd64                         fail    
 test-amd64-amd64-xl-qemuu-ws16-amd64                         fail    
 test-armhf-armhf-xl-arndale                                  pass    
 test-amd64-amd64-examine-bios                                pass    
 test-amd64-amd64-xl-credit1                                  pass    
 test-arm64-arm64-xl-credit1                                  pass    
 test-armhf-armhf-xl-credit1                                  pass    
 test-amd64-amd64-xl-credit2                                  pass    
 test-arm64-arm64-xl-credit2                                  pass    
 test-armhf-armhf-xl-credit2                                  pass    
 test-amd64-amd64-xl-qemuu-dmrestrict-amd64-dmrestrict        pass    
 test-amd64-amd64-examine                                     pass    
 test-arm64-arm64-examine                                     pass    
 test-armhf-armhf-examine                                     pass    
 test-amd64-amd64-qemuu-nested-intel                          pass    
 test-amd64-amd64-xl-pvhv2-intel                              pass    
 test-amd64-amd64-dom0pvh-xl-intel                            pass    
 test-amd64-amd64-libvirt                                     pass    
 test-armhf-armhf-libvirt                                     pass    
 test-amd64-amd64-xl-multivcpu                                pass    
 test-armhf-armhf-xl-multivcpu                                pass    
 test-amd64-amd64-pair                                        pass    
 test-amd64-amd64-libvirt-pair                                pass    
 test-amd64-amd64-xl-pvshim                                   pass    
 test-amd64-amd64-pygrub                                      pass    
 test-amd64-amd64-libvirt-qcow2                               pass    
 test-amd64-amd64-xl-qcow2                                    pass    
 test-armhf-armhf-xl-qcow2                                    pass    
 test-amd64-amd64-libvirt-raw                                 pass    
 test-arm64-arm64-libvirt-raw                                 pass    
 test-amd64-amd64-xl-raw                                      pass    
 test-armhf-armhf-xl-raw                                      pass    
 test-amd64-amd64-xl-rtds                                     pass    
 test-armhf-armhf-xl-rtds                                     pass    
 test-amd64-amd64-xl-qemuu-debianhvm-amd64-shadow             pass    
 test-amd64-amd64-xl-shadow                                   pass    
 test-arm64-arm64-xl-thunderx                                 pass    
 test-amd64-amd64-examine-uefi                                pass    
 test-amd64-amd64-libvirt-vhd                                 pass    
 test-armhf-armhf-libvirt-vhd                                 pass    
 test-amd64-amd64-xl-vhd                                      pass    
 test-arm64-arm64-xl-vhd                                      pass    


------------------------------------------------------------
sg-report-flight on osstest.test-lab.xenproject.org
logs: /home/logs/logs
images: /home/logs/images

Logs, config files, etc. are available at
    http://logs.test-lab.xenproject.org/osstest/logs

Explanation of these reports, and of osstest in general, is at
    http://xenbits.xen.org/gitweb/?p=osstest.git;a=blob;f=README.email;hb=master
    http://xenbits.xen.org/gitweb/?p=osstest.git;a=blob;f=README;hb=master

Test harness code can be found at
    http://xenbits.xen.org/gitweb?p=osstest.git;a=summary


Pushing revision :

hint: The 'hooks/update' hook was ignored because it's not set as executable.
hint: You can disable this warning with `git config advice.ignoredHook false`.
hint: The 'hooks/post-receive' hook was ignored because it's not set as 
executable.
hint: You can disable this warning with `git config advice.ignoredHook false`.
hint: The 'hooks/post-update' hook was ignored because it's not set as 
executable.
hint: You can disable this warning with `git config advice.ignoredHook false`.
To xenbits.xen.org:/home/xen/git/linux-pvops.git
   eb44d83053d6..a6398e373090  a6398e37309000e35cedb5cc328a0f8d00d7d7b9 -> 
tested/linux-6.1

Reply via email to