flight 186316 libvirt real [real] http://logs.test-lab.xenproject.org/osstest/logs/186316/
Failures :-/ but no regressions. Tests which did not succeed, but are not blocking: test-armhf-armhf-libvirt 16 saverestore-support-check fail like 186286 test-amd64-amd64-libvirt 15 migrate-support-check fail never pass test-amd64-amd64-libvirt-xsm 15 migrate-support-check fail never pass test-arm64-arm64-libvirt-xsm 15 migrate-support-check fail never pass test-arm64-arm64-libvirt-xsm 16 saverestore-support-check fail never pass test-amd64-amd64-libvirt-qemuu-debianhvm-amd64-xsm 13 migrate-support-check fail never pass test-arm64-arm64-libvirt 15 migrate-support-check fail never pass test-arm64-arm64-libvirt 16 saverestore-support-check fail never pass test-amd64-amd64-libvirt-qcow2 14 migrate-support-check fail never pass test-armhf-armhf-libvirt 15 migrate-support-check fail never pass test-amd64-amd64-libvirt-raw 14 migrate-support-check fail never pass test-amd64-amd64-libvirt-vhd 14 migrate-support-check fail never pass test-arm64-arm64-libvirt-qcow2 14 migrate-support-check fail never pass test-arm64-arm64-libvirt-qcow2 15 saverestore-support-check fail never pass test-arm64-arm64-libvirt-raw 14 migrate-support-check fail never pass test-arm64-arm64-libvirt-raw 15 saverestore-support-check fail never pass test-armhf-armhf-libvirt-vhd 14 migrate-support-check fail never pass test-armhf-armhf-libvirt-vhd 15 saverestore-support-check fail never pass version targeted for testing: libvirt acb26f22a19f80caec6a2d3cdfd4ad49744ea968 baseline version: libvirt a7eb7de53171b4cdabc3d36524c468abfe2590fa Last test of basis 186286 2024-06-08 04:20:31 Z 4 days Testing same since 186316 2024-06-12 04:20:42 Z 0 days 1 attempts ------------------------------------------------------------ People who touched revisions under test: Daniel P. Berrangé <berra...@redhat.com> Georgia Garcia <georgia.gar...@canonical.com> jobs: build-amd64-xsm pass build-arm64-xsm pass build-i386-xsm pass build-amd64 pass build-arm64 pass build-armhf pass build-i386 pass build-amd64-libvirt pass build-arm64-libvirt pass build-armhf-libvirt pass build-i386-libvirt pass build-amd64-pvops pass build-arm64-pvops pass build-armhf-pvops pass build-i386-pvops pass test-amd64-amd64-libvirt-qemuu-debianhvm-amd64-xsm pass test-amd64-amd64-libvirt-xsm pass test-arm64-arm64-libvirt-xsm pass test-amd64-amd64-libvirt pass test-arm64-arm64-libvirt pass test-armhf-armhf-libvirt pass test-amd64-amd64-libvirt-pair pass test-amd64-amd64-libvirt-qcow2 pass test-arm64-arm64-libvirt-qcow2 pass test-amd64-amd64-libvirt-raw pass test-arm64-arm64-libvirt-raw pass test-amd64-amd64-libvirt-vhd pass test-armhf-armhf-libvirt-vhd pass ------------------------------------------------------------ sg-report-flight on osstest.test-lab.xenproject.org logs: /home/logs/logs images: /home/logs/images Logs, config files, etc. are available at http://logs.test-lab.xenproject.org/osstest/logs Explanation of these reports, and of osstest in general, is at http://xenbits.xen.org/gitweb/?p=osstest.git;a=blob;f=README.email;hb=master http://xenbits.xen.org/gitweb/?p=osstest.git;a=blob;f=README;hb=master Test harness code can be found at http://xenbits.xen.org/gitweb?p=osstest.git;a=summary Pushing revision : To xenbits.xen.org:/home/xen/git/libvirt.git a7eb7de531..acb26f22a1 acb26f22a19f80caec6a2d3cdfd4ad49744ea968 -> xen-tested-master