flight 186268 linux-linus real [real]
flight 186269 linux-linus real-retest [real]
http://logs.test-lab.xenproject.org/osstest/logs/186268/
http://logs.test-lab.xenproject.org/osstest/logs/186269/

Failures :-/ but no regressions.

Tests which are failing intermittently (not blocking):
 test-armhf-armhf-libvirt      8 xen-boot            fail pass in 186269-retest

Regressions which are regarded as allowable (not blocking):
 test-armhf-armhf-xl-rtds     10 host-ping-check-xen      fail REGR. vs. 186260

Tests which did not succeed, but are not blocking:
 test-armhf-armhf-libvirt 16 saverestore-support-check fail in 186269 like 
186260
 test-armhf-armhf-libvirt    15 migrate-support-check fail in 186269 never pass
 test-armhf-armhf-libvirt-vhd  8 xen-boot                     fail  like 186260
 test-amd64-amd64-xl-qemut-win7-amd64 19 guest-stop            fail like 186260
 test-amd64-amd64-xl-qemuu-win7-amd64 19 guest-stop            fail like 186260
 test-amd64-amd64-xl-qemuu-ws16-amd64 19 guest-stop            fail like 186260
 test-amd64-amd64-xl-qemut-ws16-amd64 19 guest-stop            fail like 186260
 test-amd64-amd64-qemuu-nested-amd 20 debian-hvm-install/l1/l2 fail like 186260
 test-amd64-amd64-libvirt-xsm 15 migrate-support-check        fail   never pass
 test-amd64-amd64-libvirt     15 migrate-support-check        fail   never pass
 test-arm64-arm64-xl-credit1  15 migrate-support-check        fail   never pass
 test-arm64-arm64-xl-xsm      15 migrate-support-check        fail   never pass
 test-arm64-arm64-xl-credit1  16 saverestore-support-check    fail   never pass
 test-arm64-arm64-xl-xsm      16 saverestore-support-check    fail   never pass
 test-amd64-amd64-libvirt-qemuu-debianhvm-amd64-xsm 13 migrate-support-check 
fail never pass
 test-arm64-arm64-xl-credit2  15 migrate-support-check        fail   never pass
 test-arm64-arm64-xl-credit2  16 saverestore-support-check    fail   never pass
 test-arm64-arm64-xl-thunderx 15 migrate-support-check        fail   never pass
 test-arm64-arm64-libvirt-xsm 15 migrate-support-check        fail   never pass
 test-arm64-arm64-xl-thunderx 16 saverestore-support-check    fail   never pass
 test-arm64-arm64-libvirt-xsm 16 saverestore-support-check    fail   never pass
 test-arm64-arm64-xl          15 migrate-support-check        fail   never pass
 test-arm64-arm64-xl          16 saverestore-support-check    fail   never pass
 test-armhf-armhf-xl          15 migrate-support-check        fail   never pass
 test-armhf-armhf-xl          16 saverestore-support-check    fail   never pass
 test-armhf-armhf-xl-multivcpu 15 migrate-support-check        fail  never pass
 test-armhf-armhf-xl-multivcpu 16 saverestore-support-check    fail  never pass
 test-armhf-armhf-xl-credit1  15 migrate-support-check        fail   never pass
 test-armhf-armhf-xl-credit1  16 saverestore-support-check    fail   never pass
 test-amd64-amd64-libvirt-qcow2 14 migrate-support-check        fail never pass
 test-amd64-amd64-libvirt-raw 14 migrate-support-check        fail   never pass
 test-armhf-armhf-xl-credit2  15 migrate-support-check        fail   never pass
 test-armhf-armhf-xl-credit2  16 saverestore-support-check    fail   never pass
 test-amd64-amd64-libvirt-vhd 14 migrate-support-check        fail   never pass
 test-armhf-armhf-xl-qcow2    14 migrate-support-check        fail   never pass
 test-armhf-armhf-xl-qcow2    15 saverestore-support-check    fail   never pass
 test-arm64-arm64-xl-vhd      14 migrate-support-check        fail   never pass
 test-arm64-arm64-xl-vhd      15 saverestore-support-check    fail   never pass
 test-arm64-arm64-libvirt-raw 14 migrate-support-check        fail   never pass
 test-arm64-arm64-libvirt-raw 15 saverestore-support-check    fail   never pass
 test-armhf-armhf-xl-raw      14 migrate-support-check        fail   never pass
 test-armhf-armhf-xl-raw      15 saverestore-support-check    fail   never pass
 test-armhf-armhf-xl-arndale  15 migrate-support-check        fail   never pass
 test-armhf-armhf-xl-arndale  16 saverestore-support-check    fail   never pass

version targeted for testing:
 linux                d30d0e49da71de8df10bf3ff1b3de880653af562
baseline version:
 linux                2df0193e62cf887f373995fb8a91068562784adc

Last test of basis   186260  2024-06-06 00:12:08 Z    1 days
Testing same since   186268  2024-06-06 17:10:36 Z    0 days    1 attempts

------------------------------------------------------------
People who touched revisions under test:
  Aditya Kumar Singh <quic_ad...@quicinc.com>
  Aleksandr Mishin <amis...@t-argos.ru>
  Alexei Starovoitov <a...@kernel.org>
  Alexis Lothoré <alexis.loth...@bootlin.com>
  Andrii Nakryiko <and...@kernel.org>
  Antonio Quartulli <a...@unstable.cc>
  Ard Biesheuvel <a...@kernel.org>
  Ayala Beker <ayala.be...@intel.com>
  Baochen Qiang <quic_bqi...@quicinc.com>
  Benjamin Berg <benjamin.b...@intel.com>
  Bitterblue Smith <rtl8821cer...@gmail.com>
  Breno Leitao <lei...@debian.org>
  Carl Huang <quic_cjhu...@quicinc.com>
  Chandan Kumar Rout <chandanx.r...@intel.com>
  Chris Maness <christopher.man...@gmail.com>
  Cong Wang <cong.w...@bytedance.com>
  Dan Cross <cro...@gmail.com>
  Daniel Borkmann <dan...@iogearbox.net>
  David S. Miller <da...@davemloft.net>
  DelphineCCChiu <delphine_cc_c...@wiwynn.com>
  Dmitry Antipov <dmanti...@yandex.ru>
  Dmitry Baryshkov <dmitry.barysh...@linaro.org>
  Dmitry Safonov <0x7f454...@gmail.com>
  Duoming Zhou <duom...@zju.edu.cn>
  Emmanuel Grumbach <emmanuel.grumb...@intel.com>
  Eric Dumazet <eduma...@google.com>
  Frank Wunderlich <fran...@public-files.de>
  Geliang Tang <geli...@kernel.org>
  Guilherme G. Piccoli <gpicc...@igalia.com>
  Hangbin Liu <liuhang...@gmail.com>
  Hangyu Hua <hbh...@gmail.com>
  Heng Qi <hen...@linux.alibaba.com>
  Huacai Chen <chenhua...@loongson.cn>
  Ilan Peer <ilan.p...@intel.com>
  Jacob Keller <jacob.e.kel...@intel.com>
  Jakub Kicinski <k...@kernel.org>
  Jason Wang <jasow...@redhat.com>
  Jason Xing <kernelx...@tencent.com>
  Jeff Johnson <quic_jjohn...@quicinc.com>
  Jiri Olsa <jo...@kernel.org>
  Johannes Berg <johannes.b...@intel.com>
  Kalle Valo <kv...@kernel.org>
  Kalle Valo <quic_kv...@quicinc.com>
  Karol Kolacinski <karol.kolacin...@intel.com>
  Kuniyuki Iwashima <kun...@amazon.com>
  Lars Kellogg-Stedman <l...@oddbit.com>
  Larysa Zaremba <larysa.zare...@intel.com>
  Lin Ma <li...@zju.edu.cn>
  Lingbo Kong <quic_ling...@quicinc.com>
  Linus Torvalds <torva...@linux-foundation.org>
  Luca Weiss <luca.we...@fairphone.com>
  Magnus Karlsson <magnus.karls...@intel.com>
  Matthias Stocker <mstoc...@barracuda.com>
  Matthieu Baerts (NGI0) <matt...@kernel.org>
  Michael S. Tsirkin <m...@redhat.com>
  Miri Korenblit <miriam.rachel.korenb...@intel.com>
  Mordechay Goodstein <mordechay.goodst...@intel.com>
  Moshe Shemesh <mo...@nvidia.com>
  Naama Meir <naamax.m...@linux.intel.com>
  Nathan Chancellor <nat...@kernel.org>
  Nicolas Escande <nico.esca...@gmail.com>
  Paolo Abeni <pab...@redhat.com>
  Paul Greenwalt <paul.greenw...@intel.com>
  Peter Geis <pgwipe...@gmail.com>
  Ping-Ke Shih <pks...@realtek.com>
  Pucha Himasekhar Reddy <himasekharx.reddy.pu...@intel.com>
  Remi Pommarel <r...@triplefau.lt>
  Richard Cochran <richardcoch...@gmail.com>
  Sasha Neftin <sasha.nef...@intel.com>
  Sebastian Andrzej Siewior <bige...@linutronix.de>
  Sergey Ryazanov <ryazanov....@gmail.com>
  Shahar S Matityahu <shahar.s.matity...@intel.com>
  Shaul Triebitz <shaul.trieb...@intel.com>
  Shay Drory <sh...@nvidia.com>
  Simon Horman <ho...@kernel.org>
  Su Hui <su...@nfschina.com>
  Subbaraya Sundeep <sbha...@marvell.com>
  Taehee Yoo <ap420...@gmail.com>
  Tariq Toukan <tar...@nvidia.com>
  Tetsuo Handa <penguin-ker...@i-love.sakura.ne.jp>
  Thorsten Blum <thorsten.b...@toblux.com>
  Tristram Ha <tristram...@microchip.com>
  Vadim Fedorenko <vad...@meta.com>
  Vinicius Costa Gomes <vinicius.go...@intel.com>
  Wen Gu <gu...@linux.alibaba.com>
  Yedidya Benshimol <yedidya.ben.shi...@intel.com>

jobs:
 build-amd64-xsm                                              pass    
 build-arm64-xsm                                              pass    
 build-i386-xsm                                               pass    
 build-amd64                                                  pass    
 build-arm64                                                  pass    
 build-armhf                                                  pass    
 build-i386                                                   pass    
 build-amd64-libvirt                                          pass    
 build-arm64-libvirt                                          pass    
 build-armhf-libvirt                                          pass    
 build-i386-libvirt                                           pass    
 build-amd64-pvops                                            pass    
 build-arm64-pvops                                            pass    
 build-armhf-pvops                                            pass    
 build-i386-pvops                                             pass    
 test-amd64-amd64-xl                                          pass    
 test-amd64-coresched-amd64-xl                                pass    
 test-arm64-arm64-xl                                          pass    
 test-armhf-armhf-xl                                          pass    
 test-amd64-amd64-libvirt-qemuu-debianhvm-amd64-xsm           pass    
 test-amd64-amd64-xl-qemut-stubdom-debianhvm-amd64-xsm        pass    
 test-amd64-amd64-xl-qemut-debianhvm-i386-xsm                 pass    
 test-amd64-amd64-xl-qemuu-debianhvm-i386-xsm                 pass    
 test-amd64-amd64-libvirt-xsm                                 pass    
 test-arm64-arm64-libvirt-xsm                                 pass    
 test-amd64-amd64-xl-xsm                                      pass    
 test-arm64-arm64-xl-xsm                                      pass    
 test-amd64-amd64-qemuu-nested-amd                            fail    
 test-amd64-amd64-xl-pvhv2-amd                                pass    
 test-amd64-amd64-dom0pvh-xl-amd                              pass    
 test-amd64-amd64-xl-qemut-debianhvm-amd64                    pass    
 test-amd64-amd64-xl-qemuu-debianhvm-amd64                    pass    
 test-amd64-amd64-qemuu-freebsd11-amd64                       pass    
 test-amd64-amd64-qemuu-freebsd12-amd64                       pass    
 test-amd64-amd64-xl-qemuu-ovmf-amd64                         pass    
 test-amd64-amd64-xl-qemut-win7-amd64                         fail    
 test-amd64-amd64-xl-qemuu-win7-amd64                         fail    
 test-amd64-amd64-xl-qemut-ws16-amd64                         fail    
 test-amd64-amd64-xl-qemuu-ws16-amd64                         fail    
 test-armhf-armhf-xl-arndale                                  pass    
 test-amd64-amd64-examine-bios                                pass    
 test-amd64-amd64-xl-credit1                                  pass    
 test-arm64-arm64-xl-credit1                                  pass    
 test-armhf-armhf-xl-credit1                                  pass    
 test-amd64-amd64-xl-credit2                                  pass    
 test-arm64-arm64-xl-credit2                                  pass    
 test-armhf-armhf-xl-credit2                                  pass    
 test-amd64-amd64-xl-qemuu-dmrestrict-amd64-dmrestrict        pass    
 test-amd64-amd64-examine                                     pass    
 test-arm64-arm64-examine                                     pass    
 test-armhf-armhf-examine                                     pass    
 test-amd64-amd64-qemuu-nested-intel                          pass    
 test-amd64-amd64-xl-pvhv2-intel                              pass    
 test-amd64-amd64-dom0pvh-xl-intel                            pass    
 test-amd64-amd64-libvirt                                     pass    
 test-armhf-armhf-libvirt                                     fail    
 test-amd64-amd64-xl-multivcpu                                pass    
 test-armhf-armhf-xl-multivcpu                                pass    
 test-amd64-amd64-pair                                        pass    
 test-amd64-amd64-libvirt-pair                                pass    
 test-amd64-amd64-xl-pvshim                                   pass    
 test-amd64-amd64-pygrub                                      pass    
 test-amd64-amd64-libvirt-qcow2                               pass    
 test-amd64-amd64-xl-qcow2                                    pass    
 test-armhf-armhf-xl-qcow2                                    pass    
 test-amd64-amd64-libvirt-raw                                 pass    
 test-arm64-arm64-libvirt-raw                                 pass    
 test-amd64-amd64-xl-raw                                      pass    
 test-armhf-armhf-xl-raw                                      pass    
 test-amd64-amd64-xl-rtds                                     pass    
 test-armhf-armhf-xl-rtds                                     fail    
 test-amd64-amd64-xl-qemuu-debianhvm-amd64-shadow             pass    
 test-amd64-amd64-xl-shadow                                   pass    
 test-arm64-arm64-xl-thunderx                                 pass    
 test-amd64-amd64-examine-uefi                                pass    
 test-amd64-amd64-libvirt-vhd                                 pass    
 test-armhf-armhf-libvirt-vhd                                 fail    
 test-amd64-amd64-xl-vhd                                      pass    
 test-arm64-arm64-xl-vhd                                      pass    


------------------------------------------------------------
sg-report-flight on osstest.test-lab.xenproject.org
logs: /home/logs/logs
images: /home/logs/images

Logs, config files, etc. are available at
    http://logs.test-lab.xenproject.org/osstest/logs

Explanation of these reports, and of osstest in general, is at
    http://xenbits.xen.org/gitweb/?p=osstest.git;a=blob;f=README.email;hb=master
    http://xenbits.xen.org/gitweb/?p=osstest.git;a=blob;f=README;hb=master

Test harness code can be found at
    http://xenbits.xen.org/gitweb?p=osstest.git;a=summary


Pushing revision :

hint: The 'hooks/update' hook was ignored because it's not set as executable.
hint: You can disable this warning with `git config advice.ignoredHook false`.
hint: The 'hooks/post-receive' hook was ignored because it's not set as 
executable.
hint: You can disable this warning with `git config advice.ignoredHook false`.
hint: The 'hooks/post-update' hook was ignored because it's not set as 
executable.
hint: You can disable this warning with `git config advice.ignoredHook false`.
To xenbits.xen.org:/home/xen/git/linux-pvops.git
   2df0193e62cf..d30d0e49da71  d30d0e49da71de8df10bf3ff1b3de880653af562 -> 
tested/linux-linus

Reply via email to