flight 186221 linux-linus real [real]
http://logs.test-lab.xenproject.org/osstest/logs/186221/

Failures and problems with tests :-(

Tests which did not succeed and are blocking,
including tests which could not be run:
 test-armhf-armhf-xl-rtds        <job status>                 broken  in 186217

Tests which are failing intermittently (not blocking):
 test-armhf-armhf-xl-rtds     5 host-install(5) broken in 186217 pass in 186221
 test-armhf-armhf-examine      8 reboot           fail in 186217 pass in 186221
 test-armhf-armhf-xl-credit1   8 xen-boot                   fail pass in 186217

Tests which did not succeed, but are not blocking:
 test-armhf-armhf-xl-credit2  10 host-ping-check-xen     fail blocked in 186212
 test-armhf-armhf-libvirt   16 saverestore-support-check fail blocked in 186212
 test-armhf-armhf-xl-arndale 10 host-ping-check-xen fail in 186217 blocked in 
186212
 test-armhf-armhf-xl           8 xen-boot            fail in 186217 like 186212
 test-armhf-armhf-xl-credit2   8 xen-boot            fail in 186217 like 186212
 test-armhf-armhf-libvirt-vhd  8 xen-boot            fail in 186217 like 186212
 test-armhf-armhf-xl-credit1 15 migrate-support-check fail in 186217 never pass
 test-armhf-armhf-xl-credit1 16 saverestore-support-check fail in 186217 never 
pass
 test-amd64-amd64-xl-qemut-win7-amd64 19 guest-stop            fail like 186212
 test-amd64-amd64-xl-qemuu-win7-amd64 19 guest-stop            fail like 186212
 test-amd64-amd64-xl-qemuu-ws16-amd64 19 guest-stop            fail like 186212
 test-amd64-amd64-xl-qemut-ws16-amd64 19 guest-stop            fail like 186212
 test-amd64-amd64-qemuu-nested-amd 20 debian-hvm-install/l1/l2 fail like 186212
 test-amd64-amd64-libvirt     15 migrate-support-check        fail   never pass
 test-amd64-amd64-libvirt-xsm 15 migrate-support-check        fail   never pass
 test-arm64-arm64-xl-thunderx 15 migrate-support-check        fail   never pass
 test-arm64-arm64-xl-thunderx 16 saverestore-support-check    fail   never pass
 test-amd64-amd64-libvirt-qemuu-debianhvm-amd64-xsm 13 migrate-support-check 
fail never pass
 test-arm64-arm64-xl-xsm      15 migrate-support-check        fail   never pass
 test-arm64-arm64-xl-xsm      16 saverestore-support-check    fail   never pass
 test-arm64-arm64-xl-credit1  15 migrate-support-check        fail   never pass
 test-arm64-arm64-xl-credit1  16 saverestore-support-check    fail   never pass
 test-arm64-arm64-libvirt-xsm 15 migrate-support-check        fail   never pass
 test-arm64-arm64-libvirt-xsm 16 saverestore-support-check    fail   never pass
 test-arm64-arm64-xl          15 migrate-support-check        fail   never pass
 test-arm64-arm64-xl          16 saverestore-support-check    fail   never pass
 test-armhf-armhf-xl-rtds     15 migrate-support-check        fail   never pass
 test-armhf-armhf-xl          15 migrate-support-check        fail   never pass
 test-armhf-armhf-xl-rtds     16 saverestore-support-check    fail   never pass
 test-armhf-armhf-xl          16 saverestore-support-check    fail   never pass
 test-armhf-armhf-xl-multivcpu 15 migrate-support-check        fail  never pass
 test-arm64-arm64-xl-credit2  15 migrate-support-check        fail   never pass
 test-arm64-arm64-xl-credit2  16 saverestore-support-check    fail   never pass
 test-armhf-armhf-xl-multivcpu 16 saverestore-support-check    fail  never pass
 test-armhf-armhf-libvirt     15 migrate-support-check        fail   never pass
 test-amd64-amd64-libvirt-qcow2 14 migrate-support-check        fail never pass
 test-amd64-amd64-libvirt-raw 14 migrate-support-check        fail   never pass
 test-armhf-armhf-xl-arndale  15 migrate-support-check        fail   never pass
 test-armhf-armhf-xl-arndale  16 saverestore-support-check    fail   never pass
 test-amd64-amd64-libvirt-vhd 14 migrate-support-check        fail   never pass
 test-armhf-armhf-xl-qcow2    14 migrate-support-check        fail   never pass
 test-armhf-armhf-xl-qcow2    15 saverestore-support-check    fail   never pass
 test-arm64-arm64-xl-vhd      14 migrate-support-check        fail   never pass
 test-arm64-arm64-xl-vhd      15 saverestore-support-check    fail   never pass
 test-arm64-arm64-libvirt-raw 14 migrate-support-check        fail   never pass
 test-arm64-arm64-libvirt-raw 15 saverestore-support-check    fail   never pass
 test-armhf-armhf-xl-raw      14 migrate-support-check        fail   never pass
 test-armhf-armhf-xl-raw      15 saverestore-support-check    fail   never pass
 test-armhf-armhf-libvirt-vhd 14 migrate-support-check        fail   never pass
 test-armhf-armhf-libvirt-vhd 15 saverestore-support-check    fail   never pass

version targeted for testing:
 linux                cc8ed4d0a8486c7472cd72ec3c19957e509dc68c
baseline version:
 linux                d8ec19857b095b39d114ae299713bd8ea6c1e66a

Last test of basis   186212  2024-05-31 19:10:39 Z    1 days
Testing same since   186217  2024-06-01 02:33:17 Z    0 days    2 attempts

------------------------------------------------------------
People who touched revisions under test:
  Abhinav Kumar <quic_abhin...@quicinc.com>
  Adrián Larumbe <adrian.laru...@collabora.com>
  Alex Deucher <alexander.deuc...@amd.com>
  Alexandre Belloni <alexandre.bell...@bootlin.com>
  Alexandre Ghiti <alexgh...@rivosinc.com>
  Alina Yu <alina...@richtek.com>
  Andi Shyti <andi.sh...@linux.intel.com>
  Andy Shevchenko <andriy.shevche...@linux.intel.com>
  Armin Wolf <w_ar...@gmx.de>
  Arnd Bergmann <a...@arndb.de>
  Barry Song <bao...@kernel.org>
  Boris Brezillon <boris.brezil...@collabora.com>
  Breno Leitao <lei...@debian.org>
  Charles Keepax <ckee...@opensource.cirrus.com>
  Chris Wilson <ch...@chris-wilson.co.uk>
  Christian König <christian.koe...@amd.com>
  Christoph Hellwig <h...@lst.de>
  Coly Li <col...@suse.de>
  Damien Le Moal <dlem...@kernel.org>
  Daniel Vetter <daniel.vet...@ffwll.ch>
  Danilo Krummrich <d...@redhat.com>
  Dave Airlie <airl...@redhat.com>
  Dmitry Baryshkov <dmitry.barysh...@linaro.org>
  Dongsheng Yang <dongsheng.y...@easystack.cn>
  Douglas Anderson <diand...@chromium.org>
  Fedor Pchelkin <pchel...@ispras.ru>
  Felix Kuehling <felix.kuehl...@amd.com>
  Gerald Loacker <gerald.loac...@wolfvision.net>
  Gnattu OC <gnatt...@me.com>
  Guenter Roeck <li...@roeck-us.net>
  Hannes Reinecke <h...@kernel.org>
  Hans de Goede <hdego...@redhat.com>
  Harshit Mogalapalli <harshit.m.mogalapa...@oracle.com>
  Hawking Zhang <hawking.zh...@amd.com>
  Heiner Kallweit <hkallwe...@gmail.com>
  hexue <xue01...@samsung.com>
  Himal Prasad Ghimiray <himal.prasad.ghimi...@intel.com>
  hmtheboy154 <buingo...@gmail.com>
  Imre Deak <imre.d...@intel.com>
  Jacek Lawrynowicz <jacek.lawrynow...@linux.intel.com>
  Jani Nikula <jani.nik...@intel.com>
  Janusz Krzysztofik <janusz.krzyszto...@linux.intel.com>
  Jassi Brar <jassisinghb...@gmail.com>
  Javier Carrasco <javier.carrasco.c...@gmail.com>
  Jeff Johnson <quic_jjohn...@quicinc.com>
  Jens Axboe <ax...@kernel.dk>
  Jesse Zhang <jesse.zh...@amd.com>
  Jessica Zhang <quic_jessz...@quicinc.com>
  Jian Ye <jian...@intel.com>
  Jim Wylder <jwyl...@google.com>
  John Harrison <john.c.harri...@intel.com>
  José Roberto de Souza <jose.so...@intel.com>
  Julia Filipchuk <julia.filipc...@intel.com>
  Kanchan Joshi <josh...@samsung.com>
  Keith Busch <kbu...@kernel.org>
  Kent Overstreet <kent.overstr...@linux.dev>
  Kundan Kumar <kundan.ku...@samsung.com>
  Linus Torvalds <torva...@linux-foundation.org>
  Lukas Bulwahn <lukas.bulw...@redhat.com>
  Luke D. Jones <l...@ljones.dev>
  Maarten Lankhorst <maarten.lankho...@linux.intel.com>
  Mario Limonciello <mario.limoncie...@amd.com>
  Mark Brown <broo...@kernel.org>
  Matthew Auld <matthew.a...@intel.com>
  Matthew Brost <matthew.br...@intel.com>
  Matthew Wilcox (Oracle) <wi...@infradead.org>
  Mike Snitzer <snit...@kernel.org>
  Mingzhe Zou <mingzhe....@easystack.cn>
  Mohamed Ahmed <mohamedahmedegypt2...@gmail.com>
  Nam Cao <nam...@linutronix.de>
  Neil Armstrong <neil.armstr...@linaro.org>
  Nilay Shroff <ni...@linux.ibm.com>
  Niranjana Vishwanathapura <niranjana.vishwanathap...@intel.com>
  Nirmoy Das <nirmoy....@intel.com>
  Nícolas F. R. A. Prado <nfrapr...@collabora.com>
  Pali Rohár <p...@kernel.org>
  Palmer Dabbelt <pal...@rivosinc.com>
  Peter Colberg <peter.colb...@intel.com>
  Peter Ujfalusi <peter.ujfal...@linux.intel.com>
  Pierre-Louis Bossart <pierre-louis.boss...@linux.intel.com>
  Rajneesh Bhardwaj <rajneesh.bhard...@amd.com>
  Robin Murphy <robin.mur...@arm.com>
  Rodrigo Vivi <rodrigo.v...@intel.com>
  Sagi Grimberg <s...@grimberg.me>
  Sergey Matyukevich <sergey.matyukev...@syntacore.com>
  Shinichiro Kawasaki <shinichiro.kawas...@wdc.com>
  Srinivas Pandruvada <srinivas.pandruv...@linux.intel.com>
  Steven Rostedt (Google) <rost...@goodmis.org>
  Takashi Iwai <ti...@suse.de>
  Tanmay Shah <tanmay.s...@amd.com>
  Tejun Heo <t...@kernel.org>
  Tetsuo Handa <penguin-ker...@i-love.sakura.ne.jp>
  Thierry Reding <tred...@nvidia.com>
  Thomas Hellstrom <thomas.hellst...@linux.intel.com>
  Thomas Hellström <thomas.hellst...@linux.intel.com>
  Thomas Zimmermann <tzimmerm...@suse.de>
  Uwe Kleine-König <u.kleine-koe...@pengutronix.de>
  Val Packett <v...@packett.cool>
  Vidya Srinivas <vidya.srini...@intel.com>
  Ville Syrjälä <ville.syrj...@linux.intel.com>
  Wachowski, Karol <karol.wachow...@intel.com>
  Waiman Long <long...@redhat.com>
  Witold Sadowski <wsadow...@marvell.com>

jobs:
 build-amd64-xsm                                              pass    
 build-arm64-xsm                                              pass    
 build-i386-xsm                                               pass    
 build-amd64                                                  pass    
 build-arm64                                                  pass    
 build-armhf                                                  pass    
 build-i386                                                   pass    
 build-amd64-libvirt                                          pass    
 build-arm64-libvirt                                          pass    
 build-armhf-libvirt                                          pass    
 build-i386-libvirt                                           pass    
 build-amd64-pvops                                            pass    
 build-arm64-pvops                                            pass    
 build-armhf-pvops                                            pass    
 build-i386-pvops                                             pass    
 test-amd64-amd64-xl                                          pass    
 test-amd64-coresched-amd64-xl                                pass    
 test-arm64-arm64-xl                                          pass    
 test-armhf-armhf-xl                                          pass    
 test-amd64-amd64-libvirt-qemuu-debianhvm-amd64-xsm           pass    
 test-amd64-amd64-xl-qemut-stubdom-debianhvm-amd64-xsm        pass    
 test-amd64-amd64-xl-qemut-debianhvm-i386-xsm                 pass    
 test-amd64-amd64-xl-qemuu-debianhvm-i386-xsm                 pass    
 test-amd64-amd64-libvirt-xsm                                 pass    
 test-arm64-arm64-libvirt-xsm                                 pass    
 test-amd64-amd64-xl-xsm                                      pass    
 test-arm64-arm64-xl-xsm                                      pass    
 test-amd64-amd64-qemuu-nested-amd                            fail    
 test-amd64-amd64-xl-pvhv2-amd                                pass    
 test-amd64-amd64-dom0pvh-xl-amd                              pass    
 test-amd64-amd64-xl-qemut-debianhvm-amd64                    pass    
 test-amd64-amd64-xl-qemuu-debianhvm-amd64                    pass    
 test-amd64-amd64-qemuu-freebsd11-amd64                       pass    
 test-amd64-amd64-qemuu-freebsd12-amd64                       pass    
 test-amd64-amd64-xl-qemuu-ovmf-amd64                         pass    
 test-amd64-amd64-xl-qemut-win7-amd64                         fail    
 test-amd64-amd64-xl-qemuu-win7-amd64                         fail    
 test-amd64-amd64-xl-qemut-ws16-amd64                         fail    
 test-amd64-amd64-xl-qemuu-ws16-amd64                         fail    
 test-armhf-armhf-xl-arndale                                  pass    
 test-amd64-amd64-examine-bios                                pass    
 test-amd64-amd64-xl-credit1                                  pass    
 test-arm64-arm64-xl-credit1                                  pass    
 test-armhf-armhf-xl-credit1                                  fail    
 test-amd64-amd64-xl-credit2                                  pass    
 test-arm64-arm64-xl-credit2                                  pass    
 test-armhf-armhf-xl-credit2                                  fail    
 test-amd64-amd64-xl-qemuu-dmrestrict-amd64-dmrestrict        pass    
 test-amd64-amd64-examine                                     pass    
 test-arm64-arm64-examine                                     pass    
 test-armhf-armhf-examine                                     pass    
 test-amd64-amd64-qemuu-nested-intel                          pass    
 test-amd64-amd64-xl-pvhv2-intel                              pass    
 test-amd64-amd64-dom0pvh-xl-intel                            pass    
 test-amd64-amd64-libvirt                                     pass    
 test-armhf-armhf-libvirt                                     pass    
 test-amd64-amd64-xl-multivcpu                                pass    
 test-armhf-armhf-xl-multivcpu                                pass    
 test-amd64-amd64-pair                                        pass    
 test-amd64-amd64-libvirt-pair                                pass    
 test-amd64-amd64-xl-pvshim                                   pass    
 test-amd64-amd64-pygrub                                      pass    
 test-amd64-amd64-libvirt-qcow2                               pass    
 test-amd64-amd64-xl-qcow2                                    pass    
 test-armhf-armhf-xl-qcow2                                    pass    
 test-amd64-amd64-libvirt-raw                                 pass    
 test-arm64-arm64-libvirt-raw                                 pass    
 test-amd64-amd64-xl-raw                                      pass    
 test-armhf-armhf-xl-raw                                      pass    
 test-amd64-amd64-xl-rtds                                     pass    
 test-armhf-armhf-xl-rtds                                     pass    
 test-amd64-amd64-xl-qemuu-debianhvm-amd64-shadow             pass    
 test-amd64-amd64-xl-shadow                                   pass    
 test-arm64-arm64-xl-thunderx                                 pass    
 test-amd64-amd64-examine-uefi                                pass    
 test-amd64-amd64-libvirt-vhd                                 pass    
 test-armhf-armhf-libvirt-vhd                                 pass    
 test-amd64-amd64-xl-vhd                                      pass    
 test-arm64-arm64-xl-vhd                                      pass    


------------------------------------------------------------
sg-report-flight on osstest.test-lab.xenproject.org
logs: /home/logs/logs
images: /home/logs/images

Logs, config files, etc. are available at
    http://logs.test-lab.xenproject.org/osstest/logs

Explanation of these reports, and of osstest in general, is at
    http://xenbits.xen.org/gitweb/?p=osstest.git;a=blob;f=README.email;hb=master
    http://xenbits.xen.org/gitweb/?p=osstest.git;a=blob;f=README;hb=master

Test harness code can be found at
    http://xenbits.xen.org/gitweb?p=osstest.git;a=summary

broken-job test-armhf-armhf-xl-rtds broken

Not pushing.

(No revision log; it would be 3467 lines long.)

Reply via email to