flight 186159 linux-linus real [real]
http://logs.test-lab.xenproject.org/osstest/logs/186159/

Failures :-/ but no regressions.

Tests which did not succeed, but are not blocking:
 test-armhf-armhf-xl-rtds      8 xen-boot                     fail  like 186144
 test-armhf-armhf-libvirt     16 saverestore-support-check    fail  like 186148
 test-amd64-amd64-xl-qemut-win7-amd64 19 guest-stop            fail like 186148
 test-amd64-amd64-xl-qemuu-win7-amd64 19 guest-stop            fail like 186148
 test-amd64-amd64-xl-qemuu-ws16-amd64 19 guest-stop            fail like 186148
 test-amd64-amd64-xl-qemut-ws16-amd64 19 guest-stop            fail like 186148
 test-amd64-amd64-qemuu-nested-amd 20 debian-hvm-install/l1/l2 fail like 186148
 test-amd64-amd64-libvirt     15 migrate-support-check        fail   never pass
 test-amd64-amd64-libvirt-xsm 15 migrate-support-check        fail   never pass
 test-amd64-amd64-libvirt-qemuu-debianhvm-amd64-xsm 13 migrate-support-check 
fail never pass
 test-arm64-arm64-xl          15 migrate-support-check        fail   never pass
 test-arm64-arm64-xl          16 saverestore-support-check    fail   never pass
 test-arm64-arm64-libvirt-xsm 15 migrate-support-check        fail   never pass
 test-arm64-arm64-libvirt-xsm 16 saverestore-support-check    fail   never pass
 test-arm64-arm64-xl-xsm      15 migrate-support-check        fail   never pass
 test-arm64-arm64-xl-xsm      16 saverestore-support-check    fail   never pass
 test-arm64-arm64-xl-credit1  15 migrate-support-check        fail   never pass
 test-arm64-arm64-xl-credit1  16 saverestore-support-check    fail   never pass
 test-armhf-armhf-xl          15 migrate-support-check        fail   never pass
 test-armhf-armhf-xl          16 saverestore-support-check    fail   never pass
 test-arm64-arm64-xl-credit2  15 migrate-support-check        fail   never pass
 test-arm64-arm64-xl-credit2  16 saverestore-support-check    fail   never pass
 test-arm64-arm64-xl-thunderx 15 migrate-support-check        fail   never pass
 test-arm64-arm64-xl-thunderx 16 saverestore-support-check    fail   never pass
 test-amd64-amd64-libvirt-qcow2 14 migrate-support-check        fail never pass
 test-amd64-amd64-libvirt-raw 14 migrate-support-check        fail   never pass
 test-armhf-armhf-xl-arndale  15 migrate-support-check        fail   never pass
 test-armhf-armhf-xl-arndale  16 saverestore-support-check    fail   never pass
 test-armhf-armhf-xl-credit2  15 migrate-support-check        fail   never pass
 test-armhf-armhf-xl-credit2  16 saverestore-support-check    fail   never pass
 test-armhf-armhf-libvirt     15 migrate-support-check        fail   never pass
 test-armhf-armhf-xl-credit1  15 migrate-support-check        fail   never pass
 test-armhf-armhf-xl-credit1  16 saverestore-support-check    fail   never pass
 test-amd64-amd64-libvirt-vhd 14 migrate-support-check        fail   never pass
 test-armhf-armhf-xl-qcow2    14 migrate-support-check        fail   never pass
 test-armhf-armhf-xl-qcow2    15 saverestore-support-check    fail   never pass
 test-arm64-arm64-xl-vhd      14 migrate-support-check        fail   never pass
 test-arm64-arm64-xl-vhd      15 saverestore-support-check    fail   never pass
 test-arm64-arm64-libvirt-raw 14 migrate-support-check        fail   never pass
 test-arm64-arm64-libvirt-raw 15 saverestore-support-check    fail   never pass
 test-armhf-armhf-xl-raw      14 migrate-support-check        fail   never pass
 test-armhf-armhf-xl-raw      15 saverestore-support-check    fail   never pass
 test-armhf-armhf-libvirt-vhd 14 migrate-support-check        fail   never pass
 test-armhf-armhf-libvirt-vhd 15 saverestore-support-check    fail   never pass
 test-armhf-armhf-xl-multivcpu 15 migrate-support-check        fail  never pass
 test-armhf-armhf-xl-multivcpu 16 saverestore-support-check    fail  never pass

version targeted for testing:
 linux                1613e604df0cd359cf2a7fbd9be7a0bcfacfabd0
baseline version:
 linux                56fb6f92854f29dcb6c3dc3ba92eeda1b615e88c

Last test of basis   186148  2024-05-25 18:11:58 Z    1 days
Failing since        186152  2024-05-26 05:15:42 Z    1 days    4 attempts
Testing same since   186156  2024-05-27 01:11:41 Z    0 days    2 attempts

------------------------------------------------------------
People who touched revisions under test:
  Al Viro <v...@zeniv.linux.org.uk>
  Alexandre Belloni <alexandre.bell...@bootlin.com>
  Allen Pais <allen.l...@gmail.com>
  Allen Pais <ap...@linux.microsoft.com>
  Andrew Morton <a...@linux-foundation.org>
  Andrey Konovalov <andreyk...@gmail.com>
  Arnaldo Carvalho de Melo <a...@redhat.com>
  Arnd Bergmann <a...@kernel.org>
  Artem Ikonnikov <ar...@datacrunch.io>
  Billy Tsai <billy_t...@aspeedtech.com>
  Borislav Petkov (AMD) <b...@alien8.de>
  Carsten Tolkmit <ctolk...@ennit.de>
  Chengming Zhou <chengming.z...@linux.dev>
  Christian Heusel <christ...@heusel.eu>
  Christophe JAILLET <christophe.jail...@wanadoo.fr>
  Corey Minyard <cminy...@mvista.com>
  Corey Minyard <miny...@acm.org>
  David Hildenbrand <da...@redhat.com>
  David Howells <dhowe...@redhat.com>
  Dev Jain <dev.j...@arm.com>
  dicken.ding <dicken.d...@mediatek.com>
  Dongli Zhang <dongli.zh...@oracle.com>
  Duoming Zhou <duom...@zju.edu.cn>
  Frank Li <frank...@nxp.com>
  Guenter Roeck <li...@roeck-us.net>
  Hailong.Liu <hailong....@oppo.com>
  Herbert Xu <herb...@gondor.apana.org.au>
  Ilya Dryomov <idryo...@gmail.com>
  Javier Carrasco <javier.carrasco.c...@gmail.com>
  Jeff Layton <jlay...@kernel.org>
  Johannes Berg <johannes.b...@intel.com>
  Josh Poimboeuf <jpoim...@kernel.org>
  Kent Overstreet <kent.overstr...@linux.dev>
  Klara Modin <klarasmo...@gmail.com>
  Konstantin Komarov <almaz.alexandrov...@paragon-software.com>
  Krzysztof Kozlowski <k...@kernel.org>
  Krzysztof Kozlowski <krzysztof.kozlow...@linaro.org>
  Kunwu Chan <chen...@kylinos.cn>
  Lenko Donchev <lenko.donc...@gmail.com>
  Linus Torvalds <torva...@linux-foundation.org>
  Masahiro Yamada <masahi...@kernel.org>
  Mia Lin <mimi05...@gmail.com>
  Miaohe Lin <linmia...@huawei.com>
  Michael Ellerman <m...@ellerman.id.au>
  Michal Hocko <mho...@suse.com>
  Mike Rapoport (IBM) <r...@kernel.org>
  Mukesh Kumar Savaliya <quic_msava...@quicinc.com>
  Namjae Jeon <linkinj...@kernel.org>
  Nandor Kracser <bonifa...@gmail.com>
  Nico Pache <npa...@redhat.com>
  Niklas Schnelle <schne...@linux.ibm.com>
  Palmer Dabbelt <pal...@rivosinc.com>
  Randy Dunlap <rdun...@infradead.org>
  Richard Weinberger <rich...@nod.at>
  Roberto Sassu <roberto.sa...@huawei.com>
  Ryusuke Konishi <konishi.ryus...@gmail.com>
  Satya Priya Kakitapalli <quic_skaki...@quicinc.com>
  Steve French <stfre...@microsoft.com>
  Suren Baghdasaryan <sur...@google.com>
  Thomas Gleixner <t...@linutronix.de>
  Tiwei Bie <tiwei....@antgroup.com>
  Tony Luck <tony.l...@intel.com>
  Tzung-Bi Shih <tzun...@kernel.org>
  Uwe Kleine-König <u.kleine-koe...@pengutronix.de>
  Wang Yong <wang.yon...@zte.com.cn>
  Waqar Hameed <waqar.ham...@axis.com>
  Will Deacon <w...@kernel.org>
  Xiubo Li <xiu...@redhat.com>
  Yuanyuan Zhong <yzh...@purestorage.com>
  Yueh-Shun Li <shamrock...@posteo.net>

jobs:
 build-amd64-xsm                                              pass    
 build-arm64-xsm                                              pass    
 build-i386-xsm                                               pass    
 build-amd64                                                  pass    
 build-arm64                                                  pass    
 build-armhf                                                  pass    
 build-i386                                                   pass    
 build-amd64-libvirt                                          pass    
 build-arm64-libvirt                                          pass    
 build-armhf-libvirt                                          pass    
 build-i386-libvirt                                           pass    
 build-amd64-pvops                                            pass    
 build-arm64-pvops                                            pass    
 build-armhf-pvops                                            pass    
 build-i386-pvops                                             pass    
 test-amd64-amd64-xl                                          pass    
 test-amd64-coresched-amd64-xl                                pass    
 test-arm64-arm64-xl                                          pass    
 test-armhf-armhf-xl                                          pass    
 test-amd64-amd64-libvirt-qemuu-debianhvm-amd64-xsm           pass    
 test-amd64-amd64-xl-qemut-stubdom-debianhvm-amd64-xsm        pass    
 test-amd64-amd64-xl-qemut-debianhvm-i386-xsm                 pass    
 test-amd64-amd64-xl-qemuu-debianhvm-i386-xsm                 pass    
 test-amd64-amd64-libvirt-xsm                                 pass    
 test-arm64-arm64-libvirt-xsm                                 pass    
 test-amd64-amd64-xl-xsm                                      pass    
 test-arm64-arm64-xl-xsm                                      pass    
 test-amd64-amd64-qemuu-nested-amd                            fail    
 test-amd64-amd64-xl-pvhv2-amd                                pass    
 test-amd64-amd64-dom0pvh-xl-amd                              pass    
 test-amd64-amd64-xl-qemut-debianhvm-amd64                    pass    
 test-amd64-amd64-xl-qemuu-debianhvm-amd64                    pass    
 test-amd64-amd64-qemuu-freebsd11-amd64                       pass    
 test-amd64-amd64-qemuu-freebsd12-amd64                       pass    
 test-amd64-amd64-xl-qemuu-ovmf-amd64                         pass    
 test-amd64-amd64-xl-qemut-win7-amd64                         fail    
 test-amd64-amd64-xl-qemuu-win7-amd64                         fail    
 test-amd64-amd64-xl-qemut-ws16-amd64                         fail    
 test-amd64-amd64-xl-qemuu-ws16-amd64                         fail    
 test-armhf-armhf-xl-arndale                                  pass    
 test-amd64-amd64-examine-bios                                pass    
 test-amd64-amd64-xl-credit1                                  pass    
 test-arm64-arm64-xl-credit1                                  pass    
 test-armhf-armhf-xl-credit1                                  pass    
 test-amd64-amd64-xl-credit2                                  pass    
 test-arm64-arm64-xl-credit2                                  pass    
 test-armhf-armhf-xl-credit2                                  pass    
 test-amd64-amd64-xl-qemuu-dmrestrict-amd64-dmrestrict        pass    
 test-amd64-amd64-examine                                     pass    
 test-arm64-arm64-examine                                     pass    
 test-armhf-armhf-examine                                     pass    
 test-amd64-amd64-qemuu-nested-intel                          pass    
 test-amd64-amd64-xl-pvhv2-intel                              pass    
 test-amd64-amd64-dom0pvh-xl-intel                            pass    
 test-amd64-amd64-libvirt                                     pass    
 test-armhf-armhf-libvirt                                     pass    
 test-amd64-amd64-xl-multivcpu                                pass    
 test-armhf-armhf-xl-multivcpu                                pass    
 test-amd64-amd64-pair                                        pass    
 test-amd64-amd64-libvirt-pair                                pass    
 test-amd64-amd64-xl-pvshim                                   pass    
 test-amd64-amd64-pygrub                                      pass    
 test-amd64-amd64-libvirt-qcow2                               pass    
 test-amd64-amd64-xl-qcow2                                    pass    
 test-armhf-armhf-xl-qcow2                                    pass    
 test-amd64-amd64-libvirt-raw                                 pass    
 test-arm64-arm64-libvirt-raw                                 pass    
 test-amd64-amd64-xl-raw                                      pass    
 test-armhf-armhf-xl-raw                                      pass    
 test-amd64-amd64-xl-rtds                                     pass    
 test-armhf-armhf-xl-rtds                                     fail    
 test-amd64-amd64-xl-qemuu-debianhvm-amd64-shadow             pass    
 test-amd64-amd64-xl-shadow                                   pass    
 test-arm64-arm64-xl-thunderx                                 pass    
 test-amd64-amd64-examine-uefi                                pass    
 test-amd64-amd64-libvirt-vhd                                 pass    
 test-armhf-armhf-libvirt-vhd                                 pass    
 test-amd64-amd64-xl-vhd                                      pass    
 test-arm64-arm64-xl-vhd                                      pass    


------------------------------------------------------------
sg-report-flight on osstest.test-lab.xenproject.org
logs: /home/logs/logs
images: /home/logs/images

Logs, config files, etc. are available at
    http://logs.test-lab.xenproject.org/osstest/logs

Explanation of these reports, and of osstest in general, is at
    http://xenbits.xen.org/gitweb/?p=osstest.git;a=blob;f=README.email;hb=master
    http://xenbits.xen.org/gitweb/?p=osstest.git;a=blob;f=README;hb=master

Test harness code can be found at
    http://xenbits.xen.org/gitweb?p=osstest.git;a=summary


Pushing revision :

hint: The 'hooks/update' hook was ignored because it's not set as executable.
hint: You can disable this warning with `git config advice.ignoredHook false`.
hint: The 'hooks/post-receive' hook was ignored because it's not set as 
executable.
hint: You can disable this warning with `git config advice.ignoredHook false`.
hint: The 'hooks/post-update' hook was ignored because it's not set as 
executable.
hint: You can disable this warning with `git config advice.ignoredHook false`.
To xenbits.xen.org:/home/xen/git/linux-pvops.git
   56fb6f92854f..1613e604df0c  1613e604df0cd359cf2a7fbd9be7a0bcfacfabd0 -> 
tested/linux-linus

Reply via email to