flight 186109 xen-4.17-testing real [real] http://logs.test-lab.xenproject.org/osstest/logs/186109/
Regressions :-( Tests which did not succeed and are blocking, including tests which could not be run: build-arm64-pvops 6 kernel-build fail REGR. vs. 185864 build-amd64 6 xen-build fail in 186087 REGR. vs. 185864 build-amd64-xsm 6 xen-build fail in 186087 REGR. vs. 185864 build-i386 6 xen-build fail in 186087 REGR. vs. 185864 build-amd64-prev 6 xen-build fail in 186087 REGR. vs. 185864 build-i386-xsm 6 xen-build fail in 186087 REGR. vs. 185864 build-i386-prev 6 xen-build fail in 186087 REGR. vs. 185864 Tests which are failing intermittently (not blocking): test-armhf-armhf-xl-credit1 10 host-ping-check-xen fail pass in 186087 test-armhf-armhf-xl 8 xen-boot fail pass in 186087 Tests which did not succeed, but are not blocking: test-amd64-amd64-qemuu-nested-intel 1 build-check(1) blocked in 186087 n/a test-amd64-amd64-xl-qemut-stubdom-debianhvm-amd64-xsm 1 build-check(1) blocked in 186087 n/a test-xtf-amd64-amd64-5 1 build-check(1) blocked in 186087 n/a test-amd64-amd64-xl-credit2 1 build-check(1) blocked in 186087 n/a test-amd64-amd64-migrupgrade 1 build-check(1) blocked in 186087 n/a test-amd64-amd64-xl-qemut-ws16-amd64 1 build-check(1) blocked in 186087 n/a build-amd64-libvirt 1 build-check(1) blocked in 186087 n/a test-amd64-amd64-xl-qemuu-debianhvm-amd64-shadow 1 build-check(1) blocked in 186087 n/a test-amd64-coresched-amd64-xl 1 build-check(1) blocked in 186087 n/a test-amd64-amd64-libvirt 1 build-check(1) blocked in 186087 n/a test-amd64-amd64-xl-qemuu-win7-amd64 1 build-check(1) blocked in 186087 n/a test-amd64-amd64-dom0pvh-xl-amd 1 build-check(1) blocked in 186087 n/a build-i386-libvirt 1 build-check(1) blocked in 186087 n/a test-xtf-amd64-amd64-1 1 build-check(1) blocked in 186087 n/a test-amd64-amd64-libvirt-raw 1 build-check(1) blocked in 186087 n/a test-amd64-amd64-libvirt-vhd 1 build-check(1) blocked in 186087 n/a test-amd64-amd64-xl-pvshim 1 build-check(1) blocked in 186087 n/a test-amd64-amd64-xl-qemut-debianhvm-amd64 1 build-check(1) blocked in 186087 n/a test-amd64-amd64-qemuu-freebsd12-amd64 1 build-check(1) blocked in 186087 n/a test-amd64-amd64-qemuu-nested-amd 1 build-check(1) blocked in 186087 n/a test-amd64-amd64-dom0pvh-xl-intel 1 build-check(1) blocked in 186087 n/a test-amd64-amd64-xl-raw 1 build-check(1) blocked in 186087 n/a test-amd64-amd64-xl-qemut-debianhvm-i386-xsm 1 build-check(1) blocked in 186087 n/a test-amd64-amd64-libvirt-xsm 1 build-check(1) blocked in 186087 n/a test-amd64-amd64-xl-qemuu-debianhvm-i386-xsm 1 build-check(1) blocked in 186087 n/a test-amd64-amd64-xl-pvhv2-amd 1 build-check(1) blocked in 186087 n/a test-amd64-amd64-qemuu-freebsd11-amd64 1 build-check(1) blocked in 186087 n/a test-amd64-amd64-xl-multivcpu 1 build-check(1) blocked in 186087 n/a test-xtf-amd64-amd64-4 1 build-check(1) blocked in 186087 n/a test-xtf-amd64-amd64-3 1 build-check(1) blocked in 186087 n/a test-amd64-amd64-xl-qemuu-ovmf-amd64 1 build-check(1) blocked in 186087 n/a test-amd64-amd64-xl-qemuu-ws16-amd64 1 build-check(1) blocked in 186087 n/a test-amd64-amd64-xl-xsm 1 build-check(1) blocked in 186087 n/a test-amd64-amd64-xl-qemuu-debianhvm-amd64 1 build-check(1) blocked in 186087 n/a test-amd64-amd64-xl-shadow 1 build-check(1) blocked in 186087 n/a test-amd64-amd64-xl-credit1 1 build-check(1) blocked in 186087 n/a test-amd64-amd64-xl 1 build-check(1) blocked in 186087 n/a test-amd64-amd64-pygrub 1 build-check(1) blocked in 186087 n/a test-amd64-amd64-libvirt-qcow2 1 build-check(1) blocked in 186087 n/a test-amd64-amd64-xl-qcow2 1 build-check(1) blocked in 186087 n/a test-amd64-amd64-xl-rtds 1 build-check(1) blocked in 186087 n/a test-amd64-amd64-xl-qemuu-dmrestrict-amd64-dmrestrict 1 build-check(1) blocked in 186087 n/a test-amd64-amd64-pair 1 build-check(1) blocked in 186087 n/a test-amd64-amd64-libvirt-pair 1 build-check(1) blocked in 186087 n/a test-xtf-amd64-amd64-2 1 build-check(1) blocked in 186087 n/a test-amd64-amd64-xl-qemut-win7-amd64 1 build-check(1) blocked in 186087 n/a test-amd64-amd64-livepatch 1 build-check(1) blocked in 186087 n/a test-amd64-amd64-libvirt-qemuu-debianhvm-amd64-xsm 1 build-check(1) blocked in 186087 n/a test-amd64-amd64-xl-pvhv2-intel 1 build-check(1) blocked in 186087 n/a test-amd64-amd64-xl-vhd 1 build-check(1) blocked in 186087 n/a test-arm64-arm64-libvirt-raw 1 build-check(1) blocked n/a test-arm64-arm64-libvirt-xsm 1 build-check(1) blocked n/a test-arm64-arm64-xl 1 build-check(1) blocked n/a test-arm64-arm64-xl-credit1 1 build-check(1) blocked n/a test-arm64-arm64-xl-credit2 1 build-check(1) blocked n/a test-arm64-arm64-xl-thunderx 1 build-check(1) blocked n/a test-arm64-arm64-xl-vhd 1 build-check(1) blocked n/a test-arm64-arm64-xl-xsm 1 build-check(1) blocked n/a test-arm64-arm64-xl-xsm 15 migrate-support-check fail in 186087 never pass test-arm64-arm64-xl-xsm 16 saverestore-support-check fail in 186087 never pass test-arm64-arm64-xl-credit1 15 migrate-support-check fail in 186087 never pass test-arm64-arm64-xl-credit1 16 saverestore-support-check fail in 186087 never pass test-arm64-arm64-libvirt-xsm 15 migrate-support-check fail in 186087 never pass test-arm64-arm64-xl-thunderx 15 migrate-support-check fail in 186087 never pass test-arm64-arm64-libvirt-xsm 16 saverestore-support-check fail in 186087 never pass test-arm64-arm64-xl-thunderx 16 saverestore-support-check fail in 186087 never pass test-arm64-arm64-xl 15 migrate-support-check fail in 186087 never pass test-arm64-arm64-xl 16 saverestore-support-check fail in 186087 never pass test-arm64-arm64-xl-credit2 15 migrate-support-check fail in 186087 never pass test-arm64-arm64-xl-credit2 16 saverestore-support-check fail in 186087 never pass test-armhf-armhf-xl 15 migrate-support-check fail in 186087 never pass test-armhf-armhf-xl 16 saverestore-support-check fail in 186087 never pass test-armhf-armhf-xl-credit1 15 migrate-support-check fail in 186087 never pass test-armhf-armhf-xl-credit1 16 saverestore-support-check fail in 186087 never pass test-arm64-arm64-libvirt-raw 14 migrate-support-check fail in 186087 never pass test-arm64-arm64-libvirt-raw 15 saverestore-support-check fail in 186087 never pass test-arm64-arm64-xl-vhd 14 migrate-support-check fail in 186087 never pass test-arm64-arm64-xl-vhd 15 saverestore-support-check fail in 186087 never pass test-armhf-armhf-libvirt 16 saverestore-support-check fail like 185864 test-amd64-amd64-xl-qemuu-win7-amd64 19 guest-stop fail like 185864 test-amd64-amd64-xl-qemut-win7-amd64 19 guest-stop fail like 185864 test-amd64-amd64-xl-qemut-ws16-amd64 19 guest-stop fail like 185864 test-amd64-amd64-xl-qemuu-ws16-amd64 19 guest-stop fail like 185864 test-amd64-amd64-qemuu-nested-amd 20 debian-hvm-install/l1/l2 fail like 185864 test-amd64-amd64-libvirt 15 migrate-support-check fail never pass test-amd64-amd64-libvirt-xsm 15 migrate-support-check fail never pass test-amd64-amd64-libvirt-raw 14 migrate-support-check fail never pass test-amd64-amd64-libvirt-qemuu-debianhvm-amd64-xsm 13 migrate-support-check fail never pass test-amd64-amd64-libvirt-qcow2 14 migrate-support-check fail never pass test-armhf-armhf-xl-multivcpu 15 migrate-support-check fail never pass test-armhf-armhf-xl-multivcpu 16 saverestore-support-check fail never pass test-amd64-amd64-libvirt-vhd 14 migrate-support-check fail never pass test-armhf-armhf-xl-credit2 15 migrate-support-check fail never pass test-armhf-armhf-xl-credit2 16 saverestore-support-check fail never pass test-armhf-armhf-libvirt 15 migrate-support-check fail never pass test-armhf-armhf-xl-rtds 15 migrate-support-check fail never pass test-armhf-armhf-xl-rtds 16 saverestore-support-check fail never pass test-armhf-armhf-xl-arndale 15 migrate-support-check fail never pass test-armhf-armhf-xl-arndale 16 saverestore-support-check fail never pass test-armhf-armhf-xl-qcow2 14 migrate-support-check fail never pass test-armhf-armhf-xl-qcow2 15 saverestore-support-check fail never pass test-armhf-armhf-libvirt-vhd 14 migrate-support-check fail never pass test-armhf-armhf-libvirt-vhd 15 saverestore-support-check fail never pass test-armhf-armhf-xl-raw 14 migrate-support-check fail never pass test-armhf-armhf-xl-raw 15 saverestore-support-check fail never pass version targeted for testing: xen 3c7c9225ffa5605bf0603f9dd1666f3f786e2c44 baseline version: xen effcf70f020ff12d34c80e2abde0ecb00ce92bda Last test of basis 185864 2024-04-29 08:08:55 Z 24 days Failing since 186063 2024-05-21 10:06:36 Z 2 days 4 attempts Testing same since 186069 2024-05-22 01:58:18 Z 1 days 3 attempts ------------------------------------------------------------ People who touched revisions under test: Andrew Cooper <andrew.coop...@citrix.com> Daniel P. Smith <dpsm...@apertussolutions.com> Demi Marie Obenour <d...@invisiblethingslab.com> Jan Beulich <jbeul...@suse.com> Jason Andryuk <jandr...@gmail.com> Jason Andryuk <jason.andr...@amd.com> Juergen Gross <jgr...@suse.com> Leigh Brown <le...@solinno.co.uk> Roger Pau Monné <roger....@citrix.com> Ross Lagerwall <ross.lagerw...@citrix.com> jobs: build-amd64-xsm pass build-arm64-xsm pass build-i386-xsm pass build-amd64-xtf pass build-amd64 pass build-arm64 pass build-armhf pass build-i386 pass build-amd64-libvirt pass build-arm64-libvirt pass build-armhf-libvirt pass build-i386-libvirt pass build-amd64-prev pass build-i386-prev pass build-amd64-pvops pass build-arm64-pvops fail build-armhf-pvops pass build-i386-pvops pass test-xtf-amd64-amd64-1 pass test-xtf-amd64-amd64-2 pass test-xtf-amd64-amd64-3 pass test-xtf-amd64-amd64-4 pass test-xtf-amd64-amd64-5 pass test-amd64-amd64-xl pass test-amd64-coresched-amd64-xl pass test-arm64-arm64-xl blocked test-armhf-armhf-xl fail test-amd64-amd64-libvirt-qemuu-debianhvm-amd64-xsm pass test-amd64-amd64-xl-qemut-stubdom-debianhvm-amd64-xsm pass test-amd64-amd64-xl-qemut-debianhvm-i386-xsm pass test-amd64-amd64-xl-qemuu-debianhvm-i386-xsm pass test-amd64-amd64-libvirt-xsm pass test-arm64-arm64-libvirt-xsm blocked test-amd64-amd64-xl-xsm pass test-arm64-arm64-xl-xsm blocked test-amd64-amd64-qemuu-nested-amd fail test-amd64-amd64-xl-pvhv2-amd pass test-amd64-amd64-dom0pvh-xl-amd pass test-amd64-amd64-xl-qemut-debianhvm-amd64 pass test-amd64-amd64-xl-qemuu-debianhvm-amd64 pass test-amd64-amd64-qemuu-freebsd11-amd64 pass test-amd64-amd64-qemuu-freebsd12-amd64 pass test-amd64-amd64-xl-qemuu-ovmf-amd64 pass test-amd64-amd64-xl-qemut-win7-amd64 fail test-amd64-amd64-xl-qemuu-win7-amd64 fail test-amd64-amd64-xl-qemut-ws16-amd64 fail test-amd64-amd64-xl-qemuu-ws16-amd64 fail test-armhf-armhf-xl-arndale pass test-amd64-amd64-xl-credit1 pass test-arm64-arm64-xl-credit1 blocked test-armhf-armhf-xl-credit1 fail test-amd64-amd64-xl-credit2 pass test-arm64-arm64-xl-credit2 blocked test-armhf-armhf-xl-credit2 pass test-amd64-amd64-xl-qemuu-dmrestrict-amd64-dmrestrict pass test-amd64-amd64-qemuu-nested-intel pass test-amd64-amd64-xl-pvhv2-intel pass test-amd64-amd64-dom0pvh-xl-intel pass test-amd64-amd64-libvirt pass test-armhf-armhf-libvirt pass test-amd64-amd64-livepatch pass test-amd64-amd64-migrupgrade pass test-amd64-amd64-xl-multivcpu pass test-armhf-armhf-xl-multivcpu pass test-amd64-amd64-pair pass test-amd64-amd64-libvirt-pair pass test-amd64-amd64-xl-pvshim pass test-amd64-amd64-pygrub pass test-amd64-amd64-libvirt-qcow2 pass test-amd64-amd64-xl-qcow2 pass test-armhf-armhf-xl-qcow2 pass test-amd64-amd64-libvirt-raw pass test-arm64-arm64-libvirt-raw blocked test-amd64-amd64-xl-raw pass test-armhf-armhf-xl-raw pass test-amd64-amd64-xl-rtds pass test-armhf-armhf-xl-rtds pass test-amd64-amd64-xl-qemuu-debianhvm-amd64-shadow pass test-amd64-amd64-xl-shadow pass test-arm64-arm64-xl-thunderx blocked test-amd64-amd64-libvirt-vhd pass test-armhf-armhf-libvirt-vhd pass test-amd64-amd64-xl-vhd pass test-arm64-arm64-xl-vhd blocked ------------------------------------------------------------ sg-report-flight on osstest.test-lab.xenproject.org logs: /home/logs/logs images: /home/logs/images Logs, config files, etc. are available at http://logs.test-lab.xenproject.org/osstest/logs Explanation of these reports, and of osstest in general, is at http://xenbits.xen.org/gitweb/?p=osstest.git;a=blob;f=README.email;hb=master http://xenbits.xen.org/gitweb/?p=osstest.git;a=blob;f=README;hb=master Test harness code can be found at http://xenbits.xen.org/gitweb?p=osstest.git;a=summary Not pushing. (No revision log; it would be 438 lines long.)